{"id":3558,"date":"2016-03-23T19:12:42","date_gmt":"2016-03-23T18:12:42","guid":{"rendered":"https:\/\/viv.tirol\/skiv\/?page_id=3558"},"modified":"2016-03-23T20:13:16","modified_gmt":"2016-03-23T19:13:16","slug":"unternehmungen-2007","status":"publish","type":"page","link":"https:\/\/viv.tirol\/skiv\/jungschuetzen\/unternehmungen\/unternehmungen-2007\/","title":{"rendered":"Unternehmungen 2007"},"content":{"rendered":"<p>[av_three_fifth first min_height=&#8220; vertical_alignment=&#8220; space=&#8220; custom_margin=&#8220; margin=&#8217;0px&#8216; padding=&#8217;0px&#8216; border=&#8220; border_color=&#8220; radius=&#8217;0px&#8216; background_color=&#8220; src=&#8220; background_position=&#8217;top left&#8216; background_repeat=&#8217;no-repeat&#8216; animation=&#8220;]<br \/>\n[av_gallery ids=&#8217;3598,3599,3600,3601,3602&#8242; style=&#8217;big_thumb&#8216; preview_size=&#8217;portfolio&#8216; crop_big_preview_thumbnail=&#8217;avia-gallery-big-crop-thumb&#8216; thumb_size=&#8217;portfolio_small&#8216; columns=&#8217;3&#8242; imagelink=&#8217;lightbox&#8216; lazyload=&#8217;avia_lazyload&#8216;]<br \/>\n[\/av_three_fifth]<\/p>\n<p>[av_two_fifth min_height=&#8220; vertical_alignment=&#8220; space=&#8220; custom_margin=&#8220; margin=&#8217;0px&#8216; padding=&#8217;0px&#8216; border=&#8220; border_color=&#8220; radius=&#8217;0px&#8216; background_color=&#8220; src=&#8220; background_position=&#8217;top left&#8216; background_repeat=&#8217;no-repeat&#8216; animation=&#8220;]<br \/>\n[av_textblock size=&#8220; font_color=&#8220; color=&#8220;]<\/p>\n<h3>Bataillon Innsbruck- Jungsch\u00fctzenausflug &#8211; Skylinepark Bad Wo\u0308rishofen<\/h3>\n<p><strong>30. September 2007<\/strong><br \/>\n[\/av_textblock]<br \/>\n[\/av_two_fifth]<\/p>\n<p>[av_one_full first min_height=&#8220; vertical_alignment=&#8217;av-align-top&#8216; space=&#8220; custom_margin=&#8217;aviaTBcustom_margin&#8216; margin=&#8217;15px&#8216; margin_sync=&#8217;true&#8216; padding=&#8217;0px&#8216; padding_sync=&#8217;true&#8216; border=&#8220; border_color=&#8220; radius=&#8217;0px&#8216; radius_sync=&#8217;true&#8216; background_color=&#8220; src=&#8220; attachment=&#8220; attachment_size=&#8220; background_position=&#8217;top left&#8216; background_repeat=&#8217;no-repeat&#8216; animation=&#8220;]<br \/>\n[av_toggle_container initial=&#8217;0&#8242; mode=&#8217;accordion&#8216; sort=&#8220;]<br \/>\n[av_toggle title=&#8217;Details&#8216; tags=&#8220;]<br \/>\nAm 30. September 2007 sind 154 Jungsch\u00fctzen, inkl. Begleitpersonen, des Sch\u00fctzenbataillons Innsbruck in den Skylinepark nach Bad W\u00f6rishofen\/Bayern gefahren. P\u00fcnktlich um 07:00 Uhr in der Fr\u00fch ging es mit drei Bussen von Innsbruck \u00fcber Mittenwald \u2013Garmisch \u2013 Schongau nach Bad W\u00f6rishofen und in den dortigen Skylinepark. Dort erlebten unsere Jungsch\u00fctzen, wie auch die Betreuerinnen und Betreuer, einen actionsgeladenen Tag auf allen Ebenen.<\/p>\n<p>Nur einige der zahlreichen M\u00f6glichkeiten sich so richtig auszutoben aber auch gem\u00fctlich dahinzuschlendern und sich als Zuschauer zu \u201ebet\u00e4tigen\u201c seien hier angef\u00fchrt wie z. B.: eine kleine Bahn, Streichelzoo, Formel 1, Tretkreisel, Flieger-Karussells, Lauffass, Schlangenr\u00f6hre, Dampfkarussell, Funny Cars, Pump-Kreisel, Kindereisenbahn, Indianerkanus, Wasserrutschen Spa\u00dfbad, Kettenkarussell, Ball Pool, Wasserballon Schie\u00dfen, die Krake, Riesenrutsche, Lago Fontana, Nautic Jets, Achterbahn, Affenwippe, Luftkissen, Wasser Scooter, Baustellenfahrt, Sky Rider, Skyline Express, Spielhalle, Cinematrix 4D, Kletterkugel, Tarzan-Seile, Riesenrad, Sky Karts, Sky Shot, Pferde Karussell, Tretbootfahrt, Trampolin, Wasserspielplatz, Westernshooting, Bob Racing, Sky Fall, Sky Wheel, Kindertretboote, Sky Circle, Wildwasserbahn und einiges mehr, also Adrenalin pur. Nervenkitzel macht hungrig, so ist auch eine Gastronomie mit vier Lokalen vor Ort.<\/p>\n<p>Von unseren begeisterten Jungsch\u00fctzen wurde tats\u00e4chlich alles ausgetestet, jeder wollten herausfinden welche Attraktion am besten zu ihm passt.<\/p>\n<p>Aber auch die erwachsene Begleitung kam keineswegs zu kurz, lie\u00df sich animieren, durch die beigeisterte Jugend mitrei\u00dfen und fand zwischendurch St\u00e4rkung und Erholung bei Speis und Trank.<\/p>\n<p>Zur gro\u00dfen Freude und \u00dcberraschung wurden wir auf der R\u00fcckreise alle zusammen noch auf Einladung von Herrn Polak im Mc Donald\u00b4s V\u00f6ls, mit Speisen und Getr\u00e4nken versorgt, wof\u00fcr ich mich ganz besonders bedanken m\u00f6chte.<\/p>\n<p>Gegen 20:00 Uhr sind wir einigerma\u00dfen m\u00fcde aber zufrieden wieder heil in Innsbruck angekommen und so darf ich hoffen, dass dieser Ausflug f\u00fcr Jung und Alt ein sch\u00f6nes Erlebnis war und in guter Erinnerung bleibt.<\/p>\n<p>Bataillonskommandant: Mjr. Erich Enzinger<br \/>\n[\/av_toggle]<br \/>\n[\/av_toggle_container]<br \/>\n[\/av_one_full]<\/p>\n<p>[av_hr class=&#8217;custom&#8216; height=&#8217;50&#8216; shadow=&#8217;no-shadow&#8216; position=&#8217;center&#8216; custom_border=&#8217;av-border-thin&#8216; custom_width=&#8217;1005&#8242; custom_border_color=&#8220; custom_margin_top=&#8217;10px&#8216; custom_margin_bottom=&#8217;10px&#8216; icon_select=&#8217;no&#8216; custom_icon_color=&#8220; icon=&#8217;ue808&#8242; font=&#8217;entypo-fontello&#8216;]<\/p>\n<p>[av_three_fifth first min_height=&#8220; vertical_alignment=&#8220; space=&#8220; custom_margin=&#8220; margin=&#8217;0px&#8216; padding=&#8217;0px&#8216; border=&#8220; border_color=&#8220; radius=&#8217;0px&#8216; background_color=&#8220; src=&#8220; background_position=&#8217;top left&#8216; background_repeat=&#8217;no-repeat&#8216; animation=&#8220;]<\/p>\n<p>[av_gallery ids=&#8217;3607,3608,3609,3610,3611,3612&#8242; style=&#8217;big_thumb&#8216; preview_size=&#8217;portfolio&#8216; crop_big_preview_thumbnail=&#8217;avia-gallery-big-crop-thumb&#8216; thumb_size=&#8217;portfolio_small&#8216; columns=&#8217;3&#8242; imagelink=&#8217;lightbox&#8216; lazyload=&#8217;avia_lazyload&#8216;]<\/p>\n<p>[\/av_three_fifth][av_two_fifth min_height=&#8220; vertical_alignment=&#8220; space=&#8220; custom_margin=&#8220; margin=&#8217;0px&#8216; padding=&#8217;0px&#8216; border=&#8220; border_color=&#8220; radius=&#8217;0px&#8216; background_color=&#8220; src=&#8220; background_position=&#8217;top left&#8216; background_repeat=&#8217;no-repeat&#8216; animation=&#8220;]<\/p>\n<p>[av_textblock size=&#8220; font_color=&#8220; color=&#8220;]<\/p>\n<h3>Bataillons &#8211; Waldweihnachtswanderung zum H\u00f6ttingerbild 2007<\/h3>\n<p><strong>22. Dezember 2007<\/strong><\/p>\n<p>Jungsch\u00fctzen und Jungmarketenderinnen des Bataillons Innsbruck sowie zahlreiche Eltern haben sich am 22.12. um 15:00 Uhr am Plan\u00f6tzenhof getroffen wo jedes Kind eine Fackel bekommen hat.<\/p>\n<p>Anschlie\u00dfend wanderten wir hinauf zum H\u00f6ttingerbild wo Herr Pfarrer Helmut Gatterer vor dem Altar im Freien einige weihnachtliche Worte an uns gerichtet hat. Danach wurden die Fackeln entz\u00fcndet und wir wanderten wieder den Berg hinunter.<\/p>\n<p>Wir lie\u00dfen den Tag gem\u00fctlich im Sch\u00fctzenheim St. Nikolaus mit einer Jause ausklingen.<br \/>\n[\/av_textblock]<\/p>\n<p>[\/av_two_fifth]<\/p>\n","protected":false},"excerpt":{"rendered":"<p>[av_three_fifth first min_height=&#8220; vertical_alignment=&#8220; space=&#8220; custom_margin=&#8220; margin=&#8217;0px&#8216; padding=&#8217;0px&#8216; border=&#8220; border_color=&#8220; radius=&#8217;0px&#8216; background_color=&#8220; src=&#8220; background_position=&#8217;top left&#8216; background_repeat=&#8217;no-repeat&#8216; animation=&#8220;] [av_gallery ids=&#8217;3598,3599,3600,3601,3602&#8242; style=&#8217;big_thumb&#8216; preview_size=&#8217;portfolio&#8216; crop_big_preview_thumbnail=&#8217;avia-gallery-big-crop-thumb&#8216; thumb_size=&#8217;portfolio_small&#8216; columns=&#8217;3&#8242; imagelink=&#8217;lightbox&#8216; lazyload=&#8217;avia_lazyload&#8216;] [\/av_three_fifth] [av_two_fifth min_height=&#8220; vertical_alignment=&#8220; space=&#8220; custom_margin=&#8220; margin=&#8217;0px&#8216; padding=&#8217;0px&#8216; border=&#8220; border_color=&#8220; radius=&#8217;0px&#8216; background_color=&#8220; src=&#8220; background_position=&#8217;top left&#8216; background_repeat=&#8217;no-repeat&#8216; animation=&#8220;] [av_textblock size=&#8220; font_color=&#8220; color=&#8220;] Bataillon Innsbruck- Jungsch\u00fctzenausflug &#8211; Skylinepark Bad Wo\u0308rishofen 30.&hellip;&nbsp;<a href=\"https:\/\/viv.tirol\/skiv\/jungschuetzen\/unternehmungen\/unternehmungen-2007\/\" rel=\"bookmark\">Mehr lesen &raquo;<span class=\"screen-reader-text\">Unternehmungen 2007<\/span><\/a><\/p>\n","protected":false},"author":29,"featured_media":0,"parent":3350,"menu_order":0,"comment_status":"closed","ping_status":"closed","template":"","meta":{"_acf_changed":false,"neve_meta_sidebar":"","neve_meta_container":"","neve_meta_enable_content_width":"","neve_meta_content_width":0,"neve_meta_title_alignment":"","neve_meta_author_avatar":"","neve_post_elements_order":"","neve_meta_disable_header":"","neve_meta_disable_footer":"","neve_meta_disable_title":"","neve_meta_reading_time":"","_themeisle_gutenberg_block_has_review":false,"footnotes":""},"class_list":["post-3558","page","type-page","status-publish","hentry"],"acf":[],"_links":{"self":[{"href":"https:\/\/viv.tirol\/skiv\/wp-json\/wp\/v2\/pages\/3558","targetHints":{"allow":["GET"]}}],"collection":[{"href":"https:\/\/viv.tirol\/skiv\/wp-json\/wp\/v2\/pages"}],"about":[{"href":"https:\/\/viv.tirol\/skiv\/wp-json\/wp\/v2\/types\/page"}],"author":[{"embeddable":true,"href":"https:\/\/viv.tirol\/skiv\/wp-json\/wp\/v2\/users\/29"}],"replies":[{"embeddable":true,"href":"https:\/\/viv.tirol\/skiv\/wp-json\/wp\/v2\/comments?post=3558"}],"version-history":[{"count":0,"href":"https:\/\/viv.tirol\/skiv\/wp-json\/wp\/v2\/pages\/3558\/revisions"}],"up":[{"embeddable":true,"href":"https:\/\/viv.tirol\/skiv\/wp-json\/wp\/v2\/pages\/3350"}],"wp:attachment":[{"href":"https:\/\/viv.tirol\/skiv\/wp-json\/wp\/v2\/media?parent=3558"}],"curies":[{"name":"wp","href":"https:\/\/api.w.org\/{rel}","templated":true}]}}

<p>[av_three_fifth first min_height=&#8220; vertical_alignment=&#8220; space=&#8220; custom_margin=&#8220; margin=&#8217;0px&#8216; padding=&#8217;0px&#8216; border=&#8220; border_color=&#8220; radius=&#8217;0px&#8216; background_color=&#8220; src=&#8220; background_position=&#8217;top left&#8216; background_repeat=&#8217;no-repeat&#8216; animation=&#8220;]<br />
[av_gallery ids=&#8217;3598,3599,3600,3601,3602&#8242; style=&#8217;big_thumb&#8216; preview_size=&#8217;portfolio&#8216; crop_big_preview_thumbnail=&#8217;avia-gallery-big-crop-thumb&#8216; thumb_size=&#8217;portfolio_small&#8216; columns=&#8217;3&#8242; imagelink=&#8217;lightbox&#8216; lazyload=&#8217;avia_lazyload&#8216;]<br />
[/av_three_fifth]</p>
<p>[av_two_fifth min_height=&#8220; vertical_alignment=&#8220; space=&#8220; custom_margin=&#8220; margin=&#8217;0px&#8216; padding=&#8217;0px&#8216; border=&#8220; border_color=&#8220; radius=&#8217;0px&#8216; background_color=&#8220; src=&#8220; background_position=&#8217;top left&#8216; background_repeat=&#8217;no-repeat&#8216; animation=&#8220;]<br />
[av_textblock size=&#8220; font_color=&#8220; color=&#8220;]</p>
<h3>Bataillon Innsbruck- Jungschützenausflug &#8211; Skylinepark Bad Wörishofen</h3>
<p><strong>30. September 2007</strong><br />
[/av_textblock]<br />
[/av_two_fifth]</p>
<p>[av_one_full first min_height=&#8220; vertical_alignment=&#8217;av-align-top&#8216; space=&#8220; custom_margin=&#8217;aviaTBcustom_margin&#8216; margin=&#8217;15px&#8216; margin_sync=&#8217;true&#8216; padding=&#8217;0px&#8216; padding_sync=&#8217;true&#8216; border=&#8220; border_color=&#8220; radius=&#8217;0px&#8216; radius_sync=&#8217;true&#8216; background_color=&#8220; src=&#8220; attachment=&#8220; attachment_size=&#8220; background_position=&#8217;top left&#8216; background_repeat=&#8217;no-repeat&#8216; animation=&#8220;]<br />
[av_toggle_container initial=&#8217;0&#8242; mode=&#8217;accordion&#8216; sort=&#8220;]<br />
[av_toggle title=&#8217;Details&#8216; tags=&#8220;]<br />
Am 30. September 2007 sind 154 Jungschützen, inkl. Begleitpersonen, des Schützenbataillons Innsbruck in den Skylinepark nach Bad Wörishofen/Bayern gefahren. Pünktlich um 07:00 Uhr in der Früh ging es mit drei Bussen von Innsbruck über Mittenwald –Garmisch – Schongau nach Bad Wörishofen und in den dortigen Skylinepark. Dort erlebten unsere Jungschützen, wie auch die Betreuerinnen und Betreuer, einen actionsgeladenen Tag auf allen Ebenen.</p>
<p>Nur einige der zahlreichen Möglichkeiten sich so richtig auszutoben aber auch gemütlich dahinzuschlendern und sich als Zuschauer zu „betätigen“ seien hier angeführt wie z. B.: eine kleine Bahn, Streichelzoo, Formel 1, Tretkreisel, Flieger-Karussells, Lauffass, Schlangenröhre, Dampfkarussell, Funny Cars, Pump-Kreisel, Kindereisenbahn, Indianerkanus, Wasserrutschen Spaßbad, Kettenkarussell, Ball Pool, Wasserballon Schießen, die Krake, Riesenrutsche, Lago Fontana, Nautic Jets, Achterbahn, Affenwippe, Luftkissen, Wasser Scooter, Baustellenfahrt, Sky Rider, Skyline Express, Spielhalle, Cinematrix 4D, Kletterkugel, Tarzan-Seile, Riesenrad, Sky Karts, Sky Shot, Pferde Karussell, Tretbootfahrt, Trampolin, Wasserspielplatz, Westernshooting, Bob Racing, Sky Fall, Sky Wheel, Kindertretboote, Sky Circle, Wildwasserbahn und einiges mehr, also Adrenalin pur. Nervenkitzel macht hungrig, so ist auch eine Gastronomie mit vier Lokalen vor Ort.</p>
<p>Von unseren begeisterten Jungschützen wurde tatsächlich alles ausgetestet, jeder wollten herausfinden welche Attraktion am besten zu ihm passt.</p>
<p>Aber auch die erwachsene Begleitung kam keineswegs zu kurz, ließ sich animieren, durch die beigeisterte Jugend mitreißen und fand zwischendurch Stärkung und Erholung bei Speis und Trank.</p>
<p>Zur großen Freude und Überraschung wurden wir auf der Rückreise alle zusammen noch auf Einladung von Herrn Polak im Mc Donald´s Völs, mit Speisen und Getränken versorgt, wofür ich mich ganz besonders bedanken möchte.</p>
<p>Gegen 20:00 Uhr sind wir einigermaßen müde aber zufrieden wieder heil in Innsbruck angekommen und so darf ich hoffen, dass dieser Ausflug für Jung und Alt ein schönes Erlebnis war und in guter Erinnerung bleibt.</p>
<p>Bataillonskommandant: Mjr. Erich Enzinger<br />
[/av_toggle]<br />
[/av_toggle_container]<br />
[/av_one_full]</p>
<p>[av_hr class=&#8217;custom&#8216; height=&#8217;50&#8216; shadow=&#8217;no-shadow&#8216; position=&#8217;center&#8216; custom_border=&#8217;av-border-thin&#8216; custom_width=&#8217;1005&#8242; custom_border_color=&#8220; custom_margin_top=&#8217;10px&#8216; custom_margin_bottom=&#8217;10px&#8216; icon_select=&#8217;no&#8216; custom_icon_color=&#8220; icon=&#8217;ue808&#8242; font=&#8217;entypo-fontello&#8216;]</p>
<p>[av_three_fifth first min_height=&#8220; vertical_alignment=&#8220; space=&#8220; custom_margin=&#8220; margin=&#8217;0px&#8216; padding=&#8217;0px&#8216; border=&#8220; border_color=&#8220; radius=&#8217;0px&#8216; background_color=&#8220; src=&#8220; background_position=&#8217;top left&#8216; background_repeat=&#8217;no-repeat&#8216; animation=&#8220;]</p>
<p>[av_gallery ids=&#8217;3607,3608,3609,3610,3611,3612&#8242; style=&#8217;big_thumb&#8216; preview_size=&#8217;portfolio&#8216; crop_big_preview_thumbnail=&#8217;avia-gallery-big-crop-thumb&#8216; thumb_size=&#8217;portfolio_small&#8216; columns=&#8217;3&#8242; imagelink=&#8217;lightbox&#8216; lazyload=&#8217;avia_lazyload&#8216;]</p>
<p>[/av_three_fifth][av_two_fifth min_height=&#8220; vertical_alignment=&#8220; space=&#8220; custom_margin=&#8220; margin=&#8217;0px&#8216; padding=&#8217;0px&#8216; border=&#8220; border_color=&#8220; radius=&#8217;0px&#8216; background_color=&#8220; src=&#8220; background_position=&#8217;top left&#8216; background_repeat=&#8217;no-repeat&#8216; animation=&#8220;]</p>
<p>[av_textblock size=&#8220; font_color=&#8220; color=&#8220;]</p>
<h3>Bataillons &#8211; Waldweihnachtswanderung zum Höttingerbild 2007</h3>
<p><strong>22. Dezember 2007</strong></p>
<p>Jungschützen und Jungmarketenderinnen des Bataillons Innsbruck sowie zahlreiche Eltern haben sich am 22.12. um 15:00 Uhr am Planötzenhof getroffen wo jedes Kind eine Fackel bekommen hat.</p>
<p>Anschließend wanderten wir hinauf zum Höttingerbild wo Herr Pfarrer Helmut Gatterer vor dem Altar im Freien einige weihnachtliche Worte an uns gerichtet hat. Danach wurden die Fackeln entzündet und wir wanderten wieder den Berg hinunter.</p>
<p>Wir ließen den Tag gemütlich im Schützenheim St. Nikolaus mit einer Jause ausklingen.<br />
[/av_textblock]</p>
<p>[/av_two_fifth]</p>

<p>[av_three_fifth first min_height=&#8220; vertical_alignment=&#8220; space=&#8220; custom_margin=&#8220; margin=&#8217;0px&#8216; padding=&#8217;0px&#8216; border=&#8220; border_color=&#8220; radius=&#8217;0px&#8216; background_color=&#8220; src=&#8220; background_position=&#8217;top left&#8216; background_repeat=&#8217;no-repeat&#8216; animation=&#8220;] [av_gallery ids=&#8217;3598,3599,3600,3601,3602&#8242; style=&#8217;big_thumb&#8216; preview_size=&#8217;portfolio&#8216; crop_big_preview_thumbnail=&#8217;avia-gallery-big-crop-thumb&#8216; thumb_size=&#8217;portfolio_small&#8216; columns=&#8217;3&#8242; imagelink=&#8217;lightbox&#8216; lazyload=&#8217;avia_lazyload&#8216;] [/av_three_fifth] [av_two_fifth min_height=&#8220; vertical_alignment=&#8220; space=&#8220; custom_margin=&#8220; margin=&#8217;0px&#8216; padding=&#8217;0px&#8216; border=&#8220; border_color=&#8220; radius=&#8217;0px&#8216; background_color=&#8220; src=&#8220; background_position=&#8217;top left&#8216; background_repeat=&#8217;no-repeat&#8216; animation=&#8220;] [av_textblock size=&#8220; font_color=&#8220; color=&#8220;] Bataillon Innsbruck- Jungschützenausflug &#8211; Skylinepark Bad Wörishofen 30.&hellip;&nbsp;<a href="https://viv.tirol/skiv/jungschuetzen/unternehmungen/unternehmungen-2007/" rel="bookmark">Mehr lesen &raquo;<span class="screen-reader-text">Unternehmungen 2007</span></a></p>
