{"id":3554,"date":"2016-03-23T19:12:01","date_gmt":"2016-03-23T18:12:01","guid":{"rendered":"https:\/\/viv.tirol\/skiv\/?page_id=3554"},"modified":"2016-03-24T09:29:23","modified_gmt":"2016-03-24T08:29:23","slug":"unternehmungen-2008","status":"publish","type":"page","link":"https:\/\/viv.tirol\/skiv\/jungschuetzen\/unternehmungen\/unternehmungen-2008\/","title":{"rendered":"Unternehmungen 2008"},"content":{"rendered":"<p>[av_three_fifth first min_height=&#8220; vertical_alignment=&#8220; space=&#8220; custom_margin=&#8220; margin=&#8217;0px&#8216; padding=&#8217;0px&#8216; border=&#8220; border_color=&#8220; radius=&#8217;0px&#8216; background_color=&#8220; src=&#8220; background_position=&#8217;top left&#8216; background_repeat=&#8217;no-repeat&#8216; animation=&#8220;]<br \/>\n[av_gallery ids=&#8217;3615,3616,3617&#8242; style=&#8217;big_thumb&#8216; preview_size=&#8217;portfolio&#8216; crop_big_preview_thumbnail=&#8217;avia-gallery-big-crop-thumb&#8216; thumb_size=&#8217;portfolio_small&#8216; columns=&#8217;3&#8242; imagelink=&#8217;lightbox&#8216; lazyload=&#8217;avia_lazyload&#8216;]<br \/>\n[\/av_three_fifth]<\/p>\n<p>[av_two_fifth min_height=&#8220; vertical_alignment=&#8220; space=&#8220; custom_margin=&#8220; margin=&#8217;0px&#8216; padding=&#8217;0px&#8216; border=&#8220; border_color=&#8220; radius=&#8217;0px&#8216; background_color=&#8220; src=&#8220; background_position=&#8217;top left&#8216; background_repeat=&#8217;no-repeat&#8216; animation=&#8220;]<br \/>\n[av_textblock size=&#8220; font_color=&#8220; color=&#8220;]<\/p>\n<h3>Baon-Jungsch\u00fctzenschirennen 2008:<\/h3>\n<p>Bei herrlichem Wetter fand das Bataillon-Jungsch\u00fctzenschirennen am Rangger K\u00f6pfl statt. 65 Jungmarketenderinnen und Jungsch\u00fctzen des Bataillon Innsbruck bem\u00fchten sich eine schnelle Zeit ins Ziel zu fahren.<\/p>\n<p>Unserem Team gelangen besonders schnelle Zeiten und wir konnten dadurch den Wanderpokal f\u00fcr die beste Teamwertung bereits zum dritten Mal in Folge nach Igls\/Vill holen \u2013 wo er jetzt auch bleibt.<\/p>\n<p>Neben Thomas Zimak, der seine Klasse gewann und die Tagesbestzeit erzielte, konnten wir noch 4 weitere Klassensieger stellen.<br \/>\n[\/av_textblock]<br \/>\n[\/av_two_fifth]<\/p>\n<p>[av_hr class=&#8217;custom&#8216; height=&#8217;50&#8216; shadow=&#8217;no-shadow&#8216; position=&#8217;center&#8216; custom_border=&#8217;av-border-thin&#8216; custom_width=&#8217;1005&#8242; custom_border_color=&#8220; custom_margin_top=&#8217;10px&#8216; custom_margin_bottom=&#8217;10px&#8216; icon_select=&#8217;no&#8216; custom_icon_color=&#8220; icon=&#8217;ue808&#8242; font=&#8217;entypo-fontello&#8216;]<\/p>\n<p>[av_three_fifth first min_height=&#8220; vertical_alignment=&#8220; space=&#8220; custom_margin=&#8220; margin=&#8217;0px&#8216; padding=&#8217;0px&#8216; border=&#8220; border_color=&#8220; radius=&#8217;0px&#8216; background_color=&#8220; src=&#8220; background_position=&#8217;top left&#8216; background_repeat=&#8217;no-repeat&#8216; animation=&#8220;]<br \/>\n[av_gallery ids=&#8217;3618,3619&#8242; style=&#8217;big_thumb&#8216; preview_size=&#8217;portfolio&#8216; crop_big_preview_thumbnail=&#8217;avia-gallery-big-crop-thumb&#8216; thumb_size=&#8217;portfolio_small&#8216; columns=&#8217;3&#8242; imagelink=&#8217;lightbox&#8216; lazyload=&#8217;avia_lazyload&#8216;]<br \/>\n[\/av_three_fifth]<\/p>\n<p>[av_two_fifth min_height=&#8220; vertical_alignment=&#8220; space=&#8220; custom_margin=&#8220; margin=&#8217;0px&#8216; padding=&#8217;0px&#8216; border=&#8220; border_color=&#8220; radius=&#8217;0px&#8216; background_color=&#8220; src=&#8220; background_position=&#8217;top left&#8216; background_repeat=&#8217;no-repeat&#8216; animation=&#8220;]<br \/>\n[av_textblock size=&#8220; font_color=&#8220; color=&#8220;]<\/p>\n<h3>Baon-Jungsch\u00fctzenschie\u00dfen 2008<\/h3>\n<p><strong> 1. 3. 2008<\/strong><\/p>\n<p>57 Jungmarketenderinnen und Jungsch\u00fctzen nahmen am Bataillons-Jungsch\u00fctzenschie\u00dfen am Schie\u00dfstand Pradl teil. Unsere Kompanie war nach mehrj\u00e4hriger Abwesenheit bei dieser Veranstaltung wieder dabei und das mit sensationellem Erfolg.<\/p>\n<p>Unsere Jungsch\u00fctzen, Laura Machek, Corinna St\u00f6ckholzer, Tamara Wiesler, Stefanie Kalous, Matthias Lechtaler, Florian Wild, Michael Streng und Mario St\u00f6ckholzer konnten nach mehrw\u00f6chigem Training mit Franz Wachter von der Sch\u00fctzengilde ein hervorragendes Ergebnis erzielen. Ihnen gelang es erstmalig den Schie\u00dfwanderpokal f\u00fcr die Kompanie Igls\/Vill zu gewinnen.<br \/>\n[\/av_textblock]<br \/>\n[\/av_two_fifth]<\/p>\n<p>[av_hr class=&#8217;custom&#8216; height=&#8217;50&#8216; shadow=&#8217;no-shadow&#8216; position=&#8217;center&#8216; custom_border=&#8217;av-border-thin&#8216; custom_width=&#8217;1005&#8242; custom_border_color=&#8220; custom_margin_top=&#8217;10px&#8216; custom_margin_bottom=&#8217;10px&#8216; icon_select=&#8217;no&#8216; custom_icon_color=&#8220; icon=&#8217;ue808&#8242; font=&#8217;entypo-fontello&#8216;]<\/p>\n<p>[av_three_fifth first min_height=&#8220; vertical_alignment=&#8220; space=&#8220; custom_margin=&#8220; margin=&#8217;0px&#8216; padding=&#8217;0px&#8216; border=&#8220; border_color=&#8220; radius=&#8217;0px&#8216; background_color=&#8220; src=&#8220; background_position=&#8217;top left&#8216; background_repeat=&#8217;no-repeat&#8216; animation=&#8220;]<br \/>\n[av_gallery ids=&#8217;3623,3621,3622,3624&#8242; style=&#8217;big_thumb&#8216; preview_size=&#8217;portfolio&#8216; crop_big_preview_thumbnail=&#8217;avia-gallery-big-crop-thumb&#8216; thumb_size=&#8217;portfolio_small&#8216; columns=&#8217;3&#8242; imagelink=&#8217;lightbox&#8216; lazyload=&#8217;avia_lazyload&#8216;]<br \/>\n[\/av_three_fifth]<\/p>\n<p>[av_two_fifth min_height=&#8220; vertical_alignment=&#8220; space=&#8220; custom_margin=&#8220; margin=&#8217;0px&#8216; padding=&#8217;0px&#8216; border=&#8220; border_color=&#8220; radius=&#8217;0px&#8216; background_color=&#8220; src=&#8220; background_position=&#8217;top left&#8216; background_repeat=&#8217;no-repeat&#8216; animation=&#8220;]<br \/>\n[av_textblock size=&#8220; font_color=&#8220; color=&#8220;]<\/p>\n<h3>Jungsch\u00fctzen-Ausflug Kompanie Igls\/Vill zum Hochseilgarten in Kramsach<\/h3>\n<p><strong>29. 6. 2008<\/strong><br \/>\n[\/av_textblock]<br \/>\n[\/av_two_fifth]<\/p>\n<p>[av_one_full first min_height=&#8220; vertical_alignment=&#8217;av-align-top&#8216; space=&#8220; custom_margin=&#8217;aviaTBcustom_margin&#8216; margin=&#8217;10px&#8216; margin_sync=&#8217;true&#8216; padding=&#8217;0px&#8216; padding_sync=&#8217;true&#8216; border=&#8220; border_color=&#8220; radius=&#8217;0px&#8216; radius_sync=&#8217;true&#8216; background_color=&#8220; src=&#8220; attachment=&#8220; attachment_size=&#8220; background_position=&#8217;top left&#8216; background_repeat=&#8217;no-repeat&#8216; animation=&#8220;]<\/p>\n<p>[av_toggle_container initial=&#8217;0&#8242; mode=&#8217;accordion&#8216; sort=&#8220;]<br \/>\n[av_toggle title=&#8217;Details&#8216; tags=&#8220;]<br \/>\nAm Samstag, dem 29.Juni 2008 vormittags starteten unsere Jungsch\u00fctzen und Jungmarketenderinnen Richtung Kramsach. Nach einer ausf\u00fchrlichen Jause beim Mc Donald\u00b4s in Schwaz trafen wir p\u00fcnktlich beim Outdoorcenter Kramsach ein, wo wir schon von mehreren Kletterlehrern erwartet wurden. Die erforderliche Kletterausr\u00fcstung war f\u00fcr unsere Kinder schon vorbereitet und nach einer kurzen Einschulung ging es hinauf in die Baumwipfel.<\/p>\n<p>Die Kinder \u00fcber 1,30 cm K\u00f6rpergr\u00f6\u00dfe kletterten in 12 m bis 17 m H\u00f6he die Adler-Tour und mussten dabei unter Anleitung von erfahrenen Kletterlehrern, Hindernisse wie: die Himmelsbr\u00fccke, das Flying Chicken, den Fliegenden Balken, das Schwebende Snowboard uvm. bew\u00e4ltigen.<br \/>\nMut, Selbstvertrauen und Flexibilit\u00e4t zeigten alle unsere Jungmarketenderinnen und Jungsch\u00fctzen beim Durchklettern des sehr sch\u00f6n in die Natur eingebauten Hochseilgartens.<\/p>\n<p>Kleinere Kinder konnten sich beim Bierkistenklettern und auf einem kleineren Flying Fox austoben.<\/p>\n<p>Zum Abschluss organisierte der Leiter des Outdoorcenters Kramsach noch ein Bogenschie\u00dfturnier. Wir Sch\u00fctzen k\u00f6nnen uns gut vorstellen, dass das den Kindern sehr gut gefallen hat.<br \/>\n[\/av_toggle]<br \/>\n[\/av_toggle_container]<\/p>\n<p>[\/av_one_full]<\/p>\n","protected":false},"excerpt":{"rendered":"<p>[av_three_fifth first min_height=&#8220; vertical_alignment=&#8220; space=&#8220; custom_margin=&#8220; margin=&#8217;0px&#8216; padding=&#8217;0px&#8216; border=&#8220; border_color=&#8220; radius=&#8217;0px&#8216; background_color=&#8220; src=&#8220; background_position=&#8217;top left&#8216; background_repeat=&#8217;no-repeat&#8216; animation=&#8220;] [av_gallery ids=&#8217;3615,3616,3617&#8242; style=&#8217;big_thumb&#8216; preview_size=&#8217;portfolio&#8216; crop_big_preview_thumbnail=&#8217;avia-gallery-big-crop-thumb&#8216; thumb_size=&#8217;portfolio_small&#8216; columns=&#8217;3&#8242; imagelink=&#8217;lightbox&#8216; lazyload=&#8217;avia_lazyload&#8216;] [\/av_three_fifth] [av_two_fifth min_height=&#8220; vertical_alignment=&#8220; space=&#8220; custom_margin=&#8220; margin=&#8217;0px&#8216; padding=&#8217;0px&#8216; border=&#8220; border_color=&#8220; radius=&#8217;0px&#8216; background_color=&#8220; src=&#8220; background_position=&#8217;top left&#8216; background_repeat=&#8217;no-repeat&#8216; animation=&#8220;] [av_textblock size=&#8220; font_color=&#8220; color=&#8220;] Baon-Jungsch\u00fctzenschirennen 2008: Bei herrlichem Wetter fand das Bataillon-Jungsch\u00fctzenschirennen&hellip;&nbsp;<a href=\"https:\/\/viv.tirol\/skiv\/jungschuetzen\/unternehmungen\/unternehmungen-2008\/\" rel=\"bookmark\">Mehr lesen &raquo;<span class=\"screen-reader-text\">Unternehmungen 2008<\/span><\/a><\/p>\n","protected":false},"author":29,"featured_media":0,"parent":3350,"menu_order":0,"comment_status":"closed","ping_status":"closed","template":"","meta":{"_acf_changed":false,"neve_meta_sidebar":"","neve_meta_container":"","neve_meta_enable_content_width":"","neve_meta_content_width":0,"neve_meta_title_alignment":"","neve_meta_author_avatar":"","neve_post_elements_order":"","neve_meta_disable_header":"","neve_meta_disable_footer":"","neve_meta_disable_title":"","neve_meta_reading_time":"","_themeisle_gutenberg_block_has_review":false,"footnotes":""},"class_list":["post-3554","page","type-page","status-publish","hentry"],"acf":[],"_links":{"self":[{"href":"https:\/\/viv.tirol\/skiv\/wp-json\/wp\/v2\/pages\/3554","targetHints":{"allow":["GET"]}}],"collection":[{"href":"https:\/\/viv.tirol\/skiv\/wp-json\/wp\/v2\/pages"}],"about":[{"href":"https:\/\/viv.tirol\/skiv\/wp-json\/wp\/v2\/types\/page"}],"author":[{"embeddable":true,"href":"https:\/\/viv.tirol\/skiv\/wp-json\/wp\/v2\/users\/29"}],"replies":[{"embeddable":true,"href":"https:\/\/viv.tirol\/skiv\/wp-json\/wp\/v2\/comments?post=3554"}],"version-history":[{"count":0,"href":"https:\/\/viv.tirol\/skiv\/wp-json\/wp\/v2\/pages\/3554\/revisions"}],"up":[{"embeddable":true,"href":"https:\/\/viv.tirol\/skiv\/wp-json\/wp\/v2\/pages\/3350"}],"wp:attachment":[{"href":"https:\/\/viv.tirol\/skiv\/wp-json\/wp\/v2\/media?parent=3554"}],"curies":[{"name":"wp","href":"https:\/\/api.w.org\/{rel}","templated":true}]}}

<p>[av_three_fifth first min_height=&#8220; vertical_alignment=&#8220; space=&#8220; custom_margin=&#8220; margin=&#8217;0px&#8216; padding=&#8217;0px&#8216; border=&#8220; border_color=&#8220; radius=&#8217;0px&#8216; background_color=&#8220; src=&#8220; background_position=&#8217;top left&#8216; background_repeat=&#8217;no-repeat&#8216; animation=&#8220;]<br />
[av_gallery ids=&#8217;3615,3616,3617&#8242; style=&#8217;big_thumb&#8216; preview_size=&#8217;portfolio&#8216; crop_big_preview_thumbnail=&#8217;avia-gallery-big-crop-thumb&#8216; thumb_size=&#8217;portfolio_small&#8216; columns=&#8217;3&#8242; imagelink=&#8217;lightbox&#8216; lazyload=&#8217;avia_lazyload&#8216;]<br />
[/av_three_fifth]</p>
<p>[av_two_fifth min_height=&#8220; vertical_alignment=&#8220; space=&#8220; custom_margin=&#8220; margin=&#8217;0px&#8216; padding=&#8217;0px&#8216; border=&#8220; border_color=&#8220; radius=&#8217;0px&#8216; background_color=&#8220; src=&#8220; background_position=&#8217;top left&#8216; background_repeat=&#8217;no-repeat&#8216; animation=&#8220;]<br />
[av_textblock size=&#8220; font_color=&#8220; color=&#8220;]</p>
<h3>Baon-Jungschützenschirennen 2008:</h3>
<p>Bei herrlichem Wetter fand das Bataillon-Jungschützenschirennen am Rangger Köpfl statt. 65 Jungmarketenderinnen und Jungschützen des Bataillon Innsbruck bemühten sich eine schnelle Zeit ins Ziel zu fahren.</p>
<p>Unserem Team gelangen besonders schnelle Zeiten und wir konnten dadurch den Wanderpokal für die beste Teamwertung bereits zum dritten Mal in Folge nach Igls/Vill holen – wo er jetzt auch bleibt.</p>
<p>Neben Thomas Zimak, der seine Klasse gewann und die Tagesbestzeit erzielte, konnten wir noch 4 weitere Klassensieger stellen.<br />
[/av_textblock]<br />
[/av_two_fifth]</p>
<p>[av_hr class=&#8217;custom&#8216; height=&#8217;50&#8216; shadow=&#8217;no-shadow&#8216; position=&#8217;center&#8216; custom_border=&#8217;av-border-thin&#8216; custom_width=&#8217;1005&#8242; custom_border_color=&#8220; custom_margin_top=&#8217;10px&#8216; custom_margin_bottom=&#8217;10px&#8216; icon_select=&#8217;no&#8216; custom_icon_color=&#8220; icon=&#8217;ue808&#8242; font=&#8217;entypo-fontello&#8216;]</p>
<p>[av_three_fifth first min_height=&#8220; vertical_alignment=&#8220; space=&#8220; custom_margin=&#8220; margin=&#8217;0px&#8216; padding=&#8217;0px&#8216; border=&#8220; border_color=&#8220; radius=&#8217;0px&#8216; background_color=&#8220; src=&#8220; background_position=&#8217;top left&#8216; background_repeat=&#8217;no-repeat&#8216; animation=&#8220;]<br />
[av_gallery ids=&#8217;3618,3619&#8242; style=&#8217;big_thumb&#8216; preview_size=&#8217;portfolio&#8216; crop_big_preview_thumbnail=&#8217;avia-gallery-big-crop-thumb&#8216; thumb_size=&#8217;portfolio_small&#8216; columns=&#8217;3&#8242; imagelink=&#8217;lightbox&#8216; lazyload=&#8217;avia_lazyload&#8216;]<br />
[/av_three_fifth]</p>
<p>[av_two_fifth min_height=&#8220; vertical_alignment=&#8220; space=&#8220; custom_margin=&#8220; margin=&#8217;0px&#8216; padding=&#8217;0px&#8216; border=&#8220; border_color=&#8220; radius=&#8217;0px&#8216; background_color=&#8220; src=&#8220; background_position=&#8217;top left&#8216; background_repeat=&#8217;no-repeat&#8216; animation=&#8220;]<br />
[av_textblock size=&#8220; font_color=&#8220; color=&#8220;]</p>
<h3>Baon-Jungschützenschießen 2008</h3>
<p><strong> 1. 3. 2008</strong></p>
<p>57 Jungmarketenderinnen und Jungschützen nahmen am Bataillons-Jungschützenschießen am Schießstand Pradl teil. Unsere Kompanie war nach mehrjähriger Abwesenheit bei dieser Veranstaltung wieder dabei und das mit sensationellem Erfolg.</p>
<p>Unsere Jungschützen, Laura Machek, Corinna Stöckholzer, Tamara Wiesler, Stefanie Kalous, Matthias Lechtaler, Florian Wild, Michael Streng und Mario Stöckholzer konnten nach mehrwöchigem Training mit Franz Wachter von der Schützengilde ein hervorragendes Ergebnis erzielen. Ihnen gelang es erstmalig den Schießwanderpokal für die Kompanie Igls/Vill zu gewinnen.<br />
[/av_textblock]<br />
[/av_two_fifth]</p>
<p>[av_hr class=&#8217;custom&#8216; height=&#8217;50&#8216; shadow=&#8217;no-shadow&#8216; position=&#8217;center&#8216; custom_border=&#8217;av-border-thin&#8216; custom_width=&#8217;1005&#8242; custom_border_color=&#8220; custom_margin_top=&#8217;10px&#8216; custom_margin_bottom=&#8217;10px&#8216; icon_select=&#8217;no&#8216; custom_icon_color=&#8220; icon=&#8217;ue808&#8242; font=&#8217;entypo-fontello&#8216;]</p>
<p>[av_three_fifth first min_height=&#8220; vertical_alignment=&#8220; space=&#8220; custom_margin=&#8220; margin=&#8217;0px&#8216; padding=&#8217;0px&#8216; border=&#8220; border_color=&#8220; radius=&#8217;0px&#8216; background_color=&#8220; src=&#8220; background_position=&#8217;top left&#8216; background_repeat=&#8217;no-repeat&#8216; animation=&#8220;]<br />
[av_gallery ids=&#8217;3623,3621,3622,3624&#8242; style=&#8217;big_thumb&#8216; preview_size=&#8217;portfolio&#8216; crop_big_preview_thumbnail=&#8217;avia-gallery-big-crop-thumb&#8216; thumb_size=&#8217;portfolio_small&#8216; columns=&#8217;3&#8242; imagelink=&#8217;lightbox&#8216; lazyload=&#8217;avia_lazyload&#8216;]<br />
[/av_three_fifth]</p>
<p>[av_two_fifth min_height=&#8220; vertical_alignment=&#8220; space=&#8220; custom_margin=&#8220; margin=&#8217;0px&#8216; padding=&#8217;0px&#8216; border=&#8220; border_color=&#8220; radius=&#8217;0px&#8216; background_color=&#8220; src=&#8220; background_position=&#8217;top left&#8216; background_repeat=&#8217;no-repeat&#8216; animation=&#8220;]<br />
[av_textblock size=&#8220; font_color=&#8220; color=&#8220;]</p>
<h3>Jungschützen-Ausflug Kompanie Igls/Vill zum Hochseilgarten in Kramsach</h3>
<p><strong>29. 6. 2008</strong><br />
[/av_textblock]<br />
[/av_two_fifth]</p>
<p>[av_one_full first min_height=&#8220; vertical_alignment=&#8217;av-align-top&#8216; space=&#8220; custom_margin=&#8217;aviaTBcustom_margin&#8216; margin=&#8217;10px&#8216; margin_sync=&#8217;true&#8216; padding=&#8217;0px&#8216; padding_sync=&#8217;true&#8216; border=&#8220; border_color=&#8220; radius=&#8217;0px&#8216; radius_sync=&#8217;true&#8216; background_color=&#8220; src=&#8220; attachment=&#8220; attachment_size=&#8220; background_position=&#8217;top left&#8216; background_repeat=&#8217;no-repeat&#8216; animation=&#8220;]</p>
<p>[av_toggle_container initial=&#8217;0&#8242; mode=&#8217;accordion&#8216; sort=&#8220;]<br />
[av_toggle title=&#8217;Details&#8216; tags=&#8220;]<br />
Am Samstag, dem 29.Juni 2008 vormittags starteten unsere Jungschützen und Jungmarketenderinnen Richtung Kramsach. Nach einer ausführlichen Jause beim Mc Donald´s in Schwaz trafen wir pünktlich beim Outdoorcenter Kramsach ein, wo wir schon von mehreren Kletterlehrern erwartet wurden. Die erforderliche Kletterausrüstung war für unsere Kinder schon vorbereitet und nach einer kurzen Einschulung ging es hinauf in die Baumwipfel.</p>
<p>Die Kinder über 1,30 cm Körpergröße kletterten in 12 m bis 17 m Höhe die Adler-Tour und mussten dabei unter Anleitung von erfahrenen Kletterlehrern, Hindernisse wie: die Himmelsbrücke, das Flying Chicken, den Fliegenden Balken, das Schwebende Snowboard uvm. bewältigen.<br />
Mut, Selbstvertrauen und Flexibilität zeigten alle unsere Jungmarketenderinnen und Jungschützen beim Durchklettern des sehr schön in die Natur eingebauten Hochseilgartens.</p>
<p>Kleinere Kinder konnten sich beim Bierkistenklettern und auf einem kleineren Flying Fox austoben.</p>
<p>Zum Abschluss organisierte der Leiter des Outdoorcenters Kramsach noch ein Bogenschießturnier. Wir Schützen können uns gut vorstellen, dass das den Kindern sehr gut gefallen hat.<br />
[/av_toggle]<br />
[/av_toggle_container]</p>
<p>[/av_one_full]</p>

<p>[av_three_fifth first min_height=&#8220; vertical_alignment=&#8220; space=&#8220; custom_margin=&#8220; margin=&#8217;0px&#8216; padding=&#8217;0px&#8216; border=&#8220; border_color=&#8220; radius=&#8217;0px&#8216; background_color=&#8220; src=&#8220; background_position=&#8217;top left&#8216; background_repeat=&#8217;no-repeat&#8216; animation=&#8220;] [av_gallery ids=&#8217;3615,3616,3617&#8242; style=&#8217;big_thumb&#8216; preview_size=&#8217;portfolio&#8216; crop_big_preview_thumbnail=&#8217;avia-gallery-big-crop-thumb&#8216; thumb_size=&#8217;portfolio_small&#8216; columns=&#8217;3&#8242; imagelink=&#8217;lightbox&#8216; lazyload=&#8217;avia_lazyload&#8216;] [/av_three_fifth] [av_two_fifth min_height=&#8220; vertical_alignment=&#8220; space=&#8220; custom_margin=&#8220; margin=&#8217;0px&#8216; padding=&#8217;0px&#8216; border=&#8220; border_color=&#8220; radius=&#8217;0px&#8216; background_color=&#8220; src=&#8220; background_position=&#8217;top left&#8216; background_repeat=&#8217;no-repeat&#8216; animation=&#8220;] [av_textblock size=&#8220; font_color=&#8220; color=&#8220;] Baon-Jungschützenschirennen 2008: Bei herrlichem Wetter fand das Bataillon-Jungschützenschirennen&hellip;&nbsp;<a href="https://viv.tirol/skiv/jungschuetzen/unternehmungen/unternehmungen-2008/" rel="bookmark">Mehr lesen &raquo;<span class="screen-reader-text">Unternehmungen 2008</span></a></p>
