{"id":3369,"date":"2016-03-22T18:57:31","date_gmt":"2016-03-22T17:57:31","guid":{"rendered":"https:\/\/viv.tirol\/skiv\/?page_id=3369"},"modified":"2016-03-24T10:08:47","modified_gmt":"2016-03-24T09:08:47","slug":"tirol","status":"publish","type":"page","link":"https:\/\/viv.tirol\/skiv\/heimat\/tirol\/","title":{"rendered":"Tirol"},"content":{"rendered":"<h2>Tirol<\/h2>\n<p><strong>Landeswappen<\/strong>: Roter Adler im silbernen Schild mit goldener Krone und goldenen Fl\u00fcgelspangen mit Kleeblattenden und einem gr\u00fcnen Kranz hinter dem Kopf.<\/p>\n<p><strong>Landesfarben<\/strong>: weiss-rot<\/p>\n<p><strong>Landespatron<\/strong>: Hl. Josef, 19. M\u00e4rz<\/p>\n<p>Landeshauptstadt: Innsbruck<\/p>\n<p><strong>Fl\u00e4che<\/strong>: 12.648 km2<\/p>\n<p><strong>Einwohner<\/strong>: rund 700.000<\/p>\n<p><strong>Gemeinden<\/strong>: 279 Gemeinden (darunter 11 St\u00e4dte)<\/p>\n<p><strong>9 Bezirke<\/strong>:<br \/>\nInnsbruck-Stadt (I)<br \/>\nInnsbruck-Land (IL)<br \/>\nLandeck (LA)<br \/>\nReutte (RE)<br \/>\nImst (IM)<br \/>\nSchwaz (SZ)<br \/>\nKufstein (KU)<br \/>\nKitzb\u00fchel (KB)<br \/>\nLienz (LZ)<\/p>\n<p><strong>Interessante Links zu Tirol<\/strong>:<\/p>\n<p><a href=\"http:\/\/www.tirol.at\">Tirol Werbung<\/a><br \/>\n<a href=\"http:\/\/www.tirol.gv.at\">Land Tirol<\/a><br \/>\n<a href=\"https:\/\/de.wikipedia.org\/wiki\/Tirol\">Wikipedia<\/a><br \/>\n<a href=\"http:\/\/www.europaregion.info\/de\/default.asp\">Europaregion Tirol<\/a><\/p>\n","protected":false},"excerpt":{"rendered":"<p>Tirol Landeswappen: Roter Adler im silbernen Schild mit goldener Krone und goldenen Fl\u00fcgelspangen mit Kleeblattenden und einem gr\u00fcnen Kranz hinter dem Kopf. Landesfarben: weiss-rot Landespatron: Hl. Josef, 19. M\u00e4rz Landeshauptstadt: Innsbruck Fl\u00e4che: 12.648 km2 Einwohner: rund 700.000 Gemeinden: 279 Gemeinden (darunter 11 St\u00e4dte) 9 Bezirke: Innsbruck-Stadt (I) Innsbruck-Land (IL) Landeck (LA) Reutte (RE) Imst (IM)&hellip;&nbsp;<a href=\"https:\/\/viv.tirol\/skiv\/heimat\/tirol\/\" rel=\"bookmark\">Mehr lesen &raquo;<span class=\"screen-reader-text\">Tirol<\/span><\/a><\/p>\n","protected":false},"author":29,"featured_media":0,"parent":3362,"menu_order":0,"comment_status":"closed","ping_status":"closed","template":"","meta":{"_acf_changed":false,"neve_meta_sidebar":"","neve_meta_container":"","neve_meta_enable_content_width":"","neve_meta_content_width":0,"neve_meta_title_alignment":"","neve_meta_author_avatar":"","neve_post_elements_order":"","neve_meta_disable_header":"","neve_meta_disable_footer":"","neve_meta_disable_title":"","neve_meta_reading_time":"","_themeisle_gutenberg_block_has_review":false,"footnotes":""},"class_list":["post-3369","page","type-page","status-publish","hentry"],"acf":[],"_links":{"self":[{"href":"https:\/\/viv.tirol\/skiv\/wp-json\/wp\/v2\/pages\/3369","targetHints":{"allow":["GET"]}}],"collection":[{"href":"https:\/\/viv.tirol\/skiv\/wp-json\/wp\/v2\/pages"}],"about":[{"href":"https:\/\/viv.tirol\/skiv\/wp-json\/wp\/v2\/types\/page"}],"author":[{"embeddable":true,"href":"https:\/\/viv.tirol\/skiv\/wp-json\/wp\/v2\/users\/29"}],"replies":[{"embeddable":true,"href":"https:\/\/viv.tirol\/skiv\/wp-json\/wp\/v2\/comments?post=3369"}],"version-history":[{"count":0,"href":"https:\/\/viv.tirol\/skiv\/wp-json\/wp\/v2\/pages\/3369\/revisions"}],"up":[{"embeddable":true,"href":"https:\/\/viv.tirol\/skiv\/wp-json\/wp\/v2\/pages\/3362"}],"wp:attachment":[{"href":"https:\/\/viv.tirol\/skiv\/wp-json\/wp\/v2\/media?parent=3369"}],"curies":[{"name":"wp","href":"https:\/\/api.w.org\/{rel}","templated":true}]}}

<h2>Tirol</h2>
<p><strong>Landeswappen</strong>: Roter Adler im silbernen Schild mit goldener Krone und goldenen Flügelspangen mit Kleeblattenden und einem grünen Kranz hinter dem Kopf.</p>
<p><strong>Landesfarben</strong>: weiss-rot</p>
<p><strong>Landespatron</strong>: Hl. Josef, 19. März</p>
<p>Landeshauptstadt: Innsbruck</p>
<p><strong>Fläche</strong>: 12.648 km2</p>
<p><strong>Einwohner</strong>: rund 700.000</p>
<p><strong>Gemeinden</strong>: 279 Gemeinden (darunter 11 Städte)</p>
<p><strong>9 Bezirke</strong>:<br />
Innsbruck-Stadt (I)<br />
Innsbruck-Land (IL)<br />
Landeck (LA)<br />
Reutte (RE)<br />
Imst (IM)<br />
Schwaz (SZ)<br />
Kufstein (KU)<br />
Kitzbühel (KB)<br />
Lienz (LZ)</p>
<p><strong>Interessante Links zu Tirol</strong>:</p>
<p><a href="http://www.tirol.at">Tirol Werbung</a><br />
<a href="http://www.tirol.gv.at">Land Tirol</a><br />
<a href="https://de.wikipedia.org/wiki/Tirol">Wikipedia</a><br />
<a href="http://www.europaregion.info/de/default.asp">Europaregion Tirol</a></p>

<p>Tirol Landeswappen: Roter Adler im silbernen Schild mit goldener Krone und goldenen Flügelspangen mit Kleeblattenden und einem grünen Kranz hinter dem Kopf. Landesfarben: weiss-rot Landespatron: Hl. Josef, 19. März Landeshauptstadt: Innsbruck Fläche: 12.648 km2 Einwohner: rund 700.000 Gemeinden: 279 Gemeinden (darunter 11 Städte) 9 Bezirke: Innsbruck-Stadt (I) Innsbruck-Land (IL) Landeck (LA) Reutte (RE) Imst (IM)&hellip;&nbsp;<a href="https://viv.tirol/skiv/heimat/tirol/" rel="bookmark">Mehr lesen &raquo;<span class="screen-reader-text">Tirol</span></a></p>
