{"id":3364,"date":"2016-03-22T18:57:06","date_gmt":"2016-03-22T17:57:06","guid":{"rendered":"https:\/\/viv.tirol\/skiv\/?page_id=3364"},"modified":"2016-03-24T10:03:24","modified_gmt":"2016-03-24T09:03:24","slug":"igls","status":"publish","type":"page","link":"https:\/\/viv.tirol\/skiv\/heimat\/igls\/","title":{"rendered":"Igls"},"content":{"rendered":"<h2>Igls<\/h2>\n<p>Igls ist ein Stadtteil (Katastralgemeinde) von Innsbruck. Er wurde 1942 eingemeindet.<\/p>\n<p>Der Ort liegt auf 870 m auf einer Mittelgebirgsterrasse s\u00fcdlich vom Innsbrucker Zentrum. In Igls wurden Reihengr\u00e4ber aufgedeckt, die wahrscheinlich aus der V\u00f6lkerwanderungszeit stammen. Der Name stammt entweder aus dem 11. Jahrhundert von Vogt Eigilis aus dem Kloster Tegernsee, das in Igls Besitzungen hatte, oder aus dem 8. Jahrhundert vom Heiligen Aegidius, Abt von Sankt Gilles in der Provence, genannt &#8222;Gilles&#8220;. Die fr\u00fcher romanische Kirche ist seit 1286 aus einem Abla\u00dfbrief bekannt; im 15. Jahrhundert wurde sie im sp\u00e4tgotischen Stil umgebaut und 1479 geweiht. 1705 wurde sie erneut umgebaut und barockisiert.<\/p>\n<p>Im 19. Jahrhundert entwickelte sich das b\u00e4uerliche Dorf zu einer Sommerfrische f\u00fcr Innsbrucker, die dort ihre Villen hatten. Es kam zum Bau der ersten Hotels.<\/p>\n<p>Internationale Bekanntschaft erlangte Igls durch die Olympischen Winterspiele 1964 und 1976 mit der Kunsteis-Bob- und Rodelbahn sowie der Olympia-Schiabfahrt vom Patscherkofel. Die Anlagen werden noch f\u00fcr internationale Sportbewerbe genutzt.<\/p>\n<p>Oberhalb von Igls auf 1240 m H\u00f6he steht die 1662 erbaute Wallfahrtskirche Heiligwasser.<\/p>\n<p>Die Wallfahrt geht auf eine Marienerscheinung zur\u00fcck. Der Quelle bei der kleinen Barockkirche wird heilende Wirkung zugeschrieben. Die Kirche und das daneben liegende Gasthaus k\u00f6nnen mit der Patscherkofelbahn bequem erreicht werden.<\/p>\n<p>Igls ist Endstation der Innsbrucker Mittelgebirgsbahn (Igler) und Talstation der Patscherkofelbahn.<\/p>\n<figure id=\"attachment_3666\" aria-describedby=\"caption-attachment-3666\" style=\"width: 450px\" class=\"wp-caption aligncenter\"><img loading=\"lazy\" decoding=\"async\" class=\"size-full wp-image-3666\" src=\"https:\/\/viv.tirol\/skiv\/wp-content\/uploads\/sites\/12\/2016\/03\/Igls-Serles-Habicht_web.jpg\" alt=\"Igls mit Serles und Habicht\" width=\"450\" height=\"282\" srcset=\"https:\/\/viv.tirol\/skiv\/wp-content\/uploads\/sites\/12\/2016\/03\/Igls-Serles-Habicht_web.jpg 450w, https:\/\/viv.tirol\/skiv\/wp-content\/uploads\/sites\/12\/2016\/03\/Igls-Serles-Habicht_web-300x188.jpg 300w\" sizes=\"auto, (max-width: 450px) 100vw, 450px\" \/><figcaption id=\"caption-attachment-3666\" class=\"wp-caption-text\">Igls mit Serles und Habicht<\/figcaption><\/figure>\n<h3>Geschichte Igls<\/h3>\n<p>Die Siedlungst\u00e4tigkeit von Igls sowie Vill geht weit zur\u00fcck, Funde haben auch belegen, dass eine Bev\u00f6lkerung der La-T\u00e8ne Kultur sich in diesem Gebiet niedergelassen hat.<\/p>\n<p>Auch aus der Zeit der bajuwarischen Landnahme (um 600) gibt es arch\u00e4ologische Befunde in Form von Reihengr\u00e4bern.<\/p>\n<p>1273 und 1286 finden sich erstmals urkundliche Belege f\u00fcr den Ort, der in den Dokumenten als \u201eYgls&#8220; bezeichnet wurde. Wie alle damaligen Orte rund um Innsbruck unterstand Igls dem Gericht Sonnenburg, welches eine Dingst\u00e4tte vor Ort besa\u00df.<\/p>\n<p>Die Strukturen waren rein auf die Landwirtschaft ausgerichtet, wobei sich im Ort keinerlei Gewerbe oder auch nur ein Gasthof befand. Im 19. Jahrhundert errichteten Innsbrucker B\u00fcrger bereits Villen, wodurch die Verst\u00e4dterung des Dorfes begann.<\/p>\n<p>Um 1650 wurde ein Bauernbad an einer schwefelhaltigen Quelle errichtet, welches bis ins 18. Jahrhundert in Betrieb war, da zu dieser Zeit die Quelle versiegte.<\/p>\n<p>1883 herrschte eine Feuerbrunst im Ort, der zwei Drittel der Geb\u00e4ude zum Opfer fielen; nach der Katastrophe wurde die Baut\u00e4tigkeit im urbanen Stil begonnen und das Dorf verlor seinen b\u00e4uerlichen Charakter.<\/p>\n<p>Schon zur Jahrhundertwende wurde der Ort f\u00fcr den Tourismus, im speziellen f\u00fcr Kurg\u00e4ste entdeckt, wodurch 1907 das Kurhaus errichtet wurde und sich der Ort ab diesem Zeitpunkt als Kurort bezeichnete. Vor allem die um 1900 errichtete Mittelgebirgsbahn, gab dem Tourismus starke Impulse.<\/p>\n<p>1942 w\u00e4hrend der NS Herrschaft wurde Igls mit Innsbruck vereinigt.<\/p>\n","protected":false},"excerpt":{"rendered":"<p>Igls Igls ist ein Stadtteil (Katastralgemeinde) von Innsbruck. Er wurde 1942 eingemeindet. Der Ort liegt auf 870 m auf einer Mittelgebirgsterrasse s\u00fcdlich vom Innsbrucker Zentrum. In Igls wurden Reihengr\u00e4ber aufgedeckt, die wahrscheinlich aus der V\u00f6lkerwanderungszeit stammen. Der Name stammt entweder aus dem 11. Jahrhundert von Vogt Eigilis aus dem Kloster Tegernsee, das in Igls Besitzungen&hellip;&nbsp;<a href=\"https:\/\/viv.tirol\/skiv\/heimat\/igls\/\" rel=\"bookmark\">Mehr lesen &raquo;<span class=\"screen-reader-text\">Igls<\/span><\/a><\/p>\n","protected":false},"author":29,"featured_media":0,"parent":3362,"menu_order":0,"comment_status":"closed","ping_status":"closed","template":"","meta":{"_acf_changed":false,"neve_meta_sidebar":"","neve_meta_container":"","neve_meta_enable_content_width":"","neve_meta_content_width":0,"neve_meta_title_alignment":"","neve_meta_author_avatar":"","neve_post_elements_order":"","neve_meta_disable_header":"","neve_meta_disable_footer":"","neve_meta_disable_title":"","neve_meta_reading_time":"","_themeisle_gutenberg_block_has_review":false,"footnotes":""},"class_list":["post-3364","page","type-page","status-publish","hentry"],"acf":[],"_links":{"self":[{"href":"https:\/\/viv.tirol\/skiv\/wp-json\/wp\/v2\/pages\/3364","targetHints":{"allow":["GET"]}}],"collection":[{"href":"https:\/\/viv.tirol\/skiv\/wp-json\/wp\/v2\/pages"}],"about":[{"href":"https:\/\/viv.tirol\/skiv\/wp-json\/wp\/v2\/types\/page"}],"author":[{"embeddable":true,"href":"https:\/\/viv.tirol\/skiv\/wp-json\/wp\/v2\/users\/29"}],"replies":[{"embeddable":true,"href":"https:\/\/viv.tirol\/skiv\/wp-json\/wp\/v2\/comments?post=3364"}],"version-history":[{"count":0,"href":"https:\/\/viv.tirol\/skiv\/wp-json\/wp\/v2\/pages\/3364\/revisions"}],"up":[{"embeddable":true,"href":"https:\/\/viv.tirol\/skiv\/wp-json\/wp\/v2\/pages\/3362"}],"wp:attachment":[{"href":"https:\/\/viv.tirol\/skiv\/wp-json\/wp\/v2\/media?parent=3364"}],"curies":[{"name":"wp","href":"https:\/\/api.w.org\/{rel}","templated":true}]}}

<h2>Igls</h2>
<p>Igls ist ein Stadtteil (Katastralgemeinde) von Innsbruck. Er wurde 1942 eingemeindet.</p>
<p>Der Ort liegt auf 870 m auf einer Mittelgebirgsterrasse südlich vom Innsbrucker Zentrum. In Igls wurden Reihengräber aufgedeckt, die wahrscheinlich aus der Völkerwanderungszeit stammen. Der Name stammt entweder aus dem 11. Jahrhundert von Vogt Eigilis aus dem Kloster Tegernsee, das in Igls Besitzungen hatte, oder aus dem 8. Jahrhundert vom Heiligen Aegidius, Abt von Sankt Gilles in der Provence, genannt &#8222;Gilles&#8220;. Die früher romanische Kirche ist seit 1286 aus einem Ablaßbrief bekannt; im 15. Jahrhundert wurde sie im spätgotischen Stil umgebaut und 1479 geweiht. 1705 wurde sie erneut umgebaut und barockisiert.</p>
<p>Im 19. Jahrhundert entwickelte sich das bäuerliche Dorf zu einer Sommerfrische für Innsbrucker, die dort ihre Villen hatten. Es kam zum Bau der ersten Hotels.</p>
<p>Internationale Bekanntschaft erlangte Igls durch die Olympischen Winterspiele 1964 und 1976 mit der Kunsteis-Bob- und Rodelbahn sowie der Olympia-Schiabfahrt vom Patscherkofel. Die Anlagen werden noch für internationale Sportbewerbe genutzt.</p>
<p>Oberhalb von Igls auf 1240 m Höhe steht die 1662 erbaute Wallfahrtskirche Heiligwasser.</p>
<p>Die Wallfahrt geht auf eine Marienerscheinung zurück. Der Quelle bei der kleinen Barockkirche wird heilende Wirkung zugeschrieben. Die Kirche und das daneben liegende Gasthaus können mit der Patscherkofelbahn bequem erreicht werden.</p>
<p>Igls ist Endstation der Innsbrucker Mittelgebirgsbahn (Igler) und Talstation der Patscherkofelbahn.</p>
<figure id="attachment_3666" aria-describedby="caption-attachment-3666" style="width: 450px" class="wp-caption aligncenter"><img loading="lazy" decoding="async" class="size-full wp-image-3666" src="https://viv.tirol/skiv/wp-content/uploads/sites/12/2016/03/Igls-Serles-Habicht_web.jpg" alt="Igls mit Serles und Habicht" width="450" height="282" srcset="https://viv.tirol/skiv/wp-content/uploads/sites/12/2016/03/Igls-Serles-Habicht_web.jpg 450w, https://viv.tirol/skiv/wp-content/uploads/sites/12/2016/03/Igls-Serles-Habicht_web-300x188.jpg 300w" sizes="auto, (max-width: 450px) 100vw, 450px" /><figcaption id="caption-attachment-3666" class="wp-caption-text">Igls mit Serles und Habicht</figcaption></figure>
<h3>Geschichte Igls</h3>
<p>Die Siedlungstätigkeit von Igls sowie Vill geht weit zurück, Funde haben auch belegen, dass eine Bevölkerung der La-Tène Kultur sich in diesem Gebiet niedergelassen hat.</p>
<p>Auch aus der Zeit der bajuwarischen Landnahme (um 600) gibt es archäologische Befunde in Form von Reihengräbern.</p>
<p>1273 und 1286 finden sich erstmals urkundliche Belege für den Ort, der in den Dokumenten als „Ygls&#8220; bezeichnet wurde. Wie alle damaligen Orte rund um Innsbruck unterstand Igls dem Gericht Sonnenburg, welches eine Dingstätte vor Ort besaß.</p>
<p>Die Strukturen waren rein auf die Landwirtschaft ausgerichtet, wobei sich im Ort keinerlei Gewerbe oder auch nur ein Gasthof befand. Im 19. Jahrhundert errichteten Innsbrucker Bürger bereits Villen, wodurch die Verstädterung des Dorfes begann.</p>
<p>Um 1650 wurde ein Bauernbad an einer schwefelhaltigen Quelle errichtet, welches bis ins 18. Jahrhundert in Betrieb war, da zu dieser Zeit die Quelle versiegte.</p>
<p>1883 herrschte eine Feuerbrunst im Ort, der zwei Drittel der Gebäude zum Opfer fielen; nach der Katastrophe wurde die Bautätigkeit im urbanen Stil begonnen und das Dorf verlor seinen bäuerlichen Charakter.</p>
<p>Schon zur Jahrhundertwende wurde der Ort für den Tourismus, im speziellen für Kurgäste entdeckt, wodurch 1907 das Kurhaus errichtet wurde und sich der Ort ab diesem Zeitpunkt als Kurort bezeichnete. Vor allem die um 1900 errichtete Mittelgebirgsbahn, gab dem Tourismus starke Impulse.</p>
<p>1942 während der NS Herrschaft wurde Igls mit Innsbruck vereinigt.</p>

<p>Igls Igls ist ein Stadtteil (Katastralgemeinde) von Innsbruck. Er wurde 1942 eingemeindet. Der Ort liegt auf 870 m auf einer Mittelgebirgsterrasse südlich vom Innsbrucker Zentrum. In Igls wurden Reihengräber aufgedeckt, die wahrscheinlich aus der Völkerwanderungszeit stammen. Der Name stammt entweder aus dem 11. Jahrhundert von Vogt Eigilis aus dem Kloster Tegernsee, das in Igls Besitzungen&hellip;&nbsp;<a href="https://viv.tirol/skiv/heimat/igls/" rel="bookmark">Mehr lesen &raquo;<span class="screen-reader-text">Igls</span></a></p>
