{"id":3362,"date":"2016-03-22T18:56:51","date_gmt":"2016-03-22T17:56:51","guid":{"rendered":"https:\/\/viv.tirol\/skiv\/?page_id=3362"},"modified":"2016-03-24T10:22:59","modified_gmt":"2016-03-24T09:22:59","slug":"heimat","status":"publish","type":"page","link":"https:\/\/viv.tirol\/skiv\/heimat\/","title":{"rendered":"Heimat"},"content":{"rendered":"<h2>Wissenswertes \u00fcber unsere Heimat<\/h2>\n<p>Geschichte der Orte <a href=\"https:\/\/viv.tirol\/skiv\/heimat\/igls\/\">Igls <\/a>und <a href=\"https:\/\/viv.tirol\/skiv\/heimat\/vill\/\">Vill<\/a>.<\/p>\n<p>Daten, Zahlen und Fakten \u00fcber <a href=\"https:\/\/viv.tirol\/skiv\/heimat\/tirol\/\">Tirol<\/a>.<\/p>\n<p>Die Geschichte\u00a0der Pfarre <a href=\"https:\/\/viv.tirol\/skiv\/heimat\/pfarre-igls-und-vill\/\">Igls &amp; Vill<\/a>.<\/p>\n<p>Die Sage \u00fcber das <a href=\"https:\/\/viv.tirol\/skiv\/heimat\/heiligwasser\/\">heilige Wasser<\/a> am Fu\u00dfe des Patscherkofls.<\/p>\n<p><a href=\"https:\/\/viv.tirol\/skiv\/heimat\/sagen-ueber-igls-und-vill\/\">Sagen<\/a> rund um und \u00fcber Igls.<\/p>\n","protected":false},"excerpt":{"rendered":"<p>Wissenswertes \u00fcber unsere Heimat Geschichte der Orte Igls und Vill. Daten, Zahlen und Fakten \u00fcber Tirol. Die Geschichte\u00a0der Pfarre Igls &amp; Vill. Die Sage \u00fcber das heilige Wasser am Fu\u00dfe des Patscherkofls. Sagen rund um und \u00fcber Igls.<\/p>\n","protected":false},"author":29,"featured_media":0,"parent":0,"menu_order":0,"comment_status":"closed","ping_status":"closed","template":"","meta":{"_acf_changed":false,"neve_meta_sidebar":"","neve_meta_container":"","neve_meta_enable_content_width":"","neve_meta_content_width":0,"neve_meta_title_alignment":"","neve_meta_author_avatar":"","neve_post_elements_order":"","neve_meta_disable_header":"","neve_meta_disable_footer":"","neve_meta_disable_title":"","neve_meta_reading_time":"","_themeisle_gutenberg_block_has_review":false,"footnotes":""},"class_list":["post-3362","page","type-page","status-publish","hentry"],"acf":[],"_links":{"self":[{"href":"https:\/\/viv.tirol\/skiv\/wp-json\/wp\/v2\/pages\/3362","targetHints":{"allow":["GET"]}}],"collection":[{"href":"https:\/\/viv.tirol\/skiv\/wp-json\/wp\/v2\/pages"}],"about":[{"href":"https:\/\/viv.tirol\/skiv\/wp-json\/wp\/v2\/types\/page"}],"author":[{"embeddable":true,"href":"https:\/\/viv.tirol\/skiv\/wp-json\/wp\/v2\/users\/29"}],"replies":[{"embeddable":true,"href":"https:\/\/viv.tirol\/skiv\/wp-json\/wp\/v2\/comments?post=3362"}],"version-history":[{"count":0,"href":"https:\/\/viv.tirol\/skiv\/wp-json\/wp\/v2\/pages\/3362\/revisions"}],"wp:attachment":[{"href":"https:\/\/viv.tirol\/skiv\/wp-json\/wp\/v2\/media?parent=3362"}],"curies":[{"name":"wp","href":"https:\/\/api.w.org\/{rel}","templated":true}]}}

<h2>Wissenswertes über unsere Heimat</h2>
<p>Geschichte der Orte <a href="https://viv.tirol/skiv/heimat/igls/">Igls </a>und <a href="https://viv.tirol/skiv/heimat/vill/">Vill</a>.</p>
<p>Daten, Zahlen und Fakten über <a href="https://viv.tirol/skiv/heimat/tirol/">Tirol</a>.</p>
<p>Die Geschichte der Pfarre <a href="https://viv.tirol/skiv/heimat/pfarre-igls-und-vill/">Igls &amp; Vill</a>.</p>
<p>Die Sage über das <a href="https://viv.tirol/skiv/heimat/heiligwasser/">heilige Wasser</a> am Fuße des Patscherkofls.</p>
<p><a href="https://viv.tirol/skiv/heimat/sagen-ueber-igls-und-vill/">Sagen</a> rund um und über Igls.</p>

<p>Wissenswertes über unsere Heimat Geschichte der Orte Igls und Vill. Daten, Zahlen und Fakten über Tirol. Die Geschichte der Pfarre Igls &amp; Vill. Die Sage über das heilige Wasser am Fuße des Patscherkofls. Sagen rund um und über Igls.</p>
