{"id":3358,"date":"2016-03-22T18:55:59","date_gmt":"2016-03-22T17:55:59","guid":{"rendered":"https:\/\/viv.tirol\/skiv\/?page_id=3358"},"modified":"2019-03-11T17:22:31","modified_gmt":"2019-03-11T16:22:31","slug":"impressum","status":"publish","type":"page","link":"https:\/\/viv.tirol\/skiv\/extras\/impressum\/","title":{"rendered":"Impressum"},"content":{"rendered":"<h2>Impressum:<\/h2>\n<h3>Medieninhaber und Herausgeber:<\/h3>\n<p>Sch\u00fctzenkompanie Igls-Vill<br \/>\nObmann:\u00a0Herwig Z\u00f6ttl<br \/>\nIgler Stra\u00dfe 58<br \/>\nA 6080 Igls<\/p>\n<h3>Grafik &amp; Design:<\/h3>\n<p>Herwig Z\u00f6ttl<br \/>\neMail: <a href=\"mailto:info@schuetzenkompanie-igls-vill.at\">info@schuetzenkompanie-igls-vill.at<\/a><br \/>\nTelefon: +43 676 844 311 400<\/p>\n<h2>Copyright:<\/h2>\n<h3>Fotos:<\/h3>\n<p>\u00a9 Sch\u00fctzenkompanie Igls-Vill<br \/>\n\u00a9 Logo SKIV, Logo Marschierwettbewerb: Herwig Z\u00f6ttl 2006<\/p>\n<h3>Sonstiges:<\/h3>\n<p>Die Verwendung von Inhalten, Texten, Grafiken und Fotos sind nur mit Zustimmung der Sch\u00fctzenkompanie Igls-Vill erlaubt. Bei der Verwendung von namentlich gekennzeichneten Artikeln ist die Zustimmung des Verfassers notwendig.<\/p>\n<h2>Haftungshinweis:<\/h2>\n<p>Wir \u00fcbernehmen keine Haftung f\u00fcr die Inhalte externer Links. F\u00fcr den Inhalt der verlinkten Seiten sind ausschliesslich deren Betreiber verantwortlich.<\/p>\n<p>Informationspflicht lt. \u00a75 Abs.1 e-Commerce-Gesetz.<\/p>\n","protected":false},"excerpt":{"rendered":"<p>Impressum: Medieninhaber und Herausgeber: Sch\u00fctzenkompanie Igls-Vill Obmann:\u00a0Herwig Z\u00f6ttl Igler Stra\u00dfe 58 A 6080 Igls Grafik &amp; Design: Herwig Z\u00f6ttl eMail: info@schuetzenkompanie-igls-vill.at Telefon: +43 676 844 311 400 Copyright: Fotos: \u00a9 Sch\u00fctzenkompanie Igls-Vill \u00a9 Logo SKIV, Logo Marschierwettbewerb: Herwig Z\u00f6ttl 2006 Sonstiges: Die Verwendung von Inhalten, Texten, Grafiken und Fotos sind nur mit Zustimmung der Sch\u00fctzenkompanie&hellip;&nbsp;<a href=\"https:\/\/viv.tirol\/skiv\/extras\/impressum\/\" rel=\"bookmark\">Mehr lesen &raquo;<span class=\"screen-reader-text\">Impressum<\/span><\/a><\/p>\n","protected":false},"author":29,"featured_media":0,"parent":3352,"menu_order":0,"comment_status":"closed","ping_status":"closed","template":"","meta":{"_acf_changed":false,"neve_meta_sidebar":"","neve_meta_container":"","neve_meta_enable_content_width":"","neve_meta_content_width":0,"neve_meta_title_alignment":"","neve_meta_author_avatar":"","neve_post_elements_order":"","neve_meta_disable_header":"","neve_meta_disable_footer":"","neve_meta_disable_title":"","neve_meta_reading_time":"","_themeisle_gutenberg_block_has_review":false,"footnotes":""},"class_list":["post-3358","page","type-page","status-publish","hentry"],"acf":[],"_links":{"self":[{"href":"https:\/\/viv.tirol\/skiv\/wp-json\/wp\/v2\/pages\/3358","targetHints":{"allow":["GET"]}}],"collection":[{"href":"https:\/\/viv.tirol\/skiv\/wp-json\/wp\/v2\/pages"}],"about":[{"href":"https:\/\/viv.tirol\/skiv\/wp-json\/wp\/v2\/types\/page"}],"author":[{"embeddable":true,"href":"https:\/\/viv.tirol\/skiv\/wp-json\/wp\/v2\/users\/29"}],"replies":[{"embeddable":true,"href":"https:\/\/viv.tirol\/skiv\/wp-json\/wp\/v2\/comments?post=3358"}],"version-history":[{"count":0,"href":"https:\/\/viv.tirol\/skiv\/wp-json\/wp\/v2\/pages\/3358\/revisions"}],"up":[{"embeddable":true,"href":"https:\/\/viv.tirol\/skiv\/wp-json\/wp\/v2\/pages\/3352"}],"wp:attachment":[{"href":"https:\/\/viv.tirol\/skiv\/wp-json\/wp\/v2\/media?parent=3358"}],"curies":[{"name":"wp","href":"https:\/\/api.w.org\/{rel}","templated":true}]}}

<h2>Impressum:</h2>
<h3>Medieninhaber und Herausgeber:</h3>
<p>Schützenkompanie Igls-Vill<br />
Obmann: Herwig Zöttl<br />
Igler Straße 58<br />
A 6080 Igls</p>
<h3>Grafik &amp; Design:</h3>
<p>Herwig Zöttl<br />
eMail: <a href="mailto:info@schuetzenkompanie-igls-vill.at">info@schuetzenkompanie-igls-vill.at</a><br />
Telefon: +43 676 844 311 400</p>
<h2>Copyright:</h2>
<h3>Fotos:</h3>
<p>© Schützenkompanie Igls-Vill<br />
© Logo SKIV, Logo Marschierwettbewerb: Herwig Zöttl 2006</p>
<h3>Sonstiges:</h3>
<p>Die Verwendung von Inhalten, Texten, Grafiken und Fotos sind nur mit Zustimmung der Schützenkompanie Igls-Vill erlaubt. Bei der Verwendung von namentlich gekennzeichneten Artikeln ist die Zustimmung des Verfassers notwendig.</p>
<h2>Haftungshinweis:</h2>
<p>Wir übernehmen keine Haftung für die Inhalte externer Links. Für den Inhalt der verlinkten Seiten sind ausschliesslich deren Betreiber verantwortlich.</p>
<p>Informationspflicht lt. §5 Abs.1 e-Commerce-Gesetz.</p>

<p>Impressum: Medieninhaber und Herausgeber: Schützenkompanie Igls-Vill Obmann: Herwig Zöttl Igler Straße 58 A 6080 Igls Grafik &amp; Design: Herwig Zöttl eMail: info@schuetzenkompanie-igls-vill.at Telefon: +43 676 844 311 400 Copyright: Fotos: © Schützenkompanie Igls-Vill © Logo SKIV, Logo Marschierwettbewerb: Herwig Zöttl 2006 Sonstiges: Die Verwendung von Inhalten, Texten, Grafiken und Fotos sind nur mit Zustimmung der Schützenkompanie&hellip;&nbsp;<a href="https://viv.tirol/skiv/extras/impressum/" rel="bookmark">Mehr lesen &raquo;<span class="screen-reader-text">Impressum</span></a></p>
