{"id":3348,"date":"2016-03-22T18:53:58","date_gmt":"2016-03-22T17:53:58","guid":{"rendered":"https:\/\/viv.tirol\/skiv\/?page_id=3348"},"modified":"2016-03-23T19:07:55","modified_gmt":"2016-03-23T18:07:55","slug":"jungschuetzenfahne","status":"publish","type":"page","link":"https:\/\/viv.tirol\/skiv\/jungschuetzen\/jungschuetzenfahne\/","title":{"rendered":"Jungsch\u00fctzenfahne"},"content":{"rendered":"<p>[av_textblock size=&#8220; font_color=&#8220; color=&#8220;]<\/p>\n<h3>Jungsch\u00fctzenfahne:<\/h3>\n<p><strong>Vorderseite<\/strong>: gr\u00fcn \u2013 wei\u00df \u2013 gr\u00fcn mit dem Tiroler Wappenschild.<br \/>\n<strong>R\u00fcckseite<\/strong>: gr\u00fcn \u2013 wei\u00df \u2013 gr\u00fcn mit der Gottesmutter und dem Jesuskind im Strahlen-kranz.<br \/>\nDas Bild stammt urspr\u00fcnglich von einer ungarischen Reiterstandarte, die von Hannes Hundegger in den Wirren der 30. Jahre gerettet wurde. Die Fahne wurde 1959 geweiht.<br \/>\n[\/av_textblock]<\/p>\n<p>[av_three_fifth first min_height=&#8220; vertical_alignment=&#8220; space=&#8220; custom_margin=&#8220; margin=&#8217;0px&#8216; padding=&#8217;0px&#8216; border=&#8220; border_color=&#8220; radius=&#8217;0px&#8216; background_color=&#8220; src=&#8220; background_position=&#8217;top left&#8216; background_repeat=&#8217;no-repeat&#8216; animation=&#8220;]<br \/>\n[av_gallery ids=&#8217;3513,3512&#8242; style=&#8217;thumbnails&#8216; preview_size=&#8217;portfolio&#8216; crop_big_preview_thumbnail=&#8217;avia-gallery-big-crop-thumb&#8216; thumb_size=&#8217;square&#8216; columns=&#8217;2&#8242; imagelink=&#8217;lightbox&#8216; lazyload=&#8217;avia_lazyload&#8216;]<br \/>\n[\/av_three_fifth]<\/p>\n<p>[av_two_fifth min_height=&#8220; vertical_alignment=&#8220; space=&#8220; custom_margin=&#8220; margin=&#8217;0px&#8216; padding=&#8217;0px&#8216; border=&#8220; border_color=&#8220; radius=&#8217;0px&#8216; background_color=&#8220; src=&#8220; background_position=&#8217;top left&#8216; background_repeat=&#8217;no-repeat&#8216; animation=&#8220;]<br \/>\n[av_textblock size=&#8220; font_color=&#8220; color=&#8220;]<br \/>\n<strong>Weihe:<\/strong> 1959<br \/>\n<b>Fahnenpatinnen: <\/b><br \/>\nIsabella Groissmayr<br \/>\n[\/av_textblock]<br \/>\n[\/av_two_fifth]<\/p>\n","protected":false},"excerpt":{"rendered":"<p>[av_textblock size=&#8220; font_color=&#8220; color=&#8220;] Jungsch\u00fctzenfahne: Vorderseite: gr\u00fcn \u2013 wei\u00df \u2013 gr\u00fcn mit dem Tiroler Wappenschild. R\u00fcckseite: gr\u00fcn \u2013 wei\u00df \u2013 gr\u00fcn mit der Gottesmutter und dem Jesuskind im Strahlen-kranz. Das Bild stammt urspr\u00fcnglich von einer ungarischen Reiterstandarte, die von Hannes Hundegger in den Wirren der 30. Jahre gerettet wurde. Die Fahne wurde 1959 geweiht. [\/av_textblock]&hellip;&nbsp;<a href=\"https:\/\/viv.tirol\/skiv\/jungschuetzen\/jungschuetzenfahne\/\" rel=\"bookmark\">Mehr lesen &raquo;<span class=\"screen-reader-text\">Jungsch\u00fctzenfahne<\/span><\/a><\/p>\n","protected":false},"author":29,"featured_media":0,"parent":3344,"menu_order":0,"comment_status":"closed","ping_status":"closed","template":"","meta":{"_acf_changed":false,"neve_meta_sidebar":"","neve_meta_container":"","neve_meta_enable_content_width":"","neve_meta_content_width":0,"neve_meta_title_alignment":"","neve_meta_author_avatar":"","neve_post_elements_order":"","neve_meta_disable_header":"","neve_meta_disable_footer":"","neve_meta_disable_title":"","neve_meta_reading_time":"","_themeisle_gutenberg_block_has_review":false,"footnotes":""},"class_list":["post-3348","page","type-page","status-publish","hentry"],"acf":[],"_links":{"self":[{"href":"https:\/\/viv.tirol\/skiv\/wp-json\/wp\/v2\/pages\/3348","targetHints":{"allow":["GET"]}}],"collection":[{"href":"https:\/\/viv.tirol\/skiv\/wp-json\/wp\/v2\/pages"}],"about":[{"href":"https:\/\/viv.tirol\/skiv\/wp-json\/wp\/v2\/types\/page"}],"author":[{"embeddable":true,"href":"https:\/\/viv.tirol\/skiv\/wp-json\/wp\/v2\/users\/29"}],"replies":[{"embeddable":true,"href":"https:\/\/viv.tirol\/skiv\/wp-json\/wp\/v2\/comments?post=3348"}],"version-history":[{"count":0,"href":"https:\/\/viv.tirol\/skiv\/wp-json\/wp\/v2\/pages\/3348\/revisions"}],"up":[{"embeddable":true,"href":"https:\/\/viv.tirol\/skiv\/wp-json\/wp\/v2\/pages\/3344"}],"wp:attachment":[{"href":"https:\/\/viv.tirol\/skiv\/wp-json\/wp\/v2\/media?parent=3348"}],"curies":[{"name":"wp","href":"https:\/\/api.w.org\/{rel}","templated":true}]}}

Jungschützenfahne

<p>[av_textblock size=&#8220; font_color=&#8220; color=&#8220;]</p>
<h3>Jungschützenfahne:</h3>
<p><strong>Vorderseite</strong>: grün – weiß – grün mit dem Tiroler Wappenschild.<br />
<strong>Rückseite</strong>: grün – weiß – grün mit der Gottesmutter und dem Jesuskind im Strahlen-kranz.<br />
Das Bild stammt ursprünglich von einer ungarischen Reiterstandarte, die von Hannes Hundegger in den Wirren der 30. Jahre gerettet wurde. Die Fahne wurde 1959 geweiht.<br />
[/av_textblock]</p>
<p>[av_three_fifth first min_height=&#8220; vertical_alignment=&#8220; space=&#8220; custom_margin=&#8220; margin=&#8217;0px&#8216; padding=&#8217;0px&#8216; border=&#8220; border_color=&#8220; radius=&#8217;0px&#8216; background_color=&#8220; src=&#8220; background_position=&#8217;top left&#8216; background_repeat=&#8217;no-repeat&#8216; animation=&#8220;]<br />
[av_gallery ids=&#8217;3513,3512&#8242; style=&#8217;thumbnails&#8216; preview_size=&#8217;portfolio&#8216; crop_big_preview_thumbnail=&#8217;avia-gallery-big-crop-thumb&#8216; thumb_size=&#8217;square&#8216; columns=&#8217;2&#8242; imagelink=&#8217;lightbox&#8216; lazyload=&#8217;avia_lazyload&#8216;]<br />
[/av_three_fifth]</p>
<p>[av_two_fifth min_height=&#8220; vertical_alignment=&#8220; space=&#8220; custom_margin=&#8220; margin=&#8217;0px&#8216; padding=&#8217;0px&#8216; border=&#8220; border_color=&#8220; radius=&#8217;0px&#8216; background_color=&#8220; src=&#8220; background_position=&#8217;top left&#8216; background_repeat=&#8217;no-repeat&#8216; animation=&#8220;]<br />
[av_textblock size=&#8220; font_color=&#8220; color=&#8220;]<br />
<strong>Weihe:</strong> 1959<br />
<b>Fahnenpatinnen: </b><br />
Isabella Groissmayr<br />
[/av_textblock]<br />
[/av_two_fifth]</p>

<p>[av_textblock size=&#8220; font_color=&#8220; color=&#8220;] Jungschützenfahne: Vorderseite: grün – weiß – grün mit dem Tiroler Wappenschild. Rückseite: grün – weiß – grün mit der Gottesmutter und dem Jesuskind im Strahlen-kranz. Das Bild stammt ursprünglich von einer ungarischen Reiterstandarte, die von Hannes Hundegger in den Wirren der 30. Jahre gerettet wurde. Die Fahne wurde 1959 geweiht. [/av_textblock]&hellip;&nbsp;<a href="https://viv.tirol/skiv/jungschuetzen/jungschuetzenfahne/" rel="bookmark">Mehr lesen &raquo;<span class="screen-reader-text">Jungschützenfahne</span></a></p>
