{"id":3336,"date":"2016-03-22T18:52:04","date_gmt":"2016-03-22T17:52:04","guid":{"rendered":"https:\/\/viv.tirol\/skiv\/?page_id=3336"},"modified":"2016-07-06T14:36:57","modified_gmt":"2016-07-06T12:36:57","slug":"schuetzenscheiben-der-sk-iglsvill","status":"publish","type":"page","link":"https:\/\/viv.tirol\/skiv\/schuetzen\/schuetzenscheiben-der-sk-iglsvill\/","title":{"rendered":"Sch\u00fctzenscheiben"},"content":{"rendered":"<p>[av_textblock size=&#8220; font_color=&#8220; color=&#8220;]<\/p>\n<h2>Sch\u00fctzenscheiben der SK Igls-Vill<\/h2>\n<p>[\/av_textblock]<\/p>\n<p>[av_one_half first min_height=&#8220; vertical_alignment=&#8220; space=&#8220; custom_margin=&#8220; margin=&#8217;0px&#8216; padding=&#8217;0px&#8216; border=&#8220; border_color=&#8220; radius=&#8217;0px&#8216; background_color=&#8220; src=&#8220; background_position=&#8217;top left&#8216; background_repeat=&#8217;no-repeat&#8216; animation=&#8220;]<br \/>\n[av_textblock size=&#8220; font_color=&#8220; color=&#8220;]<\/p>\n<figure id=\"attachment_3516\" aria-describedby=\"caption-attachment-3516\" style=\"width: 390px\" class=\"wp-caption aligncenter\"><img loading=\"lazy\" decoding=\"async\" class=\"size-full wp-image-3516\" src=\"https:\/\/viv.tirol\/skiv\/wp-content\/uploads\/sites\/12\/2016\/03\/Schtzenscheibe_MEW06_I2.gif\" alt=\"Sch\u00fctzenscheibe vom 1. Nordtiroler Marschier- und Exerzierwettbewerb, geschossen von der Jury. Preis f\u00fcr den 1. Platz. Mai 2006\" width=\"390\" height=\"395\" \/><figcaption id=\"caption-attachment-3516\" class=\"wp-caption-text\">Sch\u00fctzenscheibe vom 1. Nordtiroler Marschier- und Exerzierwettbewerb, geschossen von der Jury. Preis f\u00fcr den 1. Platz. Mai 2006<\/figcaption><\/figure>\n<p>[\/av_textblock]<br \/>\n[\/av_one_half]<\/p>\n<p>[av_one_half min_height=&#8220; vertical_alignment=&#8220; space=&#8220; custom_margin=&#8220; margin=&#8217;0px&#8216; padding=&#8217;0px&#8216; border=&#8220; border_color=&#8220; radius=&#8217;0px&#8216; background_color=&#8220; src=&#8220; background_position=&#8217;top left&#8216; background_repeat=&#8217;no-repeat&#8216; animation=&#8220;]<\/p>\n<p>[av_textblock size=&#8220; font_color=&#8220; color=&#8220;]<\/p>\n<figure id=\"attachment_3524\" aria-describedby=\"caption-attachment-3524\" style=\"width: 390px\" class=\"wp-caption aligncenter\"><img loading=\"lazy\" decoding=\"async\" class=\"size-full wp-image-3524\" src=\"https:\/\/viv.tirol\/skiv\/wp-content\/uploads\/sites\/12\/2016\/03\/scheibe1920.gif\" alt=\"Sch\u00fctzenscheibe vom Festschie\u00dfen in Igls 1920, gewidmet von Dr. Rudolf Granichstaedten-Czerva. Original im Sch\u00fctzenheim der SK Igls\/Vill.\" width=\"390\" height=\"390\" \/><figcaption id=\"caption-attachment-3524\" class=\"wp-caption-text\">Sch\u00fctzenscheibe vom Festschie\u00dfen in Igls 1920, gewidmet von Dr. Rudolf Granichstaedten-Czerva. Original im Sch\u00fctzenheim der SK Igls-Vill.<\/figcaption><\/figure>\n<p>[\/av_textblock]<\/p>\n<p>[\/av_one_half][av_hr class=&#8217;custom&#8216; height=&#8217;50&#8216; shadow=&#8217;no-shadow&#8216; position=&#8217;center&#8216; custom_border=&#8217;av-border-none&#8216; custom_width=&#8217;50px&#8216; custom_border_color=&#8220; custom_margin_top=&#8217;10px&#8216; custom_margin_bottom=&#8217;10px&#8216; icon_select=&#8217;no&#8216; custom_icon_color=&#8220; icon=&#8217;ue808&#8242; font=&#8217;entypo-fontello&#8216;]<\/p>\n<p>[av_one_half first min_height=&#8220; vertical_alignment=&#8220; space=&#8220; custom_margin=&#8220; margin=&#8217;0px&#8216; padding=&#8217;0px&#8216; border=&#8220; border_color=&#8220; radius=&#8217;0px&#8216; background_color=&#8220; src=&#8220; background_position=&#8217;top left&#8216; background_repeat=&#8217;no-repeat&#8216; animation=&#8220;]<br \/>\n[av_textblock size=&#8220; font_color=&#8220; color=&#8220;]<\/p>\n<figure id=\"attachment_3525\" aria-describedby=\"caption-attachment-3525\" style=\"width: 390px\" class=\"wp-caption aligncenter\"><img loading=\"lazy\" decoding=\"async\" class=\"size-full wp-image-3525\" src=\"https:\/\/viv.tirol\/skiv\/wp-content\/uploads\/sites\/12\/2016\/03\/Schtzenscheibe_MEW06_II.gif\" alt=\"Sch\u00fctzenscheibe vom 1. Nordtiroler Marschier- und Exerzierwettbewerb. Preis f\u00fcr den 2. Platz. Mai 2006\" width=\"390\" height=\"390\" \/><figcaption id=\"caption-attachment-3525\" class=\"wp-caption-text\">Sch\u00fctzenscheibe vom 1. Nordtiroler Marschier- und Exerzierwettbewerb. Preis f\u00fcr den 2. Platz. Mai 2006<\/figcaption><\/figure>\n<p>[\/av_textblock]<br \/>\n[\/av_one_half]<\/p>\n<p>[av_one_half min_height=&#8220; vertical_alignment=&#8220; space=&#8220; custom_margin=&#8220; margin=&#8217;0px&#8216; padding=&#8217;0px&#8216; border=&#8220; border_color=&#8220; radius=&#8217;0px&#8216; background_color=&#8220; src=&#8220; background_position=&#8217;top left&#8216; background_repeat=&#8217;no-repeat&#8216; animation=&#8220;]<\/p>\n<p>[av_textblock size=&#8220; font_color=&#8220; color=&#8220;]<\/p>\n<figure id=\"attachment_3522\" aria-describedby=\"caption-attachment-3522\" style=\"width: 390px\" class=\"wp-caption aligncenter\"><img loading=\"lazy\" decoding=\"async\" class=\"size-full wp-image-3522\" src=\"https:\/\/viv.tirol\/skiv\/wp-content\/uploads\/sites\/12\/2016\/03\/scheibe_eller.gif\" alt=\"Sch\u00fctzenscheibe von Sch\u00fctzenhauptmann Josef Eller (gest. 1958). Original im Heim der SK Igls\/Vill.\" width=\"390\" height=\"390\" \/><figcaption id=\"caption-attachment-3522\" class=\"wp-caption-text\">Sch\u00fctzenscheibe von Sch\u00fctzenhauptmann Josef Eller (gest. 1958). Original im Heim der SK Igls-Vill.<\/figcaption><\/figure>\n<p>[\/av_textblock]<\/p>\n<p>[\/av_one_half][av_hr class=&#8217;custom&#8216; height=&#8217;50&#8216; shadow=&#8217;no-shadow&#8216; position=&#8217;center&#8216; custom_border=&#8217;av-border-none&#8216; custom_width=&#8217;50px&#8216; custom_border_color=&#8220; custom_margin_top=&#8217;10px&#8216; custom_margin_bottom=&#8217;10px&#8216; icon_select=&#8217;no&#8216; custom_icon_color=&#8220; icon=&#8217;ue808&#8242; font=&#8217;entypo-fontello&#8216;]<\/p>\n<p>[av_one_half first min_height=&#8220; vertical_alignment=&#8220; space=&#8220; custom_margin=&#8220; margin=&#8217;0px&#8216; padding=&#8217;0px&#8216; border=&#8220; border_color=&#8220; radius=&#8217;0px&#8216; background_color=&#8220; src=&#8220; background_position=&#8217;top left&#8216; background_repeat=&#8217;no-repeat&#8216; animation=&#8220;]<\/p>\n<p>[av_textblock size=&#8220; font_color=&#8220; color=&#8220;]<\/p>\n<figure id=\"attachment_3523\" aria-describedby=\"caption-attachment-3523\" style=\"width: 390px\" class=\"wp-caption aligncenter\"><img loading=\"lazy\" decoding=\"async\" class=\"size-full wp-image-3523\" src=\"https:\/\/viv.tirol\/skiv\/wp-content\/uploads\/sites\/12\/2016\/03\/scheibe1915-18.gif\" alt=\"Sch\u00fctzenscheibe von ca. 1915-1918. Original im Heim der SK Igls\/Vill.\" width=\"390\" height=\"390\" \/><figcaption id=\"caption-attachment-3523\" class=\"wp-caption-text\">Sch\u00fctzenscheibe von ca. 1915-1918. Original im Heim der SK Igls-Vill.<\/figcaption><\/figure>\n<p>[\/av_textblock]<\/p>\n<p>[\/av_one_half]<\/p>\n","protected":false},"excerpt":{"rendered":"<p>[av_textblock size=&#8220; font_color=&#8220; color=&#8220;] Sch\u00fctzenscheiben der SK Igls-Vill [\/av_textblock] [av_one_half first min_height=&#8220; vertical_alignment=&#8220; space=&#8220; custom_margin=&#8220; margin=&#8217;0px&#8216; padding=&#8217;0px&#8216; border=&#8220; border_color=&#8220; radius=&#8217;0px&#8216; background_color=&#8220; src=&#8220; background_position=&#8217;top left&#8216; background_repeat=&#8217;no-repeat&#8216; animation=&#8220;] [av_textblock size=&#8220; font_color=&#8220; color=&#8220;] [\/av_textblock] [\/av_one_half] [av_one_half min_height=&#8220; vertical_alignment=&#8220; space=&#8220; custom_margin=&#8220; margin=&#8217;0px&#8216; padding=&#8217;0px&#8216; border=&#8220; border_color=&#8220; radius=&#8217;0px&#8216; background_color=&#8220; src=&#8220; background_position=&#8217;top left&#8216; background_repeat=&#8217;no-repeat&#8216; animation=&#8220;] [av_textblock size=&#8220; font_color=&#8220; color=&#8220;] [\/av_textblock] [\/av_one_half][av_hr class=&#8217;custom&#8216;&hellip;&nbsp;<a href=\"https:\/\/viv.tirol\/skiv\/schuetzen\/schuetzenscheiben-der-sk-iglsvill\/\" rel=\"bookmark\">Mehr lesen &raquo;<span class=\"screen-reader-text\">Sch\u00fctzenscheiben<\/span><\/a><\/p>\n","protected":false},"author":29,"featured_media":0,"parent":3318,"menu_order":0,"comment_status":"closed","ping_status":"closed","template":"","meta":{"_acf_changed":false,"neve_meta_sidebar":"","neve_meta_container":"","neve_meta_enable_content_width":"","neve_meta_content_width":0,"neve_meta_title_alignment":"","neve_meta_author_avatar":"","neve_post_elements_order":"","neve_meta_disable_header":"","neve_meta_disable_footer":"","neve_meta_disable_title":"","neve_meta_reading_time":"","_themeisle_gutenberg_block_has_review":false,"footnotes":""},"class_list":["post-3336","page","type-page","status-publish","hentry"],"acf":[],"_links":{"self":[{"href":"https:\/\/viv.tirol\/skiv\/wp-json\/wp\/v2\/pages\/3336","targetHints":{"allow":["GET"]}}],"collection":[{"href":"https:\/\/viv.tirol\/skiv\/wp-json\/wp\/v2\/pages"}],"about":[{"href":"https:\/\/viv.tirol\/skiv\/wp-json\/wp\/v2\/types\/page"}],"author":[{"embeddable":true,"href":"https:\/\/viv.tirol\/skiv\/wp-json\/wp\/v2\/users\/29"}],"replies":[{"embeddable":true,"href":"https:\/\/viv.tirol\/skiv\/wp-json\/wp\/v2\/comments?post=3336"}],"version-history":[{"count":0,"href":"https:\/\/viv.tirol\/skiv\/wp-json\/wp\/v2\/pages\/3336\/revisions"}],"up":[{"embeddable":true,"href":"https:\/\/viv.tirol\/skiv\/wp-json\/wp\/v2\/pages\/3318"}],"wp:attachment":[{"href":"https:\/\/viv.tirol\/skiv\/wp-json\/wp\/v2\/media?parent=3336"}],"curies":[{"name":"wp","href":"https:\/\/api.w.org\/{rel}","templated":true}]}}

Schützenscheiben

<p>[av_textblock size=&#8220; font_color=&#8220; color=&#8220;]</p>
<h2>Schützenscheiben der SK Igls-Vill</h2>
<p>[/av_textblock]</p>
<p>[av_one_half first min_height=&#8220; vertical_alignment=&#8220; space=&#8220; custom_margin=&#8220; margin=&#8217;0px&#8216; padding=&#8217;0px&#8216; border=&#8220; border_color=&#8220; radius=&#8217;0px&#8216; background_color=&#8220; src=&#8220; background_position=&#8217;top left&#8216; background_repeat=&#8217;no-repeat&#8216; animation=&#8220;]<br />
[av_textblock size=&#8220; font_color=&#8220; color=&#8220;]</p>
<figure id="attachment_3516" aria-describedby="caption-attachment-3516" style="width: 390px" class="wp-caption aligncenter"><img loading="lazy" decoding="async" class="size-full wp-image-3516" src="https://viv.tirol/skiv/wp-content/uploads/sites/12/2016/03/Schtzenscheibe_MEW06_I2.gif" alt="Schützenscheibe vom 1. Nordtiroler Marschier- und Exerzierwettbewerb, geschossen von der Jury. Preis für den 1. Platz. Mai 2006" width="390" height="395" /><figcaption id="caption-attachment-3516" class="wp-caption-text">Schützenscheibe vom 1. Nordtiroler Marschier- und Exerzierwettbewerb, geschossen von der Jury. Preis für den 1. Platz. Mai 2006</figcaption></figure>
<p>[/av_textblock]<br />
[/av_one_half]</p>
<p>[av_one_half min_height=&#8220; vertical_alignment=&#8220; space=&#8220; custom_margin=&#8220; margin=&#8217;0px&#8216; padding=&#8217;0px&#8216; border=&#8220; border_color=&#8220; radius=&#8217;0px&#8216; background_color=&#8220; src=&#8220; background_position=&#8217;top left&#8216; background_repeat=&#8217;no-repeat&#8216; animation=&#8220;]</p>
<p>[av_textblock size=&#8220; font_color=&#8220; color=&#8220;]</p>
<figure id="attachment_3524" aria-describedby="caption-attachment-3524" style="width: 390px" class="wp-caption aligncenter"><img loading="lazy" decoding="async" class="size-full wp-image-3524" src="https://viv.tirol/skiv/wp-content/uploads/sites/12/2016/03/scheibe1920.gif" alt="Schützenscheibe vom Festschießen in Igls 1920, gewidmet von Dr. Rudolf Granichstaedten-Czerva. Original im Schützenheim der SK Igls/Vill." width="390" height="390" /><figcaption id="caption-attachment-3524" class="wp-caption-text">Schützenscheibe vom Festschießen in Igls 1920, gewidmet von Dr. Rudolf Granichstaedten-Czerva. Original im Schützenheim der SK Igls-Vill.</figcaption></figure>
<p>[/av_textblock]</p>
<p>[/av_one_half][av_hr class=&#8217;custom&#8216; height=&#8217;50&#8216; shadow=&#8217;no-shadow&#8216; position=&#8217;center&#8216; custom_border=&#8217;av-border-none&#8216; custom_width=&#8217;50px&#8216; custom_border_color=&#8220; custom_margin_top=&#8217;10px&#8216; custom_margin_bottom=&#8217;10px&#8216; icon_select=&#8217;no&#8216; custom_icon_color=&#8220; icon=&#8217;ue808&#8242; font=&#8217;entypo-fontello&#8216;]</p>
<p>[av_one_half first min_height=&#8220; vertical_alignment=&#8220; space=&#8220; custom_margin=&#8220; margin=&#8217;0px&#8216; padding=&#8217;0px&#8216; border=&#8220; border_color=&#8220; radius=&#8217;0px&#8216; background_color=&#8220; src=&#8220; background_position=&#8217;top left&#8216; background_repeat=&#8217;no-repeat&#8216; animation=&#8220;]<br />
[av_textblock size=&#8220; font_color=&#8220; color=&#8220;]</p>
<figure id="attachment_3525" aria-describedby="caption-attachment-3525" style="width: 390px" class="wp-caption aligncenter"><img loading="lazy" decoding="async" class="size-full wp-image-3525" src="https://viv.tirol/skiv/wp-content/uploads/sites/12/2016/03/Schtzenscheibe_MEW06_II.gif" alt="Schützenscheibe vom 1. Nordtiroler Marschier- und Exerzierwettbewerb. Preis für den 2. Platz. Mai 2006" width="390" height="390" /><figcaption id="caption-attachment-3525" class="wp-caption-text">Schützenscheibe vom 1. Nordtiroler Marschier- und Exerzierwettbewerb. Preis für den 2. Platz. Mai 2006</figcaption></figure>
<p>[/av_textblock]<br />
[/av_one_half]</p>
<p>[av_one_half min_height=&#8220; vertical_alignment=&#8220; space=&#8220; custom_margin=&#8220; margin=&#8217;0px&#8216; padding=&#8217;0px&#8216; border=&#8220; border_color=&#8220; radius=&#8217;0px&#8216; background_color=&#8220; src=&#8220; background_position=&#8217;top left&#8216; background_repeat=&#8217;no-repeat&#8216; animation=&#8220;]</p>
<p>[av_textblock size=&#8220; font_color=&#8220; color=&#8220;]</p>
<figure id="attachment_3522" aria-describedby="caption-attachment-3522" style="width: 390px" class="wp-caption aligncenter"><img loading="lazy" decoding="async" class="size-full wp-image-3522" src="https://viv.tirol/skiv/wp-content/uploads/sites/12/2016/03/scheibe_eller.gif" alt="Schützenscheibe von Schützenhauptmann Josef Eller (gest. 1958). Original im Heim der SK Igls/Vill." width="390" height="390" /><figcaption id="caption-attachment-3522" class="wp-caption-text">Schützenscheibe von Schützenhauptmann Josef Eller (gest. 1958). Original im Heim der SK Igls-Vill.</figcaption></figure>
<p>[/av_textblock]</p>
<p>[/av_one_half][av_hr class=&#8217;custom&#8216; height=&#8217;50&#8216; shadow=&#8217;no-shadow&#8216; position=&#8217;center&#8216; custom_border=&#8217;av-border-none&#8216; custom_width=&#8217;50px&#8216; custom_border_color=&#8220; custom_margin_top=&#8217;10px&#8216; custom_margin_bottom=&#8217;10px&#8216; icon_select=&#8217;no&#8216; custom_icon_color=&#8220; icon=&#8217;ue808&#8242; font=&#8217;entypo-fontello&#8216;]</p>
<p>[av_one_half first min_height=&#8220; vertical_alignment=&#8220; space=&#8220; custom_margin=&#8220; margin=&#8217;0px&#8216; padding=&#8217;0px&#8216; border=&#8220; border_color=&#8220; radius=&#8217;0px&#8216; background_color=&#8220; src=&#8220; background_position=&#8217;top left&#8216; background_repeat=&#8217;no-repeat&#8216; animation=&#8220;]</p>
<p>[av_textblock size=&#8220; font_color=&#8220; color=&#8220;]</p>
<figure id="attachment_3523" aria-describedby="caption-attachment-3523" style="width: 390px" class="wp-caption aligncenter"><img loading="lazy" decoding="async" class="size-full wp-image-3523" src="https://viv.tirol/skiv/wp-content/uploads/sites/12/2016/03/scheibe1915-18.gif" alt="Schützenscheibe von ca. 1915-1918. Original im Heim der SK Igls/Vill." width="390" height="390" /><figcaption id="caption-attachment-3523" class="wp-caption-text">Schützenscheibe von ca. 1915-1918. Original im Heim der SK Igls-Vill.</figcaption></figure>
<p>[/av_textblock]</p>
<p>[/av_one_half]</p>

<p>[av_textblock size=&#8220; font_color=&#8220; color=&#8220;] Schützenscheiben der SK Igls-Vill [/av_textblock] [av_one_half first min_height=&#8220; vertical_alignment=&#8220; space=&#8220; custom_margin=&#8220; margin=&#8217;0px&#8216; padding=&#8217;0px&#8216; border=&#8220; border_color=&#8220; radius=&#8217;0px&#8216; background_color=&#8220; src=&#8220; background_position=&#8217;top left&#8216; background_repeat=&#8217;no-repeat&#8216; animation=&#8220;] [av_textblock size=&#8220; font_color=&#8220; color=&#8220;] [/av_textblock] [/av_one_half] [av_one_half min_height=&#8220; vertical_alignment=&#8220; space=&#8220; custom_margin=&#8220; margin=&#8217;0px&#8216; padding=&#8217;0px&#8216; border=&#8220; border_color=&#8220; radius=&#8217;0px&#8216; background_color=&#8220; src=&#8220; background_position=&#8217;top left&#8216; background_repeat=&#8217;no-repeat&#8216; animation=&#8220;] [av_textblock size=&#8220; font_color=&#8220; color=&#8220;] [/av_textblock] [/av_one_half][av_hr class=&#8217;custom&#8216;&hellip;&nbsp;<a href="https://viv.tirol/skiv/schuetzen/schuetzenscheiben-der-sk-iglsvill/" rel="bookmark">Mehr lesen &raquo;<span class="screen-reader-text">Schützenscheiben</span></a></p>
