{"id":3334,"date":"2016-03-22T18:51:55","date_gmt":"2016-03-22T17:51:55","guid":{"rendered":"https:\/\/viv.tirol\/skiv\/?page_id=3334"},"modified":"2017-04-11T20:38:09","modified_gmt":"2017-04-11T18:38:09","slug":"fahnen-der-sk-iglsvill","status":"publish","type":"page","link":"https:\/\/viv.tirol\/skiv\/schuetzen\/fahnen-der-sk-iglsvill\/","title":{"rendered":"Die Fahnen"},"content":{"rendered":"<p>[av_textblock size=&#8220; font_color=&#8220; color=&#8220;]<\/p>\n<h2>Die Fahnen der SK Igls-Vill<\/h2>\n<h3>Historische Fahne 1894:<\/h3>\n<p>Stammt aus den Anf\u00e4ngen des 19. Jahrhunderts und ist die einzige noch existierende Fahne des ganzen Mittelgebirges.<\/p>\n<p><strong>Farben<\/strong>: Moosgr\u00fcn \u2013 wei\u00df \u2013 moosgr\u00fcn.<br \/>\n<strong>Vorderseite<\/strong>: Tiroler Adler mit zwei Lorbeerzweigen unter den F\u00e4ngen.<br \/>\n<strong>R\u00fcckseite<\/strong>: moosgr\u00fcn \u2013 wei\u00df \u2013 moosgr\u00fcn mit dem Bild des Heiligen Josef ohne Schriftzug.<br \/>\n[\/av_textblock]<\/p>\n<p>[av_three_fifth first min_height=&#8220; vertical_alignment=&#8220; space=&#8220; custom_margin=&#8220; margin=&#8217;0px&#8216; padding=&#8217;0px&#8216; border=&#8220; border_color=&#8220; radius=&#8217;0px&#8216; background_color=&#8220; src=&#8220; background_position=&#8217;top left&#8216; background_repeat=&#8217;no-repeat&#8216; animation=&#8220;]<br \/>\n[av_gallery ids=&#8217;3495,3494&#8242; style=&#8217;thumbnails&#8216; preview_size=&#8217;portfolio&#8216; crop_big_preview_thumbnail=&#8217;avia-gallery-big-crop-thumb&#8216; thumb_size=&#8217;square&#8216; columns=&#8217;2&#8242; imagelink=&#8217;lightbox&#8216; lazyload=&#8217;avia_lazyload&#8216;]<br \/>\n[\/av_three_fifth]<\/p>\n<p>[av_two_fifth min_height=&#8220; vertical_alignment=&#8220; space=&#8220; custom_margin=&#8220; margin=&#8217;0px&#8216; padding=&#8217;0px&#8216; border=&#8220; border_color=&#8220; radius=&#8217;0px&#8216; background_color=&#8220; src=&#8220; background_position=&#8217;top left&#8216; background_repeat=&#8217;no-repeat&#8216; animation=&#8220;]<br \/>\n[av_textblock size=&#8220; font_color=&#8220; color=&#8220;]<br \/>\n<strong>Restaurierung 1975<\/strong><br \/>\n<strong> Weihe:<\/strong> 1998<br \/>\n<b>Fahnenpatinnen: <\/b><br \/>\nBrigitte Kalous und Vroni Treichl<br \/>\n[\/av_textblock]<br \/>\n[\/av_two_fifth]<\/p>\n<p>[av_hr class=&#8217;custom&#8216; height=&#8217;50&#8216; shadow=&#8217;no-shadow&#8216; position=&#8217;center&#8216; custom_border=&#8217;av-border-thin&#8216; custom_width=&#8217;100%&#8216; custom_border_color=&#8220; custom_margin_top=&#8217;30px&#8216; custom_margin_bottom=&#8217;30px&#8216; icon_select=&#8217;yes&#8216; custom_icon_color=&#8217;#000000&#8242; icon=&#8217;ue82a&#8216; font=&#8217;entypo-fontello&#8216;]<\/p>\n<p>[av_textblock size=&#8220; font_color=&#8220; color=&#8220;]<\/p>\n<h3>Igler Fahne:<\/h3>\n<p><strong>Vorderseite<\/strong>: wei\u00df mit Tiroler Adler an drei Seiten mit Eichenlaub eingefasst. An den unteren Ecken Eichenzweige zu den Schwanzfedern verlaufend.<br \/>\n<strong>R\u00fcckseite<\/strong>: rot mit der Abbildung des Heiligen Josef im gelben Feld und Schriftzug \u201eHl. Josef bitt f\u00fcr uns!\u201c. An drei Seiten mit Blattranken eingefasst, an den unteren Ecken Zierornamente.<br \/>\n[\/av_textblock]<\/p>\n<p>[av_three_fifth first min_height=&#8220; vertical_alignment=&#8220; space=&#8220; custom_margin=&#8220; margin=&#8217;0px&#8216; padding=&#8217;0px&#8216; border=&#8220; border_color=&#8220; radius=&#8217;0px&#8216; background_color=&#8220; src=&#8220; background_position=&#8217;top left&#8216; background_repeat=&#8217;no-repeat&#8216; animation=&#8220;]<br \/>\n[av_gallery ids=&#8217;3504,3503&#8242; style=&#8217;thumbnails&#8216; preview_size=&#8217;portfolio&#8216; crop_big_preview_thumbnail=&#8217;avia-gallery-big-crop-thumb&#8216; thumb_size=&#8217;square&#8216; columns=&#8217;2&#8242; imagelink=&#8217;lightbox&#8216; lazyload=&#8217;avia_lazyload&#8216;]<br \/>\n[\/av_three_fifth]<\/p>\n<p>[av_two_fifth min_height=&#8220; vertical_alignment=&#8220; space=&#8220; custom_margin=&#8220; margin=&#8217;0px&#8216; padding=&#8217;0px&#8216; border=&#8220; border_color=&#8220; radius=&#8217;0px&#8216; background_color=&#8220; src=&#8220; background_position=&#8217;top left&#8216; background_repeat=&#8217;no-repeat&#8216; animation=&#8220;]<br \/>\n[av_textblock size=&#8220; font_color=&#8220; color=&#8220;]<br \/>\n<strong>Weihe:<\/strong> 1975<br \/>\n<b>Fahnenpatinnen: <\/b><br \/>\nGrete Lintner und Hermine Wieser<br \/>\n[\/av_textblock]<br \/>\n[\/av_two_fifth]<\/p>\n<p>[av_hr class=&#8217;custom&#8216; height=&#8217;50&#8216; shadow=&#8217;no-shadow&#8216; position=&#8217;center&#8216; custom_border=&#8217;av-border-thin&#8216; custom_width=&#8217;100%&#8216; custom_border_color=&#8220; custom_margin_top=&#8217;30px&#8216; custom_margin_bottom=&#8217;30px&#8216; icon_select=&#8217;yes&#8216; custom_icon_color=&#8217;#000000&#8242; icon=&#8217;ue82a&#8216; font=&#8217;entypo-fontello&#8216;]<\/p>\n<p>[av_textblock size=&#8220; font_color=&#8220; color=&#8220;]<\/p>\n<h3>Viller Fahne 1888:<\/h3>\n<p><strong>Vorder- und R\u00fcckseite<\/strong>: gr\u00fcn \u2013 wei\u00df \u2013 gr\u00fcn. Vorderseite mit einfachen Tiroler Adler, R\u00fcckseite im Strahlenkranz das Herz-Jesu.<br \/>\n[\/av_textblock]<\/p>\n<p>[av_three_fifth first min_height=&#8220; vertical_alignment=&#8220; space=&#8220; custom_margin=&#8220; margin=&#8217;0px&#8216; padding=&#8217;0px&#8216; border=&#8220; border_color=&#8220; radius=&#8217;0px&#8216; background_color=&#8220; src=&#8220; background_position=&#8217;top left&#8216; background_repeat=&#8217;no-repeat&#8216; animation=&#8220;]<br \/>\n[av_gallery ids=&#8217;3510,3509&#8242; style=&#8217;thumbnails&#8216; preview_size=&#8217;portfolio&#8216; crop_big_preview_thumbnail=&#8217;avia-gallery-big-crop-thumb&#8216; thumb_size=&#8217;square&#8216; columns=&#8217;2&#8242; imagelink=&#8217;lightbox&#8216; lazyload=&#8217;avia_lazyload&#8216;]<br \/>\n[\/av_three_fifth]<\/p>\n<p>[av_two_fifth min_height=&#8220; vertical_alignment=&#8220; space=&#8220; custom_margin=&#8220; margin=&#8217;0px&#8216; padding=&#8217;0px&#8216; border=&#8220; border_color=&#8220; radius=&#8217;0px&#8216; background_color=&#8220; src=&#8220; background_position=&#8217;top left&#8216; background_repeat=&#8217;no-repeat&#8216; animation=&#8220;]<\/p>\n<p>[av_textblock size=&#8220; font_color=&#8220; color=&#8220;]<br \/>\n<strong>Weihe:<\/strong> 1975<br \/>\n<b>Fahnenpatinnen: <\/b><br \/>\nAnna Wegscheider und Maria Alesandri<br \/>\n<strong>Restaurierung:<\/strong>\u00a02006<br \/>\n<b>Fahnenpatin:\u00a0<\/b><br \/>\nRosi van Schaik<br \/>\n[\/av_textblock]<\/p>\n<p>[\/av_two_fifth][av_hr class=&#8217;custom&#8216; height=&#8217;50&#8216; shadow=&#8217;no-shadow&#8216; position=&#8217;center&#8216; custom_border=&#8217;av-border-thin&#8216; custom_width=&#8217;100%&#8216; custom_border_color=&#8220; custom_margin_top=&#8217;30px&#8216; custom_margin_bottom=&#8217;30px&#8216; icon_select=&#8217;yes&#8216; custom_icon_color=&#8217;#000000&#8242; icon=&#8217;ue82a&#8216; font=&#8217;entypo-fontello&#8216;]<\/p>\n<p>[av_textblock size=&#8220; font_color=&#8220; color=&#8220;]<\/p>\n<h3>Jungsch\u00fctzenfahne:<\/h3>\n<p><strong>Vorderseite<\/strong>: gr\u00fcn \u2013 wei\u00df \u2013 gr\u00fcn mit dem Tiroler Wappenschild.<br \/>\n<strong>R\u00fcckseite<\/strong>: gr\u00fcn \u2013 wei\u00df \u2013 gr\u00fcn mit der Gottesmutter und dem Jesuskind im Strahlen-kranz.<br \/>\nDas Bild stammt urspr\u00fcnglich von einer ungarischen Reiterstandarte, die von Hannes Hundegger in den Wirren der 30. Jahre gerettet wurde. Die Fahne wurde 1959 geweiht.<br \/>\n[\/av_textblock]<\/p>\n<p>[av_three_fifth first min_height=&#8220; vertical_alignment=&#8220; space=&#8220; custom_margin=&#8220; margin=&#8217;0px&#8216; padding=&#8217;0px&#8216; border=&#8220; border_color=&#8220; radius=&#8217;0px&#8216; background_color=&#8220; src=&#8220; background_position=&#8217;top left&#8216; background_repeat=&#8217;no-repeat&#8216; animation=&#8220;]<br \/>\n[av_gallery ids=&#8217;3513,3512&#8242; style=&#8217;thumbnails&#8216; preview_size=&#8217;portfolio&#8216; crop_big_preview_thumbnail=&#8217;avia-gallery-big-crop-thumb&#8216; thumb_size=&#8217;square&#8216; columns=&#8217;2&#8242; imagelink=&#8217;lightbox&#8216; lazyload=&#8217;avia_lazyload&#8216;]<br \/>\n[\/av_three_fifth]<\/p>\n<p>[av_two_fifth min_height=&#8220; vertical_alignment=&#8220; space=&#8220; custom_margin=&#8220; margin=&#8217;0px&#8216; padding=&#8217;0px&#8216; border=&#8220; border_color=&#8220; radius=&#8217;0px&#8216; background_color=&#8220; src=&#8220; background_position=&#8217;top left&#8216; background_repeat=&#8217;no-repeat&#8216; animation=&#8220;]<br \/>\n[av_textblock size=&#8220; font_color=&#8220; color=&#8220;]<br \/>\n<strong>Weihe:<\/strong> 1959<br \/>\n<b>Fahnenpatinnen: <\/b><br \/>\nIsabella Groissmayr<br \/>\n[\/av_textblock]<br \/>\n[\/av_two_fifth]<\/p>\n","protected":false},"excerpt":{"rendered":"<p>[av_textblock size=&#8220; font_color=&#8220; color=&#8220;] Die Fahnen der SK Igls-Vill Historische Fahne 1894: Stammt aus den Anf\u00e4ngen des 19. Jahrhunderts und ist die einzige noch existierende Fahne des ganzen Mittelgebirges. Farben: Moosgr\u00fcn \u2013 wei\u00df \u2013 moosgr\u00fcn. Vorderseite: Tiroler Adler mit zwei Lorbeerzweigen unter den F\u00e4ngen. R\u00fcckseite: moosgr\u00fcn \u2013 wei\u00df \u2013 moosgr\u00fcn mit dem Bild des Heiligen&hellip;&nbsp;<a href=\"https:\/\/viv.tirol\/skiv\/schuetzen\/fahnen-der-sk-iglsvill\/\" rel=\"bookmark\">Mehr lesen &raquo;<span class=\"screen-reader-text\">Die Fahnen<\/span><\/a><\/p>\n","protected":false},"author":29,"featured_media":0,"parent":3318,"menu_order":0,"comment_status":"closed","ping_status":"closed","template":"","meta":{"_acf_changed":false,"neve_meta_sidebar":"","neve_meta_container":"","neve_meta_enable_content_width":"","neve_meta_content_width":0,"neve_meta_title_alignment":"","neve_meta_author_avatar":"","neve_post_elements_order":"","neve_meta_disable_header":"","neve_meta_disable_footer":"","neve_meta_disable_title":"","neve_meta_reading_time":"","_themeisle_gutenberg_block_has_review":false,"footnotes":""},"class_list":["post-3334","page","type-page","status-publish","hentry"],"acf":[],"_links":{"self":[{"href":"https:\/\/viv.tirol\/skiv\/wp-json\/wp\/v2\/pages\/3334","targetHints":{"allow":["GET"]}}],"collection":[{"href":"https:\/\/viv.tirol\/skiv\/wp-json\/wp\/v2\/pages"}],"about":[{"href":"https:\/\/viv.tirol\/skiv\/wp-json\/wp\/v2\/types\/page"}],"author":[{"embeddable":true,"href":"https:\/\/viv.tirol\/skiv\/wp-json\/wp\/v2\/users\/29"}],"replies":[{"embeddable":true,"href":"https:\/\/viv.tirol\/skiv\/wp-json\/wp\/v2\/comments?post=3334"}],"version-history":[{"count":0,"href":"https:\/\/viv.tirol\/skiv\/wp-json\/wp\/v2\/pages\/3334\/revisions"}],"up":[{"embeddable":true,"href":"https:\/\/viv.tirol\/skiv\/wp-json\/wp\/v2\/pages\/3318"}],"wp:attachment":[{"href":"https:\/\/viv.tirol\/skiv\/wp-json\/wp\/v2\/media?parent=3334"}],"curies":[{"name":"wp","href":"https:\/\/api.w.org\/{rel}","templated":true}]}}

<p>[av_textblock size=&#8220; font_color=&#8220; color=&#8220;]</p>
<h2>Die Fahnen der SK Igls-Vill</h2>
<h3>Historische Fahne 1894:</h3>
<p>Stammt aus den Anfängen des 19. Jahrhunderts und ist die einzige noch existierende Fahne des ganzen Mittelgebirges.</p>
<p><strong>Farben</strong>: Moosgrün – weiß – moosgrün.<br />
<strong>Vorderseite</strong>: Tiroler Adler mit zwei Lorbeerzweigen unter den Fängen.<br />
<strong>Rückseite</strong>: moosgrün – weiß – moosgrün mit dem Bild des Heiligen Josef ohne Schriftzug.<br />
[/av_textblock]</p>
<p>[av_three_fifth first min_height=&#8220; vertical_alignment=&#8220; space=&#8220; custom_margin=&#8220; margin=&#8217;0px&#8216; padding=&#8217;0px&#8216; border=&#8220; border_color=&#8220; radius=&#8217;0px&#8216; background_color=&#8220; src=&#8220; background_position=&#8217;top left&#8216; background_repeat=&#8217;no-repeat&#8216; animation=&#8220;]<br />
[av_gallery ids=&#8217;3495,3494&#8242; style=&#8217;thumbnails&#8216; preview_size=&#8217;portfolio&#8216; crop_big_preview_thumbnail=&#8217;avia-gallery-big-crop-thumb&#8216; thumb_size=&#8217;square&#8216; columns=&#8217;2&#8242; imagelink=&#8217;lightbox&#8216; lazyload=&#8217;avia_lazyload&#8216;]<br />
[/av_three_fifth]</p>
<p>[av_two_fifth min_height=&#8220; vertical_alignment=&#8220; space=&#8220; custom_margin=&#8220; margin=&#8217;0px&#8216; padding=&#8217;0px&#8216; border=&#8220; border_color=&#8220; radius=&#8217;0px&#8216; background_color=&#8220; src=&#8220; background_position=&#8217;top left&#8216; background_repeat=&#8217;no-repeat&#8216; animation=&#8220;]<br />
[av_textblock size=&#8220; font_color=&#8220; color=&#8220;]<br />
<strong>Restaurierung 1975</strong><br />
<strong> Weihe:</strong> 1998<br />
<b>Fahnenpatinnen: </b><br />
Brigitte Kalous und Vroni Treichl<br />
[/av_textblock]<br />
[/av_two_fifth]</p>
<p>[av_hr class=&#8217;custom&#8216; height=&#8217;50&#8216; shadow=&#8217;no-shadow&#8216; position=&#8217;center&#8216; custom_border=&#8217;av-border-thin&#8216; custom_width=&#8217;100%&#8216; custom_border_color=&#8220; custom_margin_top=&#8217;30px&#8216; custom_margin_bottom=&#8217;30px&#8216; icon_select=&#8217;yes&#8216; custom_icon_color=&#8217;#000000&#8242; icon=&#8217;ue82a&#8216; font=&#8217;entypo-fontello&#8216;]</p>
<p>[av_textblock size=&#8220; font_color=&#8220; color=&#8220;]</p>
<h3>Igler Fahne:</h3>
<p><strong>Vorderseite</strong>: weiß mit Tiroler Adler an drei Seiten mit Eichenlaub eingefasst. An den unteren Ecken Eichenzweige zu den Schwanzfedern verlaufend.<br />
<strong>Rückseite</strong>: rot mit der Abbildung des Heiligen Josef im gelben Feld und Schriftzug „Hl. Josef bitt für uns!“. An drei Seiten mit Blattranken eingefasst, an den unteren Ecken Zierornamente.<br />
[/av_textblock]</p>
<p>[av_three_fifth first min_height=&#8220; vertical_alignment=&#8220; space=&#8220; custom_margin=&#8220; margin=&#8217;0px&#8216; padding=&#8217;0px&#8216; border=&#8220; border_color=&#8220; radius=&#8217;0px&#8216; background_color=&#8220; src=&#8220; background_position=&#8217;top left&#8216; background_repeat=&#8217;no-repeat&#8216; animation=&#8220;]<br />
[av_gallery ids=&#8217;3504,3503&#8242; style=&#8217;thumbnails&#8216; preview_size=&#8217;portfolio&#8216; crop_big_preview_thumbnail=&#8217;avia-gallery-big-crop-thumb&#8216; thumb_size=&#8217;square&#8216; columns=&#8217;2&#8242; imagelink=&#8217;lightbox&#8216; lazyload=&#8217;avia_lazyload&#8216;]<br />
[/av_three_fifth]</p>
<p>[av_two_fifth min_height=&#8220; vertical_alignment=&#8220; space=&#8220; custom_margin=&#8220; margin=&#8217;0px&#8216; padding=&#8217;0px&#8216; border=&#8220; border_color=&#8220; radius=&#8217;0px&#8216; background_color=&#8220; src=&#8220; background_position=&#8217;top left&#8216; background_repeat=&#8217;no-repeat&#8216; animation=&#8220;]<br />
[av_textblock size=&#8220; font_color=&#8220; color=&#8220;]<br />
<strong>Weihe:</strong> 1975<br />
<b>Fahnenpatinnen: </b><br />
Grete Lintner und Hermine Wieser<br />
[/av_textblock]<br />
[/av_two_fifth]</p>
<p>[av_hr class=&#8217;custom&#8216; height=&#8217;50&#8216; shadow=&#8217;no-shadow&#8216; position=&#8217;center&#8216; custom_border=&#8217;av-border-thin&#8216; custom_width=&#8217;100%&#8216; custom_border_color=&#8220; custom_margin_top=&#8217;30px&#8216; custom_margin_bottom=&#8217;30px&#8216; icon_select=&#8217;yes&#8216; custom_icon_color=&#8217;#000000&#8242; icon=&#8217;ue82a&#8216; font=&#8217;entypo-fontello&#8216;]</p>
<p>[av_textblock size=&#8220; font_color=&#8220; color=&#8220;]</p>
<h3>Viller Fahne 1888:</h3>
<p><strong>Vorder- und Rückseite</strong>: grün – weiß – grün. Vorderseite mit einfachen Tiroler Adler, Rückseite im Strahlenkranz das Herz-Jesu.<br />
[/av_textblock]</p>
<p>[av_three_fifth first min_height=&#8220; vertical_alignment=&#8220; space=&#8220; custom_margin=&#8220; margin=&#8217;0px&#8216; padding=&#8217;0px&#8216; border=&#8220; border_color=&#8220; radius=&#8217;0px&#8216; background_color=&#8220; src=&#8220; background_position=&#8217;top left&#8216; background_repeat=&#8217;no-repeat&#8216; animation=&#8220;]<br />
[av_gallery ids=&#8217;3510,3509&#8242; style=&#8217;thumbnails&#8216; preview_size=&#8217;portfolio&#8216; crop_big_preview_thumbnail=&#8217;avia-gallery-big-crop-thumb&#8216; thumb_size=&#8217;square&#8216; columns=&#8217;2&#8242; imagelink=&#8217;lightbox&#8216; lazyload=&#8217;avia_lazyload&#8216;]<br />
[/av_three_fifth]</p>
<p>[av_two_fifth min_height=&#8220; vertical_alignment=&#8220; space=&#8220; custom_margin=&#8220; margin=&#8217;0px&#8216; padding=&#8217;0px&#8216; border=&#8220; border_color=&#8220; radius=&#8217;0px&#8216; background_color=&#8220; src=&#8220; background_position=&#8217;top left&#8216; background_repeat=&#8217;no-repeat&#8216; animation=&#8220;]</p>
<p>[av_textblock size=&#8220; font_color=&#8220; color=&#8220;]<br />
<strong>Weihe:</strong> 1975<br />
<b>Fahnenpatinnen: </b><br />
Anna Wegscheider und Maria Alesandri<br />
<strong>Restaurierung:</strong> 2006<br />
<b>Fahnenpatin: </b><br />
Rosi van Schaik<br />
[/av_textblock]</p>
<p>[/av_two_fifth][av_hr class=&#8217;custom&#8216; height=&#8217;50&#8216; shadow=&#8217;no-shadow&#8216; position=&#8217;center&#8216; custom_border=&#8217;av-border-thin&#8216; custom_width=&#8217;100%&#8216; custom_border_color=&#8220; custom_margin_top=&#8217;30px&#8216; custom_margin_bottom=&#8217;30px&#8216; icon_select=&#8217;yes&#8216; custom_icon_color=&#8217;#000000&#8242; icon=&#8217;ue82a&#8216; font=&#8217;entypo-fontello&#8216;]</p>
<p>[av_textblock size=&#8220; font_color=&#8220; color=&#8220;]</p>
<h3>Jungschützenfahne:</h3>
<p><strong>Vorderseite</strong>: grün – weiß – grün mit dem Tiroler Wappenschild.<br />
<strong>Rückseite</strong>: grün – weiß – grün mit der Gottesmutter und dem Jesuskind im Strahlen-kranz.<br />
Das Bild stammt ursprünglich von einer ungarischen Reiterstandarte, die von Hannes Hundegger in den Wirren der 30. Jahre gerettet wurde. Die Fahne wurde 1959 geweiht.<br />
[/av_textblock]</p>
<p>[av_three_fifth first min_height=&#8220; vertical_alignment=&#8220; space=&#8220; custom_margin=&#8220; margin=&#8217;0px&#8216; padding=&#8217;0px&#8216; border=&#8220; border_color=&#8220; radius=&#8217;0px&#8216; background_color=&#8220; src=&#8220; background_position=&#8217;top left&#8216; background_repeat=&#8217;no-repeat&#8216; animation=&#8220;]<br />
[av_gallery ids=&#8217;3513,3512&#8242; style=&#8217;thumbnails&#8216; preview_size=&#8217;portfolio&#8216; crop_big_preview_thumbnail=&#8217;avia-gallery-big-crop-thumb&#8216; thumb_size=&#8217;square&#8216; columns=&#8217;2&#8242; imagelink=&#8217;lightbox&#8216; lazyload=&#8217;avia_lazyload&#8216;]<br />
[/av_three_fifth]</p>
<p>[av_two_fifth min_height=&#8220; vertical_alignment=&#8220; space=&#8220; custom_margin=&#8220; margin=&#8217;0px&#8216; padding=&#8217;0px&#8216; border=&#8220; border_color=&#8220; radius=&#8217;0px&#8216; background_color=&#8220; src=&#8220; background_position=&#8217;top left&#8216; background_repeat=&#8217;no-repeat&#8216; animation=&#8220;]<br />
[av_textblock size=&#8220; font_color=&#8220; color=&#8220;]<br />
<strong>Weihe:</strong> 1959<br />
<b>Fahnenpatinnen: </b><br />
Isabella Groissmayr<br />
[/av_textblock]<br />
[/av_two_fifth]</p>

<p>[av_textblock size=&#8220; font_color=&#8220; color=&#8220;] Die Fahnen der SK Igls-Vill Historische Fahne 1894: Stammt aus den Anfängen des 19. Jahrhunderts und ist die einzige noch existierende Fahne des ganzen Mittelgebirges. Farben: Moosgrün – weiß – moosgrün. Vorderseite: Tiroler Adler mit zwei Lorbeerzweigen unter den Fängen. Rückseite: moosgrün – weiß – moosgrün mit dem Bild des Heiligen&hellip;&nbsp;<a href="https://viv.tirol/skiv/schuetzen/fahnen-der-sk-iglsvill/" rel="bookmark">Mehr lesen &raquo;<span class="screen-reader-text">Die Fahnen</span></a></p>
