{"id":3332,"date":"2016-03-22T18:51:46","date_gmt":"2016-03-22T17:51:46","guid":{"rendered":"https:\/\/viv.tirol\/skiv\/?page_id=3332"},"modified":"2016-07-06T14:33:51","modified_gmt":"2016-07-06T12:33:51","slug":"bewaffnung-der-sk-iglsvill","status":"publish","type":"page","link":"https:\/\/viv.tirol\/skiv\/schuetzen\/bewaffnung-der-sk-iglsvill\/","title":{"rendered":"Die Bewaffnung"},"content":{"rendered":"<h2>Die Bewaffnung der SK Igls-Vill<\/h2>\n<p>Offiziere tragen den \u00f6sterreichischen <a href=\"https:\/\/viv.tirol\/skiv\/schuetzen\/der-saebel\/\">S\u00e4bel<\/a> in der Normalform, an ihm wird ein goldenes Portepee befestigt. Der Hauptmann tr\u00e4gt zus\u00e4tzlich eine Leibbinde mit zwei goldenen Quasten.<\/p>\n<p>Mannschaften sind mit dem Karabiner M 95 kurz (8&#215;50 R Patronen) ausgestattet. Dieser Karabiner fand schon in der K.u.K. Armee Einsatz bei den Spezialtruppen. Bei den Sch\u00fctzen und Standsch\u00fctzen des 1. Weltkrieges wurde er liebevoll \u201eStutzen\u201c genannt. Die Kurzform bezieht sich auf die L\u00e4nge des Laufes und des Schaftes.<\/p>\n<p>Pioniere (meist \u00e4ltere Sch\u00fctzenkameraden) tragen neben der <a href=\"https:\/\/viv.tirol\/skiv\/schuetzen\/tracht-der-sk-iglsvill\/\">Tracht<\/a> einen kurzen Lederschurz. Sie r\u00fccken mit der Axt, dem Winkel oder Meterstab aus.<\/p>\n<h3>Historische Waffen<\/h3>\n<p>Neben den Karabinern M 95 k verf\u00fcgt die Kompanie \u00fcber Werndle-Stutzen und Wenzel Gewehre, die aus Mitte des 19. Jahrhunderts stammen.<\/p>\n","protected":false},"excerpt":{"rendered":"<p>Die Bewaffnung der SK Igls-Vill Offiziere tragen den \u00f6sterreichischen S\u00e4bel in der Normalform, an ihm wird ein goldenes Portepee befestigt. Der Hauptmann tr\u00e4gt zus\u00e4tzlich eine Leibbinde mit zwei goldenen Quasten. Mannschaften sind mit dem Karabiner M 95 kurz (8&#215;50 R Patronen) ausgestattet. Dieser Karabiner fand schon in der K.u.K. Armee Einsatz bei den Spezialtruppen. Bei&hellip;&nbsp;<a href=\"https:\/\/viv.tirol\/skiv\/schuetzen\/bewaffnung-der-sk-iglsvill\/\" rel=\"bookmark\">Mehr lesen &raquo;<span class=\"screen-reader-text\">Die Bewaffnung<\/span><\/a><\/p>\n","protected":false},"author":29,"featured_media":0,"parent":3318,"menu_order":0,"comment_status":"closed","ping_status":"closed","template":"","meta":{"_acf_changed":false,"neve_meta_sidebar":"","neve_meta_container":"","neve_meta_enable_content_width":"","neve_meta_content_width":0,"neve_meta_title_alignment":"","neve_meta_author_avatar":"","neve_post_elements_order":"","neve_meta_disable_header":"","neve_meta_disable_footer":"","neve_meta_disable_title":"","neve_meta_reading_time":"","_themeisle_gutenberg_block_has_review":false,"footnotes":""},"class_list":["post-3332","page","type-page","status-publish","hentry"],"acf":[],"_links":{"self":[{"href":"https:\/\/viv.tirol\/skiv\/wp-json\/wp\/v2\/pages\/3332","targetHints":{"allow":["GET"]}}],"collection":[{"href":"https:\/\/viv.tirol\/skiv\/wp-json\/wp\/v2\/pages"}],"about":[{"href":"https:\/\/viv.tirol\/skiv\/wp-json\/wp\/v2\/types\/page"}],"author":[{"embeddable":true,"href":"https:\/\/viv.tirol\/skiv\/wp-json\/wp\/v2\/users\/29"}],"replies":[{"embeddable":true,"href":"https:\/\/viv.tirol\/skiv\/wp-json\/wp\/v2\/comments?post=3332"}],"version-history":[{"count":0,"href":"https:\/\/viv.tirol\/skiv\/wp-json\/wp\/v2\/pages\/3332\/revisions"}],"up":[{"embeddable":true,"href":"https:\/\/viv.tirol\/skiv\/wp-json\/wp\/v2\/pages\/3318"}],"wp:attachment":[{"href":"https:\/\/viv.tirol\/skiv\/wp-json\/wp\/v2\/media?parent=3332"}],"curies":[{"name":"wp","href":"https:\/\/api.w.org\/{rel}","templated":true}]}}

<h2>Die Bewaffnung der SK Igls-Vill</h2>
<p>Offiziere tragen den österreichischen <a href="https://viv.tirol/skiv/schuetzen/der-saebel/">Säbel</a> in der Normalform, an ihm wird ein goldenes Portepee befestigt. Der Hauptmann trägt zusätzlich eine Leibbinde mit zwei goldenen Quasten.</p>
<p>Mannschaften sind mit dem Karabiner M 95 kurz (8&#215;50 R Patronen) ausgestattet. Dieser Karabiner fand schon in der K.u.K. Armee Einsatz bei den Spezialtruppen. Bei den Schützen und Standschützen des 1. Weltkrieges wurde er liebevoll „Stutzen“ genannt. Die Kurzform bezieht sich auf die Länge des Laufes und des Schaftes.</p>
<p>Pioniere (meist ältere Schützenkameraden) tragen neben der <a href="https://viv.tirol/skiv/schuetzen/tracht-der-sk-iglsvill/">Tracht</a> einen kurzen Lederschurz. Sie rücken mit der Axt, dem Winkel oder Meterstab aus.</p>
<h3>Historische Waffen</h3>
<p>Neben den Karabinern M 95 k verfügt die Kompanie über Werndle-Stutzen und Wenzel Gewehre, die aus Mitte des 19. Jahrhunderts stammen.</p>

<p>Die Bewaffnung der SK Igls-Vill Offiziere tragen den österreichischen Säbel in der Normalform, an ihm wird ein goldenes Portepee befestigt. Der Hauptmann trägt zusätzlich eine Leibbinde mit zwei goldenen Quasten. Mannschaften sind mit dem Karabiner M 95 kurz (8&#215;50 R Patronen) ausgestattet. Dieser Karabiner fand schon in der K.u.K. Armee Einsatz bei den Spezialtruppen. Bei&hellip;&nbsp;<a href="https://viv.tirol/skiv/schuetzen/bewaffnung-der-sk-iglsvill/" rel="bookmark">Mehr lesen &raquo;<span class="screen-reader-text">Die Bewaffnung</span></a></p>
