{"id":3330,"date":"2016-03-22T18:51:36","date_gmt":"2016-03-22T17:51:36","guid":{"rendered":"https:\/\/viv.tirol\/skiv\/?page_id=3330"},"modified":"2016-07-06T14:33:25","modified_gmt":"2016-07-06T12:33:25","slug":"tracht-der-sk-iglsvill","status":"publish","type":"page","link":"https:\/\/viv.tirol\/skiv\/schuetzen\/tracht-der-sk-iglsvill\/","title":{"rendered":"Die Tracht"},"content":{"rendered":"<h2>Die Igler und Viller Tracht<\/h2>\n<figure id=\"attachment_3488\" aria-describedby=\"caption-attachment-3488\" style=\"width: 130px\" class=\"wp-caption alignleft\"><img loading=\"lazy\" decoding=\"async\" class=\"wp-image-3488\" src=\"https:\/\/viv.tirol\/skiv\/wp-content\/uploads\/sites\/12\/2016\/03\/tracht1.jpg\" alt=\"Ehrenhauptmann Raimund Schwarz (hier bei einer Prozession als Hauptmann der SKIV)\" width=\"130\" height=\"403\" srcset=\"https:\/\/viv.tirol\/skiv\/wp-content\/uploads\/sites\/12\/2016\/03\/tracht1.jpg 111w, https:\/\/viv.tirol\/skiv\/wp-content\/uploads\/sites\/12\/2016\/03\/tracht1-97x300.jpg 97w\" sizes=\"auto, (max-width: 130px) 100vw, 130px\" \/><figcaption id=\"caption-attachment-3488\" class=\"wp-caption-text\"><b>Ehrenhauptmann<br \/> Raimund Schwarz<\/b><br \/> (hier bei einer Prozession<br \/> als Hauptmann der SKIV)<\/figcaption><\/figure>\n<p>Die Tracht der Sch\u00fctzenkompanie Igls-Vill besteht aus:<\/p>\n<p>Einem hohen, breitkrempigen <strong>schwarzen Hut<\/strong>. Offiziere tragen eine doppelte Spielhahnfeder, Mannschaften eine einfache Spielhahnfeder, dazu eine wei\u00dfe und rote Nelke mit Blattgr\u00fcn.<\/p>\n<p>Einer <strong>roten Weste<\/strong>, die mit Goldborde am Hals eingefasst ist und mittig an der Vorderseite verl\u00e4uft. Goldene Zierkn\u00f6pfe sind darauf befestigt.<\/p>\n<p>Der weinroten Wipptaler <strong>Joppe<\/strong>, sie wird durch wei\u00dfe (bei Offizieren goldene) Zierschn\u00fcre \u00fcber der Brust zusammengehalten.<\/p>\n<p>Dazu geh\u00f6rt noch ein wei\u00dfes <strong>Hemd<\/strong>, eine schwarze <strong>Krawatte<\/strong>, lange <strong>Lederhose<\/strong>, wei\u00dfe <strong>Kniestr\u00fcmpfe<\/strong> und <strong>Trachtenschuh<\/strong>e. Offiziere tragen oben gerundete Schaftstiefel.<\/p>\n","protected":false},"excerpt":{"rendered":"<p>Die Igler und Viller Tracht Die Tracht der Sch\u00fctzenkompanie Igls-Vill besteht aus: Einem hohen, breitkrempigen schwarzen Hut. Offiziere tragen eine doppelte Spielhahnfeder, Mannschaften eine einfache Spielhahnfeder, dazu eine wei\u00dfe und rote Nelke mit Blattgr\u00fcn. Einer roten Weste, die mit Goldborde am Hals eingefasst ist und mittig an der Vorderseite verl\u00e4uft. Goldene Zierkn\u00f6pfe sind darauf befestigt.&hellip;&nbsp;<a href=\"https:\/\/viv.tirol\/skiv\/schuetzen\/tracht-der-sk-iglsvill\/\" rel=\"bookmark\">Mehr lesen &raquo;<span class=\"screen-reader-text\">Die Tracht<\/span><\/a><\/p>\n","protected":false},"author":29,"featured_media":0,"parent":3318,"menu_order":0,"comment_status":"closed","ping_status":"closed","template":"","meta":{"_acf_changed":false,"neve_meta_sidebar":"","neve_meta_container":"","neve_meta_enable_content_width":"","neve_meta_content_width":0,"neve_meta_title_alignment":"","neve_meta_author_avatar":"","neve_post_elements_order":"","neve_meta_disable_header":"","neve_meta_disable_footer":"","neve_meta_disable_title":"","neve_meta_reading_time":"","_themeisle_gutenberg_block_has_review":false,"footnotes":""},"class_list":["post-3330","page","type-page","status-publish","hentry"],"acf":[],"_links":{"self":[{"href":"https:\/\/viv.tirol\/skiv\/wp-json\/wp\/v2\/pages\/3330","targetHints":{"allow":["GET"]}}],"collection":[{"href":"https:\/\/viv.tirol\/skiv\/wp-json\/wp\/v2\/pages"}],"about":[{"href":"https:\/\/viv.tirol\/skiv\/wp-json\/wp\/v2\/types\/page"}],"author":[{"embeddable":true,"href":"https:\/\/viv.tirol\/skiv\/wp-json\/wp\/v2\/users\/29"}],"replies":[{"embeddable":true,"href":"https:\/\/viv.tirol\/skiv\/wp-json\/wp\/v2\/comments?post=3330"}],"version-history":[{"count":0,"href":"https:\/\/viv.tirol\/skiv\/wp-json\/wp\/v2\/pages\/3330\/revisions"}],"up":[{"embeddable":true,"href":"https:\/\/viv.tirol\/skiv\/wp-json\/wp\/v2\/pages\/3318"}],"wp:attachment":[{"href":"https:\/\/viv.tirol\/skiv\/wp-json\/wp\/v2\/media?parent=3330"}],"curies":[{"name":"wp","href":"https:\/\/api.w.org\/{rel}","templated":true}]}}

<h2>Die Igler und Viller Tracht</h2>
<figure id="attachment_3488" aria-describedby="caption-attachment-3488" style="width: 130px" class="wp-caption alignleft"><img loading="lazy" decoding="async" class="wp-image-3488" src="https://viv.tirol/skiv/wp-content/uploads/sites/12/2016/03/tracht1.jpg" alt="Ehrenhauptmann Raimund Schwarz (hier bei einer Prozession als Hauptmann der SKIV)" width="130" height="403" srcset="https://viv.tirol/skiv/wp-content/uploads/sites/12/2016/03/tracht1.jpg 111w, https://viv.tirol/skiv/wp-content/uploads/sites/12/2016/03/tracht1-97x300.jpg 97w" sizes="auto, (max-width: 130px) 100vw, 130px" /><figcaption id="caption-attachment-3488" class="wp-caption-text"><b>Ehrenhauptmann<br /> Raimund Schwarz</b><br /> (hier bei einer Prozession<br /> als Hauptmann der SKIV)</figcaption></figure>
<p>Die Tracht der Schützenkompanie Igls-Vill besteht aus:</p>
<p>Einem hohen, breitkrempigen <strong>schwarzen Hut</strong>. Offiziere tragen eine doppelte Spielhahnfeder, Mannschaften eine einfache Spielhahnfeder, dazu eine weiße und rote Nelke mit Blattgrün.</p>
<p>Einer <strong>roten Weste</strong>, die mit Goldborde am Hals eingefasst ist und mittig an der Vorderseite verläuft. Goldene Zierknöpfe sind darauf befestigt.</p>
<p>Der weinroten Wipptaler <strong>Joppe</strong>, sie wird durch weiße (bei Offizieren goldene) Zierschnüre über der Brust zusammengehalten.</p>
<p>Dazu gehört noch ein weißes <strong>Hemd</strong>, eine schwarze <strong>Krawatte</strong>, lange <strong>Lederhose</strong>, weiße <strong>Kniestrümpfe</strong> und <strong>Trachtenschuh</strong>e. Offiziere tragen oben gerundete Schaftstiefel.</p>

<p>Die Igler und Viller Tracht Die Tracht der Schützenkompanie Igls-Vill besteht aus: Einem hohen, breitkrempigen schwarzen Hut. Offiziere tragen eine doppelte Spielhahnfeder, Mannschaften eine einfache Spielhahnfeder, dazu eine weiße und rote Nelke mit Blattgrün. Einer roten Weste, die mit Goldborde am Hals eingefasst ist und mittig an der Vorderseite verläuft. Goldene Zierknöpfe sind darauf befestigt.&hellip;&nbsp;<a href="https://viv.tirol/skiv/schuetzen/tracht-der-sk-iglsvill/" rel="bookmark">Mehr lesen &raquo;<span class="screen-reader-text">Die Tracht</span></a></p>
