{"id":3327,"date":"2016-03-22T18:51:27","date_gmt":"2016-03-22T17:51:27","guid":{"rendered":"https:\/\/viv.tirol\/skiv\/?page_id=3327"},"modified":"2016-07-06T14:33:01","modified_gmt":"2016-07-06T12:33:01","slug":"wappen-der-sk-iglsvill","status":"publish","type":"page","link":"https:\/\/viv.tirol\/skiv\/schuetzen\/wappen-der-sk-iglsvill\/","title":{"rendered":"Das Wappen"},"content":{"rendered":"<h2>Das Wappen<\/h2>\n<figure id=\"attachment_3483\" aria-describedby=\"caption-attachment-3483\" style=\"width: 140px\" class=\"wp-caption alignleft\"><img loading=\"lazy\" decoding=\"async\" class=\"wp-image-3483\" src=\"https:\/\/viv.tirol\/skiv\/wp-content\/uploads\/sites\/12\/2016\/03\/skiv-wappen.gif\" alt=\"Wappen der SKIV\" width=\"140\" height=\"185\" \/><figcaption id=\"caption-attachment-3483\" class=\"wp-caption-text\">Wappen der SKIV<\/figcaption><\/figure>\n<p>Das Wappen der Sch\u00fctzenkompanie Igls-Vill beinhaltet ein bronzenes Zier- und Opferrad welches am Goarmbichl in der N\u00e4he von Vill gefunden wurde und zu den vorgeschichtlichen Funden dieser Gegend geh\u00f6rt.<\/p>\n<p>Der linke Teil zeigt einen mittelalterlichen Wohnturm als Symbol f\u00fcr die seit dem 13. Jahrhundert nachweisbare Igler Hohenburg. Diese Burg galt damals als Wachturm und sorgte f\u00fcr die Sicherheit des G\u00fcterweges von der Innbr\u00fccke bei Volders bis zur Brennerstra\u00dfe bei Matrei.<\/p>\n<p>In der von unten eingepfropften Spitze des Kompanieabzeichens finden sich auch die Initialen des Freiheitsk\u00e4mpfers Paul Hilber.<\/p>\n","protected":false},"excerpt":{"rendered":"<p>Das Wappen Das Wappen der Sch\u00fctzenkompanie Igls-Vill beinhaltet ein bronzenes Zier- und Opferrad welches am Goarmbichl in der N\u00e4he von Vill gefunden wurde und zu den vorgeschichtlichen Funden dieser Gegend geh\u00f6rt. Der linke Teil zeigt einen mittelalterlichen Wohnturm als Symbol f\u00fcr die seit dem 13. Jahrhundert nachweisbare Igler Hohenburg. Diese Burg galt damals als Wachturm&hellip;&nbsp;<a href=\"https:\/\/viv.tirol\/skiv\/schuetzen\/wappen-der-sk-iglsvill\/\" rel=\"bookmark\">Mehr lesen &raquo;<span class=\"screen-reader-text\">Das Wappen<\/span><\/a><\/p>\n","protected":false},"author":29,"featured_media":0,"parent":3318,"menu_order":0,"comment_status":"closed","ping_status":"closed","template":"","meta":{"_acf_changed":false,"neve_meta_sidebar":"","neve_meta_container":"","neve_meta_enable_content_width":"","neve_meta_content_width":0,"neve_meta_title_alignment":"","neve_meta_author_avatar":"","neve_post_elements_order":"","neve_meta_disable_header":"","neve_meta_disable_footer":"","neve_meta_disable_title":"","neve_meta_reading_time":"","_themeisle_gutenberg_block_has_review":false,"footnotes":""},"class_list":["post-3327","page","type-page","status-publish","hentry"],"acf":[],"_links":{"self":[{"href":"https:\/\/viv.tirol\/skiv\/wp-json\/wp\/v2\/pages\/3327","targetHints":{"allow":["GET"]}}],"collection":[{"href":"https:\/\/viv.tirol\/skiv\/wp-json\/wp\/v2\/pages"}],"about":[{"href":"https:\/\/viv.tirol\/skiv\/wp-json\/wp\/v2\/types\/page"}],"author":[{"embeddable":true,"href":"https:\/\/viv.tirol\/skiv\/wp-json\/wp\/v2\/users\/29"}],"replies":[{"embeddable":true,"href":"https:\/\/viv.tirol\/skiv\/wp-json\/wp\/v2\/comments?post=3327"}],"version-history":[{"count":0,"href":"https:\/\/viv.tirol\/skiv\/wp-json\/wp\/v2\/pages\/3327\/revisions"}],"up":[{"embeddable":true,"href":"https:\/\/viv.tirol\/skiv\/wp-json\/wp\/v2\/pages\/3318"}],"wp:attachment":[{"href":"https:\/\/viv.tirol\/skiv\/wp-json\/wp\/v2\/media?parent=3327"}],"curies":[{"name":"wp","href":"https:\/\/api.w.org\/{rel}","templated":true}]}}

<h2>Das Wappen</h2>
<figure id="attachment_3483" aria-describedby="caption-attachment-3483" style="width: 140px" class="wp-caption alignleft"><img loading="lazy" decoding="async" class="wp-image-3483" src="https://viv.tirol/skiv/wp-content/uploads/sites/12/2016/03/skiv-wappen.gif" alt="Wappen der SKIV" width="140" height="185" /><figcaption id="caption-attachment-3483" class="wp-caption-text">Wappen der SKIV</figcaption></figure>
<p>Das Wappen der Schützenkompanie Igls-Vill beinhaltet ein bronzenes Zier- und Opferrad welches am Goarmbichl in der Nähe von Vill gefunden wurde und zu den vorgeschichtlichen Funden dieser Gegend gehört.</p>
<p>Der linke Teil zeigt einen mittelalterlichen Wohnturm als Symbol für die seit dem 13. Jahrhundert nachweisbare Igler Hohenburg. Diese Burg galt damals als Wachturm und sorgte für die Sicherheit des Güterweges von der Innbrücke bei Volders bis zur Brennerstraße bei Matrei.</p>
<p>In der von unten eingepfropften Spitze des Kompanieabzeichens finden sich auch die Initialen des Freiheitskämpfers Paul Hilber.</p>

<p>Das Wappen Das Wappen der Schützenkompanie Igls-Vill beinhaltet ein bronzenes Zier- und Opferrad welches am Goarmbichl in der Nähe von Vill gefunden wurde und zu den vorgeschichtlichen Funden dieser Gegend gehört. Der linke Teil zeigt einen mittelalterlichen Wohnturm als Symbol für die seit dem 13. Jahrhundert nachweisbare Igler Hohenburg. Diese Burg galt damals als Wachturm&hellip;&nbsp;<a href="https://viv.tirol/skiv/schuetzen/wappen-der-sk-iglsvill/" rel="bookmark">Mehr lesen &raquo;<span class="screen-reader-text">Das Wappen</span></a></p>
