{"id":3325,"date":"2016-03-22T18:51:15","date_gmt":"2016-03-22T17:51:15","guid":{"rendered":"https:\/\/viv.tirol\/skiv\/?page_id=3325"},"modified":"2016-07-06T14:31:55","modified_gmt":"2016-07-06T12:31:55","slug":"geschichte-der-sk-iglsvill","status":"publish","type":"page","link":"https:\/\/viv.tirol\/skiv\/schuetzen\/geschichte-der-sk-iglsvill\/","title":{"rendered":"Geschichte der SK Igls-Vill"},"content":{"rendered":"<h2>Geschichte der<br \/>\nSch\u00fctzenkompanie Igls-Vill:<\/h2>\n<p>Die \u00e4lteste namentliche Standesliste aller wehrf\u00e4higen M\u00e4nner aus Igls und Vill ist in einer f\u00fcr das Landgericht erstellten Aufgebotsbeschreibung aus dem Jahre <strong>1647<\/strong> zu finden, welche im Tiroler Landesarchiv in Innsbruck verwahrt wird.<\/p>\n<p>Damals erschien Igls und Vill ebenso wie H\u00f6tting in der gemeinsamen Aufgebotsmannschaft des Landgerichtes Sonnenburg.<\/p>\n<figure id=\"attachment_3477\" aria-describedby=\"caption-attachment-3477\" style=\"width: 417px\" class=\"wp-caption aligncenter\"><img loading=\"lazy\" decoding=\"async\" class=\"size-full wp-image-3477\" src=\"https:\/\/viv.tirol\/skiv\/wp-content\/uploads\/sites\/12\/2016\/03\/prozession_fernkreuz_anno1900.jpg\" alt=\"Perfekte Salve schon damals: Prozession der SKIV am Fernkreuzweg anno ~1900\/10\" width=\"417\" height=\"324\" srcset=\"https:\/\/viv.tirol\/skiv\/wp-content\/uploads\/sites\/12\/2016\/03\/prozession_fernkreuz_anno1900.jpg 417w, https:\/\/viv.tirol\/skiv\/wp-content\/uploads\/sites\/12\/2016\/03\/prozession_fernkreuz_anno1900-300x233.jpg 300w\" sizes=\"auto, (max-width: 417px) 100vw, 417px\" \/><figcaption id=\"caption-attachment-3477\" class=\"wp-caption-text\">Perfekte Salve schon damals: Prozession der SKIV am Fernkreuzweg anno ~1900\/10<\/figcaption><\/figure>\n<p>Dass die Sch\u00fctzenkompanie von Igls und Vill heute zum Sch\u00fctzenbataillon Innsbruck geh\u00f6rt, ist eine Folge der im Jahre <strong>1942<\/strong> vollzogenen Eingemeindung dieser beiden alten Dorfgemeinden nach Innsbruck.<\/p>\n<p>Paul Hilber, Mitstreiter von Andreas Hofer und B\u00fcrger von Igls f\u00fchrte im Jahre <strong>1804<\/strong> als Hauptmann die Igler und Viller im Kampf gegen die Franzosen an.<\/p>\n<p>Die heutige Stra\u00dfe durch die Ortsmitte von Igls ist nach ihm benannt.<\/p>\n<hr \/>\n<p>Anl\u00e4\u00dflich des 50. Bataillonsfestes in Igls 2011 erschien eine Festschrift mit einem umfangreichen Auszug aus unserer Chronik und Geschichte.<\/p>\n<p>Gerne kann\u00a0ein gedrucktes Exemplar gegen einen Unkostenbeitrag von \u20ac 20,- inkl. Verpackung &amp; Versand (Inland) bei uns anfordert werden. <a href=\"https:\/\/viv.tirol\/skiv\/extras\/kontakt\/\">KONTAKT<\/a><\/p>\n","protected":false},"excerpt":{"rendered":"<p>Geschichte der Sch\u00fctzenkompanie Igls-Vill: Die \u00e4lteste namentliche Standesliste aller wehrf\u00e4higen M\u00e4nner aus Igls und Vill ist in einer f\u00fcr das Landgericht erstellten Aufgebotsbeschreibung aus dem Jahre 1647 zu finden, welche im Tiroler Landesarchiv in Innsbruck verwahrt wird. Damals erschien Igls und Vill ebenso wie H\u00f6tting in der gemeinsamen Aufgebotsmannschaft des Landgerichtes Sonnenburg. Dass die Sch\u00fctzenkompanie&hellip;&nbsp;<a href=\"https:\/\/viv.tirol\/skiv\/schuetzen\/geschichte-der-sk-iglsvill\/\" rel=\"bookmark\">Mehr lesen &raquo;<span class=\"screen-reader-text\">Geschichte der SK Igls-Vill<\/span><\/a><\/p>\n","protected":false},"author":29,"featured_media":0,"parent":3318,"menu_order":0,"comment_status":"closed","ping_status":"closed","template":"","meta":{"_acf_changed":false,"neve_meta_sidebar":"","neve_meta_container":"","neve_meta_enable_content_width":"","neve_meta_content_width":0,"neve_meta_title_alignment":"","neve_meta_author_avatar":"","neve_post_elements_order":"","neve_meta_disable_header":"","neve_meta_disable_footer":"","neve_meta_disable_title":"","neve_meta_reading_time":"","_themeisle_gutenberg_block_has_review":false,"footnotes":""},"class_list":["post-3325","page","type-page","status-publish","hentry"],"acf":[],"_links":{"self":[{"href":"https:\/\/viv.tirol\/skiv\/wp-json\/wp\/v2\/pages\/3325","targetHints":{"allow":["GET"]}}],"collection":[{"href":"https:\/\/viv.tirol\/skiv\/wp-json\/wp\/v2\/pages"}],"about":[{"href":"https:\/\/viv.tirol\/skiv\/wp-json\/wp\/v2\/types\/page"}],"author":[{"embeddable":true,"href":"https:\/\/viv.tirol\/skiv\/wp-json\/wp\/v2\/users\/29"}],"replies":[{"embeddable":true,"href":"https:\/\/viv.tirol\/skiv\/wp-json\/wp\/v2\/comments?post=3325"}],"version-history":[{"count":0,"href":"https:\/\/viv.tirol\/skiv\/wp-json\/wp\/v2\/pages\/3325\/revisions"}],"up":[{"embeddable":true,"href":"https:\/\/viv.tirol\/skiv\/wp-json\/wp\/v2\/pages\/3318"}],"wp:attachment":[{"href":"https:\/\/viv.tirol\/skiv\/wp-json\/wp\/v2\/media?parent=3325"}],"curies":[{"name":"wp","href":"https:\/\/api.w.org\/{rel}","templated":true}]}}

<h2>Geschichte der<br />
Schützenkompanie Igls-Vill:</h2>
<p>Die älteste namentliche Standesliste aller wehrfähigen Männer aus Igls und Vill ist in einer für das Landgericht erstellten Aufgebotsbeschreibung aus dem Jahre <strong>1647</strong> zu finden, welche im Tiroler Landesarchiv in Innsbruck verwahrt wird.</p>
<p>Damals erschien Igls und Vill ebenso wie Hötting in der gemeinsamen Aufgebotsmannschaft des Landgerichtes Sonnenburg.</p>
<figure id="attachment_3477" aria-describedby="caption-attachment-3477" style="width: 417px" class="wp-caption aligncenter"><img loading="lazy" decoding="async" class="size-full wp-image-3477" src="https://viv.tirol/skiv/wp-content/uploads/sites/12/2016/03/prozession_fernkreuz_anno1900.jpg" alt="Perfekte Salve schon damals: Prozession der SKIV am Fernkreuzweg anno ~1900/10" width="417" height="324" srcset="https://viv.tirol/skiv/wp-content/uploads/sites/12/2016/03/prozession_fernkreuz_anno1900.jpg 417w, https://viv.tirol/skiv/wp-content/uploads/sites/12/2016/03/prozession_fernkreuz_anno1900-300x233.jpg 300w" sizes="auto, (max-width: 417px) 100vw, 417px" /><figcaption id="caption-attachment-3477" class="wp-caption-text">Perfekte Salve schon damals: Prozession der SKIV am Fernkreuzweg anno ~1900/10</figcaption></figure>
<p>Dass die Schützenkompanie von Igls und Vill heute zum Schützenbataillon Innsbruck gehört, ist eine Folge der im Jahre <strong>1942</strong> vollzogenen Eingemeindung dieser beiden alten Dorfgemeinden nach Innsbruck.</p>
<p>Paul Hilber, Mitstreiter von Andreas Hofer und Bürger von Igls führte im Jahre <strong>1804</strong> als Hauptmann die Igler und Viller im Kampf gegen die Franzosen an.</p>
<p>Die heutige Straße durch die Ortsmitte von Igls ist nach ihm benannt.</p>
<hr />
<p>Anläßlich des 50. Bataillonsfestes in Igls 2011 erschien eine Festschrift mit einem umfangreichen Auszug aus unserer Chronik und Geschichte.</p>
<p>Gerne kann ein gedrucktes Exemplar gegen einen Unkostenbeitrag von € 20,- inkl. Verpackung &amp; Versand (Inland) bei uns anfordert werden. <a href="https://viv.tirol/skiv/extras/kontakt/">KONTAKT</a></p>

<p>Geschichte der Schützenkompanie Igls-Vill: Die älteste namentliche Standesliste aller wehrfähigen Männer aus Igls und Vill ist in einer für das Landgericht erstellten Aufgebotsbeschreibung aus dem Jahre 1647 zu finden, welche im Tiroler Landesarchiv in Innsbruck verwahrt wird. Damals erschien Igls und Vill ebenso wie Hötting in der gemeinsamen Aufgebotsmannschaft des Landgerichtes Sonnenburg. Dass die Schützenkompanie&hellip;&nbsp;<a href="https://viv.tirol/skiv/schuetzen/geschichte-der-sk-iglsvill/" rel="bookmark">Mehr lesen &raquo;<span class="screen-reader-text">Geschichte der SK Igls-Vill</span></a></p>
