{"id":3322,"date":"2016-03-22T18:50:57","date_gmt":"2016-03-22T17:50:57","guid":{"rendered":"https:\/\/viv.tirol\/skiv\/?page_id=3322"},"modified":"2016-03-22T20:18:38","modified_gmt":"2016-03-22T19:18:38","slug":"paul-hilber","status":"publish","type":"page","link":"https:\/\/viv.tirol\/skiv\/schuetzen\/paul-hilber\/","title":{"rendered":"Paul Hilber"},"content":{"rendered":"<h2>Paul Hilber<\/h2>\n<figure id=\"attachment_3475\" aria-describedby=\"caption-attachment-3475\" style=\"width: 172px\" class=\"wp-caption alignleft\"><img loading=\"lazy\" decoding=\"async\" class=\"size-full wp-image-3475\" src=\"https:\/\/viv.tirol\/skiv\/wp-content\/uploads\/sites\/12\/2016\/03\/paul_hilber.jpg\" alt=\"Paul Hilber\" width=\"172\" height=\"244\" \/><figcaption id=\"caption-attachment-3475\" class=\"wp-caption-text\"><b>Paul Hilber<\/b><\/figcaption><\/figure>\n<p>Am <strong>26. J\u00e4nner 1786<\/strong> wird in Igls, Paul Hilber, ein wenig bekannter Held von anno neun, geboren. Seine Eltern Josef und Theresia sind rechtschaffene, ehrbare Bauersleute.<\/p>\n<p>Als 10-j\u00e4hriger sieht er zum ersten Mal die Sch\u00fctzen seiner Gegend ins Oberland \u201eIn den Krieg\u201c ziehen. <strong>1797<\/strong> sind die Landst\u00fcrmer der Gerichte Hall, Thaur und Rettenberg gegen \u201erebellische Franzosen mit Gew\u00f6r in das Feld gezogen\u201c.<\/p>\n<p><strong>1804<\/strong> \u00fcbernimmt Hilber den Hof und kann ein Jahrsp\u00e4ter endlich mit der Sonnenburger Kompanie ausr\u00fccken. Sie verteidigen erfolgreich das Land. Der Friede h\u00e4lt nur kurz an. Wenige Monate sp\u00e4ter fallen die Franzosen erneut ein und besetzen Tirol, das sie den Bayern zur Verwaltung \u00fcbergeben. Hohe Steuern, Polizeispitzeldienst, Beamtenwillk\u00fcr und anderes lassen das Volk sich erheben und nach Befreiung rufen. Es ist die Zeit, in der die Nacht zum Tage wird. Die Menschen konspirieren miteinander.<\/p>\n<p><strong>9. April 1809<\/strong> kommt \u00d6sterreichs Kriegserkl\u00e4rung mit dem Aufruf Hofers \u201ef\u00fcr Gott, Kaiser und Vaterland brav dreinzuschlagen\u201c. Hilbers blutigste Tage beginnen. Sie enden mit der Kapitulation der Franzosen und Bayern. Aber bereits Ende Oktober r\u00fccken 50.000 Soldaten gegen Tirol vor und besetzen das Land. Einige Hei\u00dfsporne geben nicht auf und proben den Aufstand, der misslingt.<\/p>\n<p>Hilber wird auf die Suchliste gesetzt und flieht. Er versteckt sich, wird verraten und gefangen genommen. In Sistrans kehren die bayrischen Soldaten mit ihren Gefangenen im Dorfgasthaus ein. Der Wirt ist allerdings ein Jugendfreund Hilbers und tischt den Bayern auf was er hat. Der gute \u201eR\u00f6thel\u201c tut alsbald seine Wirkung und die betrunkenen Soldaten merken nicht, wie der Wirt die Fesseln l\u00f6st. Hilber flieht nach Linz, auf \u00f6sterreichischen Boden. Mittellos beginnt er als \u201eb\u00fcrgerlicher Greisler\u201c sich in Ebelsberg ein neues Leben aufzubauen. Er heiratet Anna L\u00f6schenkohl, welche ihm in 15-j\u00e4hriger Ehe 17 Kinder schenkt und dann das Zeitliche segnet.<\/p>\n<p><strong>1827<\/strong> erwirbt er das Gasthaus \u201eZum schwarzen Bock\u201c.<\/p>\n<p>Am <strong>28. September<\/strong> stirbt Hilber nach kurzer Krankheit<\/p>\n","protected":false},"excerpt":{"rendered":"<p>Paul Hilber Am 26. J\u00e4nner 1786 wird in Igls, Paul Hilber, ein wenig bekannter Held von anno neun, geboren. Seine Eltern Josef und Theresia sind rechtschaffene, ehrbare Bauersleute. Als 10-j\u00e4hriger sieht er zum ersten Mal die Sch\u00fctzen seiner Gegend ins Oberland \u201eIn den Krieg\u201c ziehen. 1797 sind die Landst\u00fcrmer der Gerichte Hall, Thaur und Rettenberg&hellip;&nbsp;<a href=\"https:\/\/viv.tirol\/skiv\/schuetzen\/paul-hilber\/\" rel=\"bookmark\">Mehr lesen &raquo;<span class=\"screen-reader-text\">Paul Hilber<\/span><\/a><\/p>\n","protected":false},"author":29,"featured_media":0,"parent":3318,"menu_order":0,"comment_status":"closed","ping_status":"closed","template":"","meta":{"_acf_changed":false,"neve_meta_sidebar":"","neve_meta_container":"","neve_meta_enable_content_width":"","neve_meta_content_width":0,"neve_meta_title_alignment":"","neve_meta_author_avatar":"","neve_post_elements_order":"","neve_meta_disable_header":"","neve_meta_disable_footer":"","neve_meta_disable_title":"","neve_meta_reading_time":"","_themeisle_gutenberg_block_has_review":false,"footnotes":""},"class_list":["post-3322","page","type-page","status-publish","hentry"],"acf":[],"_links":{"self":[{"href":"https:\/\/viv.tirol\/skiv\/wp-json\/wp\/v2\/pages\/3322","targetHints":{"allow":["GET"]}}],"collection":[{"href":"https:\/\/viv.tirol\/skiv\/wp-json\/wp\/v2\/pages"}],"about":[{"href":"https:\/\/viv.tirol\/skiv\/wp-json\/wp\/v2\/types\/page"}],"author":[{"embeddable":true,"href":"https:\/\/viv.tirol\/skiv\/wp-json\/wp\/v2\/users\/29"}],"replies":[{"embeddable":true,"href":"https:\/\/viv.tirol\/skiv\/wp-json\/wp\/v2\/comments?post=3322"}],"version-history":[{"count":0,"href":"https:\/\/viv.tirol\/skiv\/wp-json\/wp\/v2\/pages\/3322\/revisions"}],"up":[{"embeddable":true,"href":"https:\/\/viv.tirol\/skiv\/wp-json\/wp\/v2\/pages\/3318"}],"wp:attachment":[{"href":"https:\/\/viv.tirol\/skiv\/wp-json\/wp\/v2\/media?parent=3322"}],"curies":[{"name":"wp","href":"https:\/\/api.w.org\/{rel}","templated":true}]}}

<h2>Paul Hilber</h2>
<figure id="attachment_3475" aria-describedby="caption-attachment-3475" style="width: 172px" class="wp-caption alignleft"><img loading="lazy" decoding="async" class="size-full wp-image-3475" src="https://viv.tirol/skiv/wp-content/uploads/sites/12/2016/03/paul_hilber.jpg" alt="Paul Hilber" width="172" height="244" /><figcaption id="caption-attachment-3475" class="wp-caption-text"><b>Paul Hilber</b></figcaption></figure>
<p>Am <strong>26. Jänner 1786</strong> wird in Igls, Paul Hilber, ein wenig bekannter Held von anno neun, geboren. Seine Eltern Josef und Theresia sind rechtschaffene, ehrbare Bauersleute.</p>
<p>Als 10-jähriger sieht er zum ersten Mal die Schützen seiner Gegend ins Oberland „In den Krieg“ ziehen. <strong>1797</strong> sind die Landstürmer der Gerichte Hall, Thaur und Rettenberg gegen „rebellische Franzosen mit Gewör in das Feld gezogen“.</p>
<p><strong>1804</strong> übernimmt Hilber den Hof und kann ein Jahrspäter endlich mit der Sonnenburger Kompanie ausrücken. Sie verteidigen erfolgreich das Land. Der Friede hält nur kurz an. Wenige Monate später fallen die Franzosen erneut ein und besetzen Tirol, das sie den Bayern zur Verwaltung übergeben. Hohe Steuern, Polizeispitzeldienst, Beamtenwillkür und anderes lassen das Volk sich erheben und nach Befreiung rufen. Es ist die Zeit, in der die Nacht zum Tage wird. Die Menschen konspirieren miteinander.</p>
<p><strong>9. April 1809</strong> kommt Österreichs Kriegserklärung mit dem Aufruf Hofers „für Gott, Kaiser und Vaterland brav dreinzuschlagen“. Hilbers blutigste Tage beginnen. Sie enden mit der Kapitulation der Franzosen und Bayern. Aber bereits Ende Oktober rücken 50.000 Soldaten gegen Tirol vor und besetzen das Land. Einige Heißsporne geben nicht auf und proben den Aufstand, der misslingt.</p>
<p>Hilber wird auf die Suchliste gesetzt und flieht. Er versteckt sich, wird verraten und gefangen genommen. In Sistrans kehren die bayrischen Soldaten mit ihren Gefangenen im Dorfgasthaus ein. Der Wirt ist allerdings ein Jugendfreund Hilbers und tischt den Bayern auf was er hat. Der gute „Röthel“ tut alsbald seine Wirkung und die betrunkenen Soldaten merken nicht, wie der Wirt die Fesseln löst. Hilber flieht nach Linz, auf österreichischen Boden. Mittellos beginnt er als „bürgerlicher Greisler“ sich in Ebelsberg ein neues Leben aufzubauen. Er heiratet Anna Löschenkohl, welche ihm in 15-jähriger Ehe 17 Kinder schenkt und dann das Zeitliche segnet.</p>
<p><strong>1827</strong> erwirbt er das Gasthaus „Zum schwarzen Bock“.</p>
<p>Am <strong>28. September</strong> stirbt Hilber nach kurzer Krankheit</p>

<p>Paul Hilber Am 26. Jänner 1786 wird in Igls, Paul Hilber, ein wenig bekannter Held von anno neun, geboren. Seine Eltern Josef und Theresia sind rechtschaffene, ehrbare Bauersleute. Als 10-jähriger sieht er zum ersten Mal die Schützen seiner Gegend ins Oberland „In den Krieg“ ziehen. 1797 sind die Landstürmer der Gerichte Hall, Thaur und Rettenberg&hellip;&nbsp;<a href="https://viv.tirol/skiv/schuetzen/paul-hilber/" rel="bookmark">Mehr lesen &raquo;<span class="screen-reader-text">Paul Hilber</span></a></p>
