{"id":52,"date":"2022-08-22T20:57:12","date_gmt":"2022-08-22T18:57:12","guid":{"rendered":"https:\/\/viv.tirol\/sgiv\/?page_id=52"},"modified":"2022-08-22T21:57:05","modified_gmt":"2022-08-22T19:57:05","slug":"uber-den-verein","status":"publish","type":"page","link":"https:\/\/viv.tirol\/sgiv\/uber-den-verein\/","title":{"rendered":"\u00dcber den Verein"},"content":{"rendered":"\n<div class=\"wp-block-query is-layout-flow wp-block-query-is-layout-flow\"><ul class=\"wp-block-post-template is-layout-flow wp-block-post-template-is-layout-flow\"><li class=\"wp-block-post post-365 post type-post status-publish format-standard has-post-thumbnail hentry category-allgemein category-ausschreibung tag-24 tag-ostereierschiessen\">\n<h2 class=\"wp-block-post-title\">Ostereierschie\u00dfen 2026<\/h2>\n\n<figure style=\"height:300px;\" class=\"wp-block-post-featured-image\"><img loading=\"lazy\" decoding=\"async\" width=\"1131\" height=\"310\" src=\"https:\/\/viv.tirol\/sgiv\/wp-content\/uploads\/sites\/15\/2026\/03\/Einladung-Ostereierschiessen-2026.png\" class=\"attachment-post-thumbnail size-post-thumbnail wp-post-image\" alt=\"Ostereierschie\u00dfen 2026-2\" style=\"height:300px;object-fit:cover;\" srcset=\"https:\/\/viv.tirol\/sgiv\/wp-content\/uploads\/sites\/15\/2026\/03\/Einladung-Ostereierschiessen-2026.png 1131w, https:\/\/viv.tirol\/sgiv\/wp-content\/uploads\/sites\/15\/2026\/03\/Einladung-Ostereierschiessen-2026-300x82.png 300w, https:\/\/viv.tirol\/sgiv\/wp-content\/uploads\/sites\/15\/2026\/03\/Einladung-Ostereierschiessen-2026-768x211.png 768w\" sizes=\"auto, (max-width: 1131px) 100vw, 1131px\" \/><\/figure>\n\n<div class=\"wp-block-post-date\"><time datetime=\"2026-03-12T22:49:56+01:00\">12. M\u00e4rz 2026<\/time><\/div>\n\n<div class=\"wp-block-post-excerpt\"><p class=\"wp-block-post-excerpt__excerpt\">Die Sch\u00fctzengilde Igls-Vill l\u00e4dt recht herzlich zum diesj\u00e4hrigen Ostereierschie\u00dfen am Schie\u00dfstand Igls ein.Nutzt die Gelegenheit, eure Treffsicherheit unter Beweis zu stellen und euch leckere Ostereier zu sichern. \ud83d\udcc5 Wann?\ud83d\udd39 Montag, 23. M\u00e4rz &amp; Donnerstag, 26. M\u00e4rz\ud83d\udd39 Montag, 30. M\u00e4rz &amp; Donnerstag, 2. April\ud83d\udccd Jeweils ab 18:30 Uhr \ud83d\udccd Wo?Im Vereinslokal der Sch\u00fctzengilde Igls-Vill &nbsp;Modus:\u2705 Geschossen&hellip; <\/p><\/div>\n<\/li><\/ul>\n\n\n\n<\/div>\n","protected":false},"excerpt":{"rendered":"","protected":false},"author":37,"featured_media":0,"parent":0,"menu_order":0,"comment_status":"closed","ping_status":"closed","template":"","meta":{"_acf_changed":false,"neve_meta_sidebar":"","neve_meta_container":"","neve_meta_enable_content_width":"","neve_meta_content_width":0,"neve_meta_title_alignment":"","neve_meta_author_avatar":"","neve_post_elements_order":"","neve_meta_disable_header":"","neve_meta_disable_footer":"","neve_meta_disable_title":"","neve_meta_reading_time":"","_themeisle_gutenberg_block_has_review":false,"footnotes":""},"class_list":["post-52","page","type-page","status-publish","hentry"],"acf":[],"_links":{"self":[{"href":"https:\/\/viv.tirol\/sgiv\/wp-json\/wp\/v2\/pages\/52","targetHints":{"allow":["GET"]}}],"collection":[{"href":"https:\/\/viv.tirol\/sgiv\/wp-json\/wp\/v2\/pages"}],"about":[{"href":"https:\/\/viv.tirol\/sgiv\/wp-json\/wp\/v2\/types\/page"}],"author":[{"embeddable":true,"href":"https:\/\/viv.tirol\/sgiv\/wp-json\/wp\/v2\/users\/37"}],"replies":[{"embeddable":true,"href":"https:\/\/viv.tirol\/sgiv\/wp-json\/wp\/v2\/comments?post=52"}],"version-history":[{"count":5,"href":"https:\/\/viv.tirol\/sgiv\/wp-json\/wp\/v2\/pages\/52\/revisions"}],"predecessor-version":[{"id":112,"href":"https:\/\/viv.tirol\/sgiv\/wp-json\/wp\/v2\/pages\/52\/revisions\/112"}],"wp:attachment":[{"href":"https:\/\/viv.tirol\/sgiv\/wp-json\/wp\/v2\/media?parent=52"}],"curies":[{"name":"wp","href":"https:\/\/api.w.org\/{rel}","templated":true}]}}