{"id":94,"date":"2025-12-05T11:52:11","date_gmt":"2025-12-05T10:52:11","guid":{"rendered":"https:\/\/viv.tirol\/schuhplattlerverein-vill-igls\/?page_id=94"},"modified":"2025-12-05T11:52:12","modified_gmt":"2025-12-05T10:52:12","slug":"schuhplattler","status":"publish","type":"page","link":"https:\/\/viv.tirol\/schuhplattlerverein-vill-igls\/schuhplattler\/","title":{"rendered":"Schuhplattler"},"content":{"rendered":"\n<figure class=\"wp-block-gallery has-nested-images columns-default is-cropped wp-block-gallery-1 is-layout-flex wp-block-gallery-is-layout-flex\">\n<figure class=\"wp-block-image size-large\"><img loading=\"lazy\" decoding=\"async\" width=\"1920\" height=\"1080\" data-id=\"100\" src=\"https:\/\/viv.tirol\/schuhplattlerverein-vill-igls\/wp-content\/uploads\/sites\/22\/2025\/12\/4P9A3326-edited-scaled.jpg\" alt=\"\" class=\"wp-image-100\" srcset=\"https:\/\/viv.tirol\/schuhplattlerverein-vill-igls\/wp-content\/uploads\/sites\/22\/2025\/12\/4P9A3326-edited-scaled.jpg 1920w, https:\/\/viv.tirol\/schuhplattlerverein-vill-igls\/wp-content\/uploads\/sites\/22\/2025\/12\/4P9A3326-edited-300x169.jpg 300w, https:\/\/viv.tirol\/schuhplattlerverein-vill-igls\/wp-content\/uploads\/sites\/22\/2025\/12\/4P9A3326-edited-1024x576.jpg 1024w, https:\/\/viv.tirol\/schuhplattlerverein-vill-igls\/wp-content\/uploads\/sites\/22\/2025\/12\/4P9A3326-edited-768x432.jpg 768w, https:\/\/viv.tirol\/schuhplattlerverein-vill-igls\/wp-content\/uploads\/sites\/22\/2025\/12\/4P9A3326-edited-1536x864.jpg 1536w, https:\/\/viv.tirol\/schuhplattlerverein-vill-igls\/wp-content\/uploads\/sites\/22\/2025\/12\/4P9A3326-edited-2048x1152.jpg 2048w\" sizes=\"auto, (max-width: 1920px) 100vw, 1920px\" \/><\/figure>\n<\/figure>\n\n\n\n<h3 class=\"wp-block-heading\"><strong>Sektion Schuhplattler \u2013 Tradition lebt in Vill Igls<\/strong><\/h3>\n\n\n\n<p>Unsere Sektion Schuhplattler im <strong>Schuhplattlerverein Vill Igls<\/strong> steht f\u00fcr gelebte Tiroler Tradition und echte Begeisterung f\u00fcr den Volkstanz. Mit viel Leidenschaft pflegen wir das <strong>Schuhplattl<\/strong>n. Dabei verbinden wir Tanz und Platteln mit echter Lebensfreude.<\/p>\n\n\n\n<p><strong>Gemeinschaft und regelm\u00e4\u00dfige Proben<\/strong><br>Einmal pro Woche treffen wir uns zur Probe, um unsere T\u00e4nze zu perfektionieren und die Gemeinschaft zu st\u00e4rken. Bei uns z\u00e4hlt nicht nur das Tanzen, sondern auch das gesellige Miteinander \u2013 Tradition soll Spa\u00df machen und verbinden.<\/p>\n\n\n\n<p><strong>Tiroler Abende \u2013 Ein Erlebnis f\u00fcr alle<\/strong><br>Im Sommer wie im Winter veranstalten wir stimmungsvolle <strong>Tiroler Abende<\/strong>, bei denen wir unser K\u00f6nnen zeigen. Diese Veranstaltungen sind ein Highlight f\u00fcr Einheimische und G\u00e4ste aus aller Welt, die Tiroler Kultur und Tradition hautnah erleben m\u00f6chten.<\/p>\n\n\n\n<p><strong>Zukunft gesichert \u2013 unsere Jugendgruppe<\/strong><br>Damit die Tradition weiterlebt, f\u00f6rdern wir aktiv den Nachwuchs. Unsere Jugendgruppe sorgt daf\u00fcr, dass der Schuhplattler auch in kommenden Generationen seinen festen Platz beh\u00e4lt.<\/p>\n\n\n\n<p><\/p>\n","protected":false},"excerpt":{"rendered":"<p>Sektion Schuhplattler \u2013 Tradition lebt in Vill Igls Unsere Sektion Schuhplattler im Schuhplattlerverein Vill Igls steht f\u00fcr gelebte Tiroler Tradition und echte Begeisterung f\u00fcr den Volkstanz. Mit viel Leidenschaft pflegen wir das Schuhplattln. Dabei verbinden wir Tanz und Platteln mit echter Lebensfreude. Gemeinschaft und regelm\u00e4\u00dfige ProbenEinmal pro Woche treffen wir uns zur Probe, um unsere&hellip;&nbsp;<a href=\"https:\/\/viv.tirol\/schuhplattlerverein-vill-igls\/schuhplattler\/\" rel=\"bookmark\">Mehr lesen &raquo;<span class=\"screen-reader-text\">Schuhplattler<\/span><\/a><\/p>\n","protected":false},"author":46,"featured_media":0,"parent":0,"menu_order":0,"comment_status":"closed","ping_status":"closed","template":"","meta":{"_acf_changed":false,"neve_meta_sidebar":"","neve_meta_container":"","neve_meta_enable_content_width":"","neve_meta_content_width":0,"neve_meta_title_alignment":"","neve_meta_author_avatar":"","neve_post_elements_order":"","neve_meta_disable_header":"","neve_meta_disable_footer":"","neve_meta_disable_title":"","neve_meta_reading_time":"","_themeisle_gutenberg_block_has_review":false,"footnotes":""},"class_list":["post-94","page","type-page","status-publish","hentry"],"acf":[],"_links":{"self":[{"href":"https:\/\/viv.tirol\/schuhplattlerverein-vill-igls\/wp-json\/wp\/v2\/pages\/94","targetHints":{"allow":["GET"]}}],"collection":[{"href":"https:\/\/viv.tirol\/schuhplattlerverein-vill-igls\/wp-json\/wp\/v2\/pages"}],"about":[{"href":"https:\/\/viv.tirol\/schuhplattlerverein-vill-igls\/wp-json\/wp\/v2\/types\/page"}],"author":[{"embeddable":true,"href":"https:\/\/viv.tirol\/schuhplattlerverein-vill-igls\/wp-json\/wp\/v2\/users\/46"}],"replies":[{"embeddable":true,"href":"https:\/\/viv.tirol\/schuhplattlerverein-vill-igls\/wp-json\/wp\/v2\/comments?post=94"}],"version-history":[{"count":3,"href":"https:\/\/viv.tirol\/schuhplattlerverein-vill-igls\/wp-json\/wp\/v2\/pages\/94\/revisions"}],"predecessor-version":[{"id":101,"href":"https:\/\/viv.tirol\/schuhplattlerverein-vill-igls\/wp-json\/wp\/v2\/pages\/94\/revisions\/101"}],"wp:attachment":[{"href":"https:\/\/viv.tirol\/schuhplattlerverein-vill-igls\/wp-json\/wp\/v2\/media?parent=94"}],"curies":[{"name":"wp","href":"https:\/\/api.w.org\/{rel}","templated":true}]}}

<figure class="wp-block-gallery has-nested-images columns-default is-cropped wp-block-gallery-1 is-layout-flex wp-block-gallery-is-layout-flex">
<figure class="wp-block-image size-large"><img loading="lazy" decoding="async" width="1920" height="1080" data-id="100" src="https://viv.tirol/schuhplattlerverein-vill-igls/wp-content/uploads/sites/22/2025/12/4P9A3326-edited-scaled.jpg" alt="" class="wp-image-100" srcset="https://viv.tirol/schuhplattlerverein-vill-igls/wp-content/uploads/sites/22/2025/12/4P9A3326-edited-scaled.jpg 1920w, https://viv.tirol/schuhplattlerverein-vill-igls/wp-content/uploads/sites/22/2025/12/4P9A3326-edited-300x169.jpg 300w, https://viv.tirol/schuhplattlerverein-vill-igls/wp-content/uploads/sites/22/2025/12/4P9A3326-edited-1024x576.jpg 1024w, https://viv.tirol/schuhplattlerverein-vill-igls/wp-content/uploads/sites/22/2025/12/4P9A3326-edited-768x432.jpg 768w, https://viv.tirol/schuhplattlerverein-vill-igls/wp-content/uploads/sites/22/2025/12/4P9A3326-edited-1536x864.jpg 1536w, https://viv.tirol/schuhplattlerverein-vill-igls/wp-content/uploads/sites/22/2025/12/4P9A3326-edited-2048x1152.jpg 2048w" sizes="auto, (max-width: 1920px) 100vw, 1920px" /></figure>
</figure>



<h3 class="wp-block-heading"><strong>Sektion Schuhplattler – Tradition lebt in Vill Igls</strong></h3>



<p>Unsere Sektion Schuhplattler im <strong>Schuhplattlerverein Vill Igls</strong> steht für gelebte Tiroler Tradition und echte Begeisterung für den Volkstanz. Mit viel Leidenschaft pflegen wir das <strong>Schuhplattl</strong>n. Dabei verbinden wir Tanz und Platteln mit echter Lebensfreude.</p>



<p><strong>Gemeinschaft und regelmäßige Proben</strong><br>Einmal pro Woche treffen wir uns zur Probe, um unsere Tänze zu perfektionieren und die Gemeinschaft zu stärken. Bei uns zählt nicht nur das Tanzen, sondern auch das gesellige Miteinander – Tradition soll Spaß machen und verbinden.</p>



<p><strong>Tiroler Abende – Ein Erlebnis für alle</strong><br>Im Sommer wie im Winter veranstalten wir stimmungsvolle <strong>Tiroler Abende</strong>, bei denen wir unser Können zeigen. Diese Veranstaltungen sind ein Highlight für Einheimische und Gäste aus aller Welt, die Tiroler Kultur und Tradition hautnah erleben möchten.</p>



<p><strong>Zukunft gesichert – unsere Jugendgruppe</strong><br>Damit die Tradition weiterlebt, fördern wir aktiv den Nachwuchs. Unsere Jugendgruppe sorgt dafür, dass der Schuhplattler auch in kommenden Generationen seinen festen Platz behält.</p>



<p></p>

<p>Sektion Schuhplattler – Tradition lebt in Vill Igls Unsere Sektion Schuhplattler im Schuhplattlerverein Vill Igls steht für gelebte Tiroler Tradition und echte Begeisterung für den Volkstanz. Mit viel Leidenschaft pflegen wir das Schuhplattln. Dabei verbinden wir Tanz und Platteln mit echter Lebensfreude. Gemeinschaft und regelmäßige ProbenEinmal pro Woche treffen wir uns zur Probe, um unsere&hellip;&nbsp;<a href="https://viv.tirol/schuhplattlerverein-vill-igls/schuhplattler/" rel="bookmark">Mehr lesen &raquo;<span class="screen-reader-text">Schuhplattler</span></a></p>
