{"id":47,"date":"2025-11-28T17:42:38","date_gmt":"2025-11-28T16:42:38","guid":{"rendered":"https:\/\/viv.tirol\/schuhplattlerverein-vill-igls\/?page_id=47"},"modified":"2025-11-29T12:02:48","modified_gmt":"2025-11-29T11:02:48","slug":"igler-viller-huttler","status":"publish","type":"page","link":"https:\/\/viv.tirol\/schuhplattlerverein-vill-igls\/igler-viller-huttler\/","title":{"rendered":"Igler Viller Huttler"},"content":{"rendered":"\n<figure class=\"wp-block-gallery has-nested-images columns-default is-cropped wp-block-gallery-1 is-layout-flex wp-block-gallery-is-layout-flex\">\n<figure class=\"wp-block-image size-full\"><img decoding=\"async\" data-id=\"49\" src=\"https:\/\/viv.tirol\/schuhplattlerverein-vill-igls\/wp-content\/uploads\/sites\/22\/2025\/11\/DSC0572-1.jpg\" alt=\"\" class=\"wp-image-49\" \/><\/figure>\n<\/figure>\n\n\n\n<p>Seit <strong>2008<\/strong> sind die Igler Viller Huttler eine stolze Sektion des <strong>Schuhplattlervereins Vill-Igls<\/strong>. Mit ihrer Leidenschaft f\u00fcr Brauchtum und Fasching pr\u00e4gen sie das Dorfleben jedes Jahr aufs Neue.<\/p>\n\n\n\n<p>Von <strong>7. J\u00e4nner bis Faschingsdienstag<\/strong> ziehen die Huttler durch die Stra\u00dfen und Gasth\u00e4user, bringen Stimmung, Musik und Tradition in die H\u00e4user und Herzen der Menschen. Ihr Auftritt ist mehr als Unterhaltung \u2013 er ist gelebtes Brauchtum und ein Zeichen f\u00fcr den starken Zusammenhalt im Dorf.<\/p>\n\n\n\n<p>Ein besonderer H\u00f6hepunkt ist jedes Jahr der <strong>Faschingssonntag<\/strong> in Igls .<\/p>\n\n\n\n<p>Sektionsleiter: Florian Wild <\/p>\n\n\n\n<p><\/p>\n","protected":false},"excerpt":{"rendered":"<p>Seit 2008 sind die Igler Viller Huttler eine stolze Sektion des Schuhplattlervereins Vill-Igls. Mit ihrer Leidenschaft f\u00fcr Brauchtum und Fasching pr\u00e4gen sie das Dorfleben jedes Jahr aufs Neue. Von 7. J\u00e4nner bis Faschingsdienstag ziehen die Huttler durch die Stra\u00dfen und Gasth\u00e4user, bringen Stimmung, Musik und Tradition in die H\u00e4user und Herzen der Menschen. Ihr Auftritt&hellip;&nbsp;<a href=\"https:\/\/viv.tirol\/schuhplattlerverein-vill-igls\/igler-viller-huttler\/\" rel=\"bookmark\">Mehr lesen &raquo;<span class=\"screen-reader-text\">Igler Viller Huttler<\/span><\/a><\/p>\n","protected":false},"author":46,"featured_media":0,"parent":0,"menu_order":0,"comment_status":"closed","ping_status":"closed","template":"","meta":{"_acf_changed":false,"neve_meta_sidebar":"","neve_meta_container":"","neve_meta_enable_content_width":"","neve_meta_content_width":0,"neve_meta_title_alignment":"","neve_meta_author_avatar":"","neve_post_elements_order":"","neve_meta_disable_header":"","neve_meta_disable_footer":"","neve_meta_disable_title":"","neve_meta_reading_time":"","_themeisle_gutenberg_block_has_review":false,"footnotes":""},"class_list":["post-47","page","type-page","status-publish","hentry"],"acf":[],"_links":{"self":[{"href":"https:\/\/viv.tirol\/schuhplattlerverein-vill-igls\/wp-json\/wp\/v2\/pages\/47","targetHints":{"allow":["GET"]}}],"collection":[{"href":"https:\/\/viv.tirol\/schuhplattlerverein-vill-igls\/wp-json\/wp\/v2\/pages"}],"about":[{"href":"https:\/\/viv.tirol\/schuhplattlerverein-vill-igls\/wp-json\/wp\/v2\/types\/page"}],"author":[{"embeddable":true,"href":"https:\/\/viv.tirol\/schuhplattlerverein-vill-igls\/wp-json\/wp\/v2\/users\/46"}],"replies":[{"embeddable":true,"href":"https:\/\/viv.tirol\/schuhplattlerverein-vill-igls\/wp-json\/wp\/v2\/comments?post=47"}],"version-history":[{"count":3,"href":"https:\/\/viv.tirol\/schuhplattlerverein-vill-igls\/wp-json\/wp\/v2\/pages\/47\/revisions"}],"predecessor-version":[{"id":78,"href":"https:\/\/viv.tirol\/schuhplattlerverein-vill-igls\/wp-json\/wp\/v2\/pages\/47\/revisions\/78"}],"wp:attachment":[{"href":"https:\/\/viv.tirol\/schuhplattlerverein-vill-igls\/wp-json\/wp\/v2\/media?parent=47"}],"curies":[{"name":"wp","href":"https:\/\/api.w.org\/{rel}","templated":true}]}}

<figure class="wp-block-gallery has-nested-images columns-default is-cropped wp-block-gallery-1 is-layout-flex wp-block-gallery-is-layout-flex">
<figure class="wp-block-image size-full"><img decoding="async" data-id="49" src="https://viv.tirol/schuhplattlerverein-vill-igls/wp-content/uploads/sites/22/2025/11/DSC0572-1.jpg" alt="" class="wp-image-49" /></figure>
</figure>



<p>Seit <strong>2008</strong> sind die Igler Viller Huttler eine stolze Sektion des <strong>Schuhplattlervereins Vill-Igls</strong>. Mit ihrer Leidenschaft für Brauchtum und Fasching prägen sie das Dorfleben jedes Jahr aufs Neue.</p>



<p>Von <strong>7. Jänner bis Faschingsdienstag</strong> ziehen die Huttler durch die Straßen und Gasthäuser, bringen Stimmung, Musik und Tradition in die Häuser und Herzen der Menschen. Ihr Auftritt ist mehr als Unterhaltung – er ist gelebtes Brauchtum und ein Zeichen für den starken Zusammenhalt im Dorf.</p>



<p>Ein besonderer Höhepunkt ist jedes Jahr der <strong>Faschingssonntag</strong> in Igls .</p>



<p>Sektionsleiter: Florian Wild </p>



<p></p>

<p>Seit 2008 sind die Igler Viller Huttler eine stolze Sektion des Schuhplattlervereins Vill-Igls. Mit ihrer Leidenschaft für Brauchtum und Fasching prägen sie das Dorfleben jedes Jahr aufs Neue. Von 7. Jänner bis Faschingsdienstag ziehen die Huttler durch die Straßen und Gasthäuser, bringen Stimmung, Musik und Tradition in die Häuser und Herzen der Menschen. Ihr Auftritt&hellip;&nbsp;<a href="https://viv.tirol/schuhplattlerverein-vill-igls/igler-viller-huttler/" rel="bookmark">Mehr lesen &raquo;<span class="screen-reader-text">Igler Viller Huttler</span></a></p>
