{"id":132,"date":"2025-12-05T17:07:27","date_gmt":"2025-12-05T16:07:27","guid":{"rendered":"https:\/\/viv.tirol\/schuhplattlerverein-vill-igls\/?page_id=132"},"modified":"2025-12-21T13:11:58","modified_gmt":"2025-12-21T12:11:58","slug":"veranstaltungen","status":"publish","type":"page","link":"https:\/\/viv.tirol\/schuhplattlerverein-vill-igls\/veranstaltungen\/","title":{"rendered":"Veranstaltungen"},"content":{"rendered":"\n<div id=\"wp-block-themeisle-blocks-accordion-648b75dc\" class=\"wp-block-themeisle-blocks-accordion exclusive\">\n<details class=\"wp-block-themeisle-blocks-accordion-item\"><summary class=\"wp-block-themeisle-blocks-accordion-item__title\"><div>Tiroler Abend <\/div><\/summary><div class=\"wp-block-themeisle-blocks-accordion-item__content\">\n<figure class=\"wp-block-image size-large is-resized\"><img loading=\"lazy\" decoding=\"async\" width=\"724\" height=\"1024\" src=\"https:\/\/viv.tirol\/schuhplattlerverein-vill-igls\/wp-content\/uploads\/sites\/22\/2025\/12\/PLAKAT_TA-724x1024.jpg\" alt=\"\" class=\"wp-image-151\" style=\"width:733px;height:auto\" srcset=\"https:\/\/viv.tirol\/schuhplattlerverein-vill-igls\/wp-content\/uploads\/sites\/22\/2025\/12\/PLAKAT_TA-724x1024.jpg 724w, https:\/\/viv.tirol\/schuhplattlerverein-vill-igls\/wp-content\/uploads\/sites\/22\/2025\/12\/PLAKAT_TA-212x300.jpg 212w, https:\/\/viv.tirol\/schuhplattlerverein-vill-igls\/wp-content\/uploads\/sites\/22\/2025\/12\/PLAKAT_TA-768x1086.jpg 768w, https:\/\/viv.tirol\/schuhplattlerverein-vill-igls\/wp-content\/uploads\/sites\/22\/2025\/12\/PLAKAT_TA.jpg 842w\" sizes=\"auto, (max-width: 724px) 100vw, 724px\" \/><\/figure>\n<\/div><\/details>\n\n\n\n<details class=\"wp-block-themeisle-blocks-accordion-item\"><summary class=\"wp-block-themeisle-blocks-accordion-item__title\"><div>Gardedisco\/Kinderdisco<\/div><\/summary><div class=\"wp-block-themeisle-blocks-accordion-item__content\">\n<p>24.01.26 ab 14:00  im Vereinshaus <\/p>\n\n\n\n<p>Die Garde und Junghuttler umrahmen den Nachmittag mit einen Auftritt. Die kleinen G\u00e4ste werden spielerisch und t\u00e4nzerisch bestens unterhalten.<\/p>\n<\/div><\/details>\n\n\n\n<details class=\"wp-block-themeisle-blocks-accordion-item\"><summary class=\"wp-block-themeisle-blocks-accordion-item__title\"><div>Faschingsball <\/div><\/summary><div class=\"wp-block-themeisle-blocks-accordion-item__content\">\n<p>31.01.2026 ab 20:00 Im Vereinshaus<\/p>\n\n\n\n<p>Faschingsball f\u00fcr die Erwachsenen, Show Acts sind erw\u00fcnscht<\/p>\n<\/div><\/details>\n\n\n\n<details class=\"wp-block-themeisle-blocks-accordion-item\"><summary class=\"wp-block-themeisle-blocks-accordion-item__title\"><div>Kinderhuttlerschaugn <\/div><\/summary><div class=\"wp-block-themeisle-blocks-accordion-item__content\">\n<p>07.02.2026 ab 14:00 im Vereinshaus <\/p>\n\n\n\n<p>Kindergruppen der Huttler, Muller und Matschgerer aus der N\u00e4he Innsbrucks zeigen bei uns ihr k\u00f6nnen. Wir freuen uns auf viele G\u00e4ste.<\/p>\n<\/div><\/details>\n\n\n\n<details class=\"wp-block-themeisle-blocks-accordion-item\"><summary class=\"wp-block-themeisle-blocks-accordion-item__title\"><div>Faschingssonntag <\/div><\/summary><div class=\"wp-block-themeisle-blocks-accordion-item__content\">\n<p>15.02 in Igls <\/p>\n\n\n\n<p>um 14:00 ziehen viele Gruppen aus Igls von der Ortsmitte zum Vereinshaus. Dort findet dann der Faschingssonntag statt. Es ist f\u00fcr Jung und Alt etwas dabei. Wir freuen uns auf viele G\u00e4ste und Mitwirkende.<\/p>\n<\/div><\/details>\n<\/div>\n\n\n\n<p><\/p>\n","protected":false},"excerpt":{"rendered":"","protected":false},"author":46,"featured_media":0,"parent":0,"menu_order":0,"comment_status":"closed","ping_status":"closed","template":"","meta":{"_acf_changed":false,"neve_meta_sidebar":"","neve_meta_container":"","neve_meta_enable_content_width":"","neve_meta_content_width":0,"neve_meta_title_alignment":"","neve_meta_author_avatar":"","neve_post_elements_order":"","neve_meta_disable_header":"","neve_meta_disable_footer":"","neve_meta_disable_title":"","neve_meta_reading_time":"","_themeisle_gutenberg_block_has_review":false,"footnotes":""},"class_list":["post-132","page","type-page","status-publish","hentry"],"acf":[],"_links":{"self":[{"href":"https:\/\/viv.tirol\/schuhplattlerverein-vill-igls\/wp-json\/wp\/v2\/pages\/132","targetHints":{"allow":["GET"]}}],"collection":[{"href":"https:\/\/viv.tirol\/schuhplattlerverein-vill-igls\/wp-json\/wp\/v2\/pages"}],"about":[{"href":"https:\/\/viv.tirol\/schuhplattlerverein-vill-igls\/wp-json\/wp\/v2\/types\/page"}],"author":[{"embeddable":true,"href":"https:\/\/viv.tirol\/schuhplattlerverein-vill-igls\/wp-json\/wp\/v2\/users\/46"}],"replies":[{"embeddable":true,"href":"https:\/\/viv.tirol\/schuhplattlerverein-vill-igls\/wp-json\/wp\/v2\/comments?post=132"}],"version-history":[{"count":5,"href":"https:\/\/viv.tirol\/schuhplattlerverein-vill-igls\/wp-json\/wp\/v2\/pages\/132\/revisions"}],"predecessor-version":[{"id":152,"href":"https:\/\/viv.tirol\/schuhplattlerverein-vill-igls\/wp-json\/wp\/v2\/pages\/132\/revisions\/152"}],"wp:attachment":[{"href":"https:\/\/viv.tirol\/schuhplattlerverein-vill-igls\/wp-json\/wp\/v2\/media?parent=132"}],"curies":[{"name":"wp","href":"https:\/\/api.w.org\/{rel}","templated":true}]}}

<div id="wp-block-themeisle-blocks-accordion-648b75dc" class="wp-block-themeisle-blocks-accordion exclusive">
<details class="wp-block-themeisle-blocks-accordion-item"><summary class="wp-block-themeisle-blocks-accordion-item__title"><div>Tiroler Abend </div></summary><div class="wp-block-themeisle-blocks-accordion-item__content">
<figure class="wp-block-image size-large is-resized"><img loading="lazy" decoding="async" width="724" height="1024" src="https://viv.tirol/schuhplattlerverein-vill-igls/wp-content/uploads/sites/22/2025/12/PLAKAT_TA-724x1024.jpg" alt="" class="wp-image-151" style="width:733px;height:auto" srcset="https://viv.tirol/schuhplattlerverein-vill-igls/wp-content/uploads/sites/22/2025/12/PLAKAT_TA-724x1024.jpg 724w, https://viv.tirol/schuhplattlerverein-vill-igls/wp-content/uploads/sites/22/2025/12/PLAKAT_TA-212x300.jpg 212w, https://viv.tirol/schuhplattlerverein-vill-igls/wp-content/uploads/sites/22/2025/12/PLAKAT_TA-768x1086.jpg 768w, https://viv.tirol/schuhplattlerverein-vill-igls/wp-content/uploads/sites/22/2025/12/PLAKAT_TA.jpg 842w" sizes="auto, (max-width: 724px) 100vw, 724px" /></figure>
</div></details>



<details class="wp-block-themeisle-blocks-accordion-item"><summary class="wp-block-themeisle-blocks-accordion-item__title"><div>Gardedisco/Kinderdisco</div></summary><div class="wp-block-themeisle-blocks-accordion-item__content">
<p>24.01.26 ab 14:00  im Vereinshaus </p>



<p>Die Garde und Junghuttler umrahmen den Nachmittag mit einen Auftritt. Die kleinen Gäste werden spielerisch und tänzerisch bestens unterhalten.</p>
</div></details>



<details class="wp-block-themeisle-blocks-accordion-item"><summary class="wp-block-themeisle-blocks-accordion-item__title"><div>Faschingsball </div></summary><div class="wp-block-themeisle-blocks-accordion-item__content">
<p>31.01.2026 ab 20:00 Im Vereinshaus</p>



<p>Faschingsball für die Erwachsenen, Show Acts sind erwünscht</p>
</div></details>



<details class="wp-block-themeisle-blocks-accordion-item"><summary class="wp-block-themeisle-blocks-accordion-item__title"><div>Kinderhuttlerschaugn </div></summary><div class="wp-block-themeisle-blocks-accordion-item__content">
<p>07.02.2026 ab 14:00 im Vereinshaus </p>



<p>Kindergruppen der Huttler, Muller und Matschgerer aus der Nähe Innsbrucks zeigen bei uns ihr können. Wir freuen uns auf viele Gäste.</p>
</div></details>



<details class="wp-block-themeisle-blocks-accordion-item"><summary class="wp-block-themeisle-blocks-accordion-item__title"><div>Faschingssonntag </div></summary><div class="wp-block-themeisle-blocks-accordion-item__content">
<p>15.02 in Igls </p>



<p>um 14:00 ziehen viele Gruppen aus Igls von der Ortsmitte zum Vereinshaus. Dort findet dann der Faschingssonntag statt. Es ist für Jung und Alt etwas dabei. Wir freuen uns auf viele Gäste und Mitwirkende.</p>
</div></details>
</div>



<p></p>
