{"id":93,"date":"2020-08-31T10:56:13","date_gmt":"2020-08-31T10:56:13","guid":{"rendered":"https:\/\/demosites.io\/kindergarden-gb\/?page_id=93"},"modified":"2023-07-17T22:01:17","modified_gmt":"2023-07-17T20:01:17","slug":"ddb4d-home","status":"publish","type":"page","link":"https:\/\/viv.tirol\/familienfest\/","title":{"rendered":"Home"},"content":{"rendered":"\n<div id=\"wp-block-themeisle-blocks-advanced-columns-bce041f3\" class=\"wp-block-themeisle-blocks-advanced-columns alignfull has-1-columns has-desktop-twoOne-layout has-tablet-twoOne-layout has-mobile-collapsedRows-layout has-vertical-unset\"><div class=\"wp-block-themeisle-blocks-advanced-columns-overlay\"><\/div><div class=\"innerblocks-wrap\">\n<div id=\"wp-block-themeisle-blocks-advanced-column-b576489d\" class=\"wp-block-themeisle-blocks-advanced-column\">\n<h1 class=\"wp-block-heading has-text-align-center has-white-color has-text-color\">Das Familienfest f\u00fcr die Stadtteile Igls und Vill<\/h1>\n\n\n\n<h5 class=\"wp-block-heading has-text-align-center has-nv-site-bg-color has-text-color\">Zur F\u00f6rderung der Integration, der Kommunikation und des Miteinanders aller Bewohnerinnen und Bewohner<\/h5>\n<\/div>\n<\/div><div class=\"wp-block-themeisle-blocks-advanced-columns-separators bottom\"><svg id=\"rightCurve\" fill=\"var(--nv-site-bg)\" viewBox=\"0 0 100 100\" width=\"100%\" height=\"100\" preserveAspectRatio=\"none\" xmlns=\"http:\/\/www.w3.org\/2000\/svg\" class=\"\"><path d=\"M0 100 C 50 0 70 0 100 100 Z\"><\/path><\/svg><\/div><\/div>\n\n\n\n<div id=\"wp-block-themeisle-blocks-advanced-columns-ab4e411b\" class=\"wp-block-themeisle-blocks-advanced-columns alignfull has-1-columns has-desktop-equal-layout has-tablet-equal-layout has-mobile-equal-layout has-vertical-unset\"><div class=\"wp-block-themeisle-blocks-advanced-columns-overlay\"><\/div><div class=\"innerblocks-wrap\">\n<div id=\"wp-block-themeisle-blocks-advanced-column-c02f0fc6\" class=\"wp-block-themeisle-blocks-advanced-column\">\n<h2 class=\"wp-block-heading has-text-align-center has-neve-link-color-color has-text-color\">Familienfest am 10. September 2023, 10 Uhr<\/h2>\n\n\n\n<div id=\"wp-block-themeisle-blocks-countdown-304a2b16\" data-date=\"2023-09-10T10:00:00\" data-bhv=\"hide\" class=\"wp-block-themeisle-blocks-countdown\"><div class=\"otter-countdown__container\"><div class=\"otter-countdown__display\"><div name=\"day\" class=\"otter-countdown__display-area is-main-component\"><div class=\"otter-countdown__value\">0<\/div><div class=\"otter-countdown__label\">Day<\/div><\/div><div name=\"separator\" class=\"otter-countdown__display-area\"><div class=\"otter-countdown__value\">:<\/div><div class=\"otter-countdown__label\">sep<\/div><\/div><div name=\"hour\" class=\"otter-countdown__display-area is-main-component\"><div class=\"otter-countdown__value\">0<\/div><div class=\"otter-countdown__label\">Hour<\/div><\/div><div name=\"separator\" class=\"otter-countdown__display-area\"><div class=\"otter-countdown__value\">:<\/div><div class=\"otter-countdown__label\">sep<\/div><\/div><div name=\"minute\" class=\"otter-countdown__display-area is-main-component\"><div class=\"otter-countdown__value\">0<\/div><div class=\"otter-countdown__label\">Minute<\/div><\/div><div name=\"separator\" class=\"otter-countdown__display-area\"><div class=\"otter-countdown__value\">:<\/div><div class=\"otter-countdown__label\">sep<\/div><\/div><div name=\"second\" class=\"otter-countdown__display-area is-main-component\"><div class=\"otter-countdown__value\">0<\/div><div class=\"otter-countdown__label\">Second<\/div><\/div><\/div><\/div><\/div>\n<\/div>\n<\/div><\/div>\n\n\n\n<div id=\"wp-block-themeisle-blocks-advanced-columns-93688f4d\" class=\"wp-block-themeisle-blocks-advanced-columns alignfull has-1-columns has-desktop-equal-layout has-tablet-equal-layout has-mobile-equal-layout has-vertical-unset\"><div class=\"wp-block-themeisle-blocks-advanced-columns-overlay\"><\/div><div class=\"innerblocks-wrap\">\n<div id=\"wp-block-themeisle-blocks-advanced-column-f5586b6e\" class=\"wp-block-themeisle-blocks-advanced-column animated fadeIn delay-500ms\">\n<div style=\"height:380px\" aria-hidden=\"true\" class=\"wp-block-spacer\"><\/div>\n<\/div>\n<\/div><\/div>\n\n\n\n<div id=\"wp-block-themeisle-blocks-advanced-columns-4f1170ea\" class=\"wp-block-themeisle-blocks-advanced-columns alignfull has-2-columns has-desktop-equal-layout has-tablet-equal-layout has-mobile-collapsedRows-layout has-vertical-top has-dark-bg\"><div class=\"wp-block-themeisle-blocks-advanced-columns-overlay\"><\/div><div class=\"innerblocks-wrap\">\n<div id=\"wp-block-themeisle-blocks-advanced-column-0c3f02f5\" class=\"wp-block-themeisle-blocks-advanced-column\">\n<p class=\"has-nv-site-bg-color has-text-color\">Vor 36 Jahren fand in Igls das Familienfest zum ersten Mal statt. Der immer noch aktuelle Grundgedanke besteht darin, dass alle Generationen in ungezwungener Atmosph\u00e4re die M\u00f6glichkeit haben, neue Kontakte zu kn\u00fcpfen und bestehende aufzufrischen. <\/p>\n\n\n\n<p class=\"has-nv-site-bg-color has-text-color\">Vor allem f\u00fcr neuzugezogene Bewohnerinnen und Bewohner bietet dieses Fest eine gute Gelegenheit Anschluss zu finden.<\/p>\n\n\n\n<p class=\"has-nv-site-bg-color has-text-color\">Organisiert wird dieses Fest vom \u201eVerein zur Organisation des Familienfestes Igls-Vill\u201c.<\/p>\n<\/div>\n\n\n\n<div id=\"wp-block-themeisle-blocks-advanced-column-432eeb3a\" class=\"wp-block-themeisle-blocks-advanced-column\">\n<p class=\"has-nv-site-bg-color has-text-color\">Heuer sind Enik\u00f6 Ily\u00e9s und Pam Johannes aus dem Organisationsteam ausgeschieden und es sei ihnen an dieser Stelle herzlich f\u00fcr ihre jahrelange Mitarbeit gedankt. <\/p>\n\n\n\n<p class=\"has-nv-site-bg-color has-text-color\">Erfreulicherweise hat sich Magdalena Zobl bereit erkl\u00e4rt dem Verein beizutreten und diesen mit neuen Ideen zu bereichern.<\/p>\n<\/div>\n<\/div><\/div>\n\n\n\n<div id=\"wp-block-themeisle-blocks-advanced-columns-85e6168e\" class=\"wp-block-themeisle-blocks-advanced-columns alignfull has-2-columns has-desktop-equal-layout has-tablet-equal-layout has-mobile-collapsedRows-layout has-vertical-center\"><div class=\"wp-block-themeisle-blocks-advanced-columns-overlay\"><\/div><div class=\"innerblocks-wrap\">\n<div id=\"wp-block-themeisle-blocks-advanced-column-0552b044\" class=\"wp-block-themeisle-blocks-advanced-column\">\n<h2 class=\"wp-block-heading has-neve-link-color-color has-text-color\">Viele H\u00e4nde f\u00fcr ein gutes Gelingen<\/h2>\n\n\n\n<p>Damit dieses Fest gelingen kann, bedarf es jedoch zus\u00e4tzlicher Mitarbeit und Unterst\u00fctzung vieler freiwilliger Helferinnen und Helfer.<\/p>\n\n\n\n<p>Hilfe wird bei der Betreuung einer Spielstation, bei der Essen- und Getr\u00e4nkeausgabe, beim Auf- und Abbau etc. ben\u00f6tigt. <\/p>\n\n\n\n<p>Auch mit einer Kuchenspende kann ein wertvoller Beitrag geleistet werden.<\/p>\n\n\n\n<div class=\"wp-block-buttons is-layout-flex wp-block-buttons-is-layout-flex\">\n<div class=\"wp-block-button is-style-primary\"><a class=\"wp-block-button__link wp-element-button\" href=\"mailto:andrea.wuercher@uibk.ac.at\">Hilf mit!<\/a><\/div>\n<\/div>\n<\/div>\n\n\n\n<div id=\"wp-block-themeisle-blocks-advanced-column-8ceaf2d9\" class=\"wp-block-themeisle-blocks-advanced-column\">\n<figure class=\"wp-block-image size-full\"><img loading=\"lazy\" decoding=\"async\" width=\"600\" height=\"600\" src=\"https:\/\/viv.tirol\/familienfest\/wp-content\/uploads\/sites\/17\/2019\/09\/neve-kindergarden-demo-27.jpg\" alt=\"\" class=\"wp-image-71\"\/><\/figure>\n<\/div>\n<\/div><\/div>\n\n\n\n<div id=\"wp-block-themeisle-blocks-advanced-columns-d9ba47b1\" class=\"wp-block-themeisle-blocks-advanced-columns alignfull has-2-columns has-desktop-equal-layout has-tablet-equal-layout has-mobile-collapsedRows-layout has-vertical-center\"><div class=\"wp-block-themeisle-blocks-advanced-columns-overlay\"><\/div><div class=\"innerblocks-wrap\">\n<div id=\"wp-block-themeisle-blocks-advanced-column-102a6c7f\" class=\"wp-block-themeisle-blocks-advanced-column\">\n<figure class=\"wp-block-image size-full\"><img loading=\"lazy\" decoding=\"async\" width=\"959\" height=\"959\" src=\"https:\/\/viv.tirol\/familienfest\/wp-content\/uploads\/sites\/17\/2022\/05\/Bild-1.jpeg\" alt=\"\" class=\"wp-image-224\" srcset=\"https:\/\/viv.tirol\/familienfest\/wp-content\/uploads\/sites\/17\/2022\/05\/Bild-1.jpeg 959w, https:\/\/viv.tirol\/familienfest\/wp-content\/uploads\/sites\/17\/2022\/05\/Bild-1-300x300.jpeg 300w, https:\/\/viv.tirol\/familienfest\/wp-content\/uploads\/sites\/17\/2022\/05\/Bild-1-150x150.jpeg 150w, https:\/\/viv.tirol\/familienfest\/wp-content\/uploads\/sites\/17\/2022\/05\/Bild-1-768x768.jpeg 768w\" sizes=\"auto, (max-width: 959px) 100vw, 959px\" \/><\/figure>\n<\/div>\n\n\n\n<div id=\"wp-block-themeisle-blocks-advanced-column-0ce9edd5\" class=\"wp-block-themeisle-blocks-advanced-column\">\n<p class=\"has-nv-site-bg-color has-text-color has-medium-font-size\">Es wird kein Eintritt verlangt und bezahlt wird erst beim Verlassen des Festes.<\/p>\n\n\n\n<p class=\"has-nv-site-bg-color has-text-color has-medium-font-size\">Da der Verein nicht<br>gewinnorientiert arbeitet, wird um ein gro\u00dfz\u00fcgiges \u201eFreikaufen\u201c zur Deckung der Ausgaben gebeten.<\/p>\n\n\n\n<p class=\"has-nv-site-bg-color has-text-color has-medium-font-size\">Ein Fest f\u00fcr alle aus Igls und Vill im Alter von 0 bis 100.<\/p>\n<\/div>\n<\/div><\/div>\n\n\n\n<div id=\"wp-block-themeisle-blocks-advanced-columns-60febb79\" class=\"wp-block-themeisle-blocks-advanced-columns alignfull has-1-columns has-desktop-twoOne-layout has-tablet-twoOne-layout has-mobile-collapsedRows-layout has-vertical-center has-vertical-undefined has-dark-bg\"><div class=\"wp-block-themeisle-blocks-advanced-columns-overlay\"><\/div><div class=\"innerblocks-wrap\">\n<div id=\"wp-block-themeisle-blocks-advanced-column-f02148d7\" class=\"wp-block-themeisle-blocks-advanced-column\">\n<h2 class=\"wp-block-heading has-text-align-center has-white-color has-text-color\">Familienfest am 10. September<\/h2>\n\n\n\n<h2 class=\"wp-block-heading has-text-align-center has-white-color has-text-color\">Beginn 10:00 Uhr mit der Messe im alten Schulgarten<br>bei Schlechtwetter in der Igler Kirche<\/h2>\n\n\n\n<h2 class=\"wp-block-heading has-text-align-center has-white-color has-text-color\">ab 11:00 Uhr Platzkonzert der Muskkapelle Igls-Vill<\/h2>\n\n\n\n<h2 class=\"wp-block-heading has-text-align-center has-white-color has-text-color\">ab 12:00 Uhr Gegrilltes<\/h2>\n\n\n\n<h2 class=\"wp-block-heading has-text-align-center has-white-color has-text-color\">ab 17:00 Uhr Ausklang<\/h2>\n\n\n\n<h2 class=\"wp-block-heading has-text-align-center has-white-color has-text-color\">Bitte um reichliche Kuchenspenden!<\/h2>\n<\/div>\n<\/div><\/div>\n\n\n\n<div id=\"wp-block-themeisle-blocks-advanced-columns-277a929a\" class=\"wp-block-themeisle-blocks-advanced-columns alignfull has-3-columns has-desktop-equal-layout has-tablet-equal-layout has-mobile-collapsedRows-layout has-vertical-unset\"><div class=\"wp-block-themeisle-blocks-advanced-columns-overlay\"><\/div><div class=\"innerblocks-wrap\">\n<div id=\"wp-block-themeisle-blocks-advanced-column-82dde988\" class=\"wp-block-themeisle-blocks-advanced-column\">\n<h3 class=\"wp-block-heading has-text-align-center\">Moni Astenwald<\/h3>\n\n\n\n<p class=\"has-text-align-center\">0676\/6025008<\/p>\n<\/div>\n\n\n\n<div id=\"wp-block-themeisle-blocks-advanced-column-1674e450\" class=\"wp-block-themeisle-blocks-advanced-column\">\n<h3 class=\"wp-block-heading has-text-align-center\">Andrea W\u00fcrcher<\/h3>\n\n\n\n<p class=\"has-text-align-center\">0650\/3038567<\/p>\n<\/div>\n\n\n\n<div id=\"wp-block-themeisle-blocks-advanced-column-b98af19d\" class=\"wp-block-themeisle-blocks-advanced-column\">\n<h3 class=\"wp-block-heading has-text-align-center\">Magdalena Zobl<\/h3>\n\n\n\n<p class=\"has-text-align-center\">0664\/88787888<\/p>\n<\/div>\n<\/div><\/div>\n","protected":false},"excerpt":{"rendered":"","protected":false},"author":4,"featured_media":0,"parent":0,"menu_order":0,"comment_status":"closed","ping_status":"closed","template":"","meta":{"_acf_changed":false,"neve_meta_sidebar":"full-width","neve_meta_container":"","neve_meta_enable_content_width":"on","neve_meta_content_width":100,"neve_meta_title_alignment":"","neve_meta_author_avatar":"","neve_post_elements_order":"","neve_meta_disable_header":"on","neve_meta_disable_footer":"","neve_meta_disable_title":"on","neve_meta_reading_time":"","_themeisle_gutenberg_block_has_review":false,"footnotes":""},"class_list":["post-93","page","type-page","status-publish","hentry"],"acf":[],"_links":{"self":[{"href":"https:\/\/viv.tirol\/familienfest\/wp-json\/wp\/v2\/pages\/93","targetHints":{"allow":["GET"]}}],"collection":[{"href":"https:\/\/viv.tirol\/familienfest\/wp-json\/wp\/v2\/pages"}],"about":[{"href":"https:\/\/viv.tirol\/familienfest\/wp-json\/wp\/v2\/types\/page"}],"author":[{"embeddable":true,"href":"https:\/\/viv.tirol\/familienfest\/wp-json\/wp\/v2\/users\/4"}],"replies":[{"embeddable":true,"href":"https:\/\/viv.tirol\/familienfest\/wp-json\/wp\/v2\/comments?post=93"}],"version-history":[{"count":27,"href":"https:\/\/viv.tirol\/familienfest\/wp-json\/wp\/v2\/pages\/93\/revisions"}],"predecessor-version":[{"id":378,"href":"https:\/\/viv.tirol\/familienfest\/wp-json\/wp\/v2\/pages\/93\/revisions\/378"}],"wp:attachment":[{"href":"https:\/\/viv.tirol\/familienfest\/wp-json\/wp\/v2\/media?parent=93"}],"curies":[{"name":"wp","href":"https:\/\/api.w.org\/{rel}","templated":true}]}}

<div id="wp-block-themeisle-blocks-advanced-columns-bce041f3" class="wp-block-themeisle-blocks-advanced-columns alignfull has-1-columns has-desktop-twoOne-layout has-tablet-twoOne-layout has-mobile-collapsedRows-layout has-vertical-unset"><div class="wp-block-themeisle-blocks-advanced-columns-overlay"></div><div class="innerblocks-wrap">
<div id="wp-block-themeisle-blocks-advanced-column-b576489d" class="wp-block-themeisle-blocks-advanced-column">
<h1 class="wp-block-heading has-text-align-center has-white-color has-text-color">Das Familienfest für die Stadtteile Igls und Vill</h1>



<h5 class="wp-block-heading has-text-align-center has-nv-site-bg-color has-text-color">Zur Förderung der Integration, der Kommunikation und des Miteinanders aller Bewohnerinnen und Bewohner</h5>
</div>
</div><div class="wp-block-themeisle-blocks-advanced-columns-separators bottom"><svg id="rightCurve" fill="var(--nv-site-bg)" viewBox="0 0 100 100" width="100%" height="100" preserveAspectRatio="none" xmlns="http://www.w3.org/2000/svg" class=""><path d="M0 100 C 50 0 70 0 100 100 Z"></path></svg></div></div>



<div id="wp-block-themeisle-blocks-advanced-columns-ab4e411b" class="wp-block-themeisle-blocks-advanced-columns alignfull has-1-columns has-desktop-equal-layout has-tablet-equal-layout has-mobile-equal-layout has-vertical-unset"><div class="wp-block-themeisle-blocks-advanced-columns-overlay"></div><div class="innerblocks-wrap">
<div id="wp-block-themeisle-blocks-advanced-column-c02f0fc6" class="wp-block-themeisle-blocks-advanced-column">
<h2 class="wp-block-heading has-text-align-center has-neve-link-color-color has-text-color">Familienfest am 10. September 2023, 10 Uhr</h2>



<div id="wp-block-themeisle-blocks-countdown-304a2b16" data-date="2023-09-10T10:00:00" data-bhv="hide" class="wp-block-themeisle-blocks-countdown"><div class="otter-countdown__container"><div class="otter-countdown__display"><div name="day" class="otter-countdown__display-area is-main-component"><div class="otter-countdown__value">0</div><div class="otter-countdown__label">Day</div></div><div name="separator" class="otter-countdown__display-area"><div class="otter-countdown__value">:</div><div class="otter-countdown__label">sep</div></div><div name="hour" class="otter-countdown__display-area is-main-component"><div class="otter-countdown__value">0</div><div class="otter-countdown__label">Hour</div></div><div name="separator" class="otter-countdown__display-area"><div class="otter-countdown__value">:</div><div class="otter-countdown__label">sep</div></div><div name="minute" class="otter-countdown__display-area is-main-component"><div class="otter-countdown__value">0</div><div class="otter-countdown__label">Minute</div></div><div name="separator" class="otter-countdown__display-area"><div class="otter-countdown__value">:</div><div class="otter-countdown__label">sep</div></div><div name="second" class="otter-countdown__display-area is-main-component"><div class="otter-countdown__value">0</div><div class="otter-countdown__label">Second</div></div></div></div></div>
</div>
</div></div>



<div id="wp-block-themeisle-blocks-advanced-columns-93688f4d" class="wp-block-themeisle-blocks-advanced-columns alignfull has-1-columns has-desktop-equal-layout has-tablet-equal-layout has-mobile-equal-layout has-vertical-unset"><div class="wp-block-themeisle-blocks-advanced-columns-overlay"></div><div class="innerblocks-wrap">
<div id="wp-block-themeisle-blocks-advanced-column-f5586b6e" class="wp-block-themeisle-blocks-advanced-column animated fadeIn delay-500ms">
<div style="height:380px" aria-hidden="true" class="wp-block-spacer"></div>
</div>
</div></div>



<div id="wp-block-themeisle-blocks-advanced-columns-4f1170ea" class="wp-block-themeisle-blocks-advanced-columns alignfull has-2-columns has-desktop-equal-layout has-tablet-equal-layout has-mobile-collapsedRows-layout has-vertical-top has-dark-bg"><div class="wp-block-themeisle-blocks-advanced-columns-overlay"></div><div class="innerblocks-wrap">
<div id="wp-block-themeisle-blocks-advanced-column-0c3f02f5" class="wp-block-themeisle-blocks-advanced-column">
<p class="has-nv-site-bg-color has-text-color">Vor 36 Jahren fand in Igls das Familienfest zum ersten Mal statt. Der immer noch aktuelle Grundgedanke besteht darin, dass alle Generationen in ungezwungener Atmosphäre die Möglichkeit haben, neue Kontakte zu knüpfen und bestehende aufzufrischen. </p>



<p class="has-nv-site-bg-color has-text-color">Vor allem für neuzugezogene Bewohnerinnen und Bewohner bietet dieses Fest eine gute Gelegenheit Anschluss zu finden.</p>



<p class="has-nv-site-bg-color has-text-color">Organisiert wird dieses Fest vom „Verein zur Organisation des Familienfestes Igls-Vill“.</p>
</div>



<div id="wp-block-themeisle-blocks-advanced-column-432eeb3a" class="wp-block-themeisle-blocks-advanced-column">
<p class="has-nv-site-bg-color has-text-color">Heuer sind Enikö Ilyés und Pam Johannes aus dem Organisationsteam ausgeschieden und es sei ihnen an dieser Stelle herzlich für ihre jahrelange Mitarbeit gedankt. </p>



<p class="has-nv-site-bg-color has-text-color">Erfreulicherweise hat sich Magdalena Zobl bereit erklärt dem Verein beizutreten und diesen mit neuen Ideen zu bereichern.</p>
</div>
</div></div>



<div id="wp-block-themeisle-blocks-advanced-columns-85e6168e" class="wp-block-themeisle-blocks-advanced-columns alignfull has-2-columns has-desktop-equal-layout has-tablet-equal-layout has-mobile-collapsedRows-layout has-vertical-center"><div class="wp-block-themeisle-blocks-advanced-columns-overlay"></div><div class="innerblocks-wrap">
<div id="wp-block-themeisle-blocks-advanced-column-0552b044" class="wp-block-themeisle-blocks-advanced-column">
<h2 class="wp-block-heading has-neve-link-color-color has-text-color">Viele Hände für ein gutes Gelingen</h2>



<p>Damit dieses Fest gelingen kann, bedarf es jedoch zusätzlicher Mitarbeit und Unterstützung vieler freiwilliger Helferinnen und Helfer.</p>



<p>Hilfe wird bei der Betreuung einer Spielstation, bei der Essen- und Getränkeausgabe, beim Auf- und Abbau etc. benötigt. </p>



<p>Auch mit einer Kuchenspende kann ein wertvoller Beitrag geleistet werden.</p>



<div class="wp-block-buttons is-layout-flex wp-block-buttons-is-layout-flex">
<div class="wp-block-button is-style-primary"><a class="wp-block-button__link wp-element-button" href="mailto:andrea.wuercher@uibk.ac.at">Hilf mit!</a></div>
</div>
</div>



<div id="wp-block-themeisle-blocks-advanced-column-8ceaf2d9" class="wp-block-themeisle-blocks-advanced-column">
<figure class="wp-block-image size-full"><img loading="lazy" decoding="async" width="600" height="600" src="https://viv.tirol/familienfest/wp-content/uploads/sites/17/2019/09/neve-kindergarden-demo-27.jpg" alt="" class="wp-image-71"/></figure>
</div>
</div></div>



<div id="wp-block-themeisle-blocks-advanced-columns-d9ba47b1" class="wp-block-themeisle-blocks-advanced-columns alignfull has-2-columns has-desktop-equal-layout has-tablet-equal-layout has-mobile-collapsedRows-layout has-vertical-center"><div class="wp-block-themeisle-blocks-advanced-columns-overlay"></div><div class="innerblocks-wrap">
<div id="wp-block-themeisle-blocks-advanced-column-102a6c7f" class="wp-block-themeisle-blocks-advanced-column">
<figure class="wp-block-image size-full"><img loading="lazy" decoding="async" width="959" height="959" src="https://viv.tirol/familienfest/wp-content/uploads/sites/17/2022/05/Bild-1.jpeg" alt="" class="wp-image-224" srcset="https://viv.tirol/familienfest/wp-content/uploads/sites/17/2022/05/Bild-1.jpeg 959w, https://viv.tirol/familienfest/wp-content/uploads/sites/17/2022/05/Bild-1-300x300.jpeg 300w, https://viv.tirol/familienfest/wp-content/uploads/sites/17/2022/05/Bild-1-150x150.jpeg 150w, https://viv.tirol/familienfest/wp-content/uploads/sites/17/2022/05/Bild-1-768x768.jpeg 768w" sizes="auto, (max-width: 959px) 100vw, 959px" /></figure>
</div>



<div id="wp-block-themeisle-blocks-advanced-column-0ce9edd5" class="wp-block-themeisle-blocks-advanced-column">
<p class="has-nv-site-bg-color has-text-color has-medium-font-size">Es wird kein Eintritt verlangt und bezahlt wird erst beim Verlassen des Festes.</p>



<p class="has-nv-site-bg-color has-text-color has-medium-font-size">Da der Verein nicht<br>gewinnorientiert arbeitet, wird um ein großzügiges „Freikaufen“ zur Deckung der Ausgaben gebeten.</p>



<p class="has-nv-site-bg-color has-text-color has-medium-font-size">Ein Fest für alle aus Igls und Vill im Alter von 0 bis 100.</p>
</div>
</div></div>



<div id="wp-block-themeisle-blocks-advanced-columns-60febb79" class="wp-block-themeisle-blocks-advanced-columns alignfull has-1-columns has-desktop-twoOne-layout has-tablet-twoOne-layout has-mobile-collapsedRows-layout has-vertical-center has-vertical-undefined has-dark-bg"><div class="wp-block-themeisle-blocks-advanced-columns-overlay"></div><div class="innerblocks-wrap">
<div id="wp-block-themeisle-blocks-advanced-column-f02148d7" class="wp-block-themeisle-blocks-advanced-column">
<h2 class="wp-block-heading has-text-align-center has-white-color has-text-color">Familienfest am 10. September</h2>



<h2 class="wp-block-heading has-text-align-center has-white-color has-text-color">Beginn 10:00 Uhr mit der Messe im alten Schulgarten<br>bei Schlechtwetter in der Igler Kirche</h2>



<h2 class="wp-block-heading has-text-align-center has-white-color has-text-color">ab 11:00 Uhr Platzkonzert der Muskkapelle Igls-Vill</h2>



<h2 class="wp-block-heading has-text-align-center has-white-color has-text-color">ab 12:00 Uhr Gegrilltes</h2>



<h2 class="wp-block-heading has-text-align-center has-white-color has-text-color">ab 17:00 Uhr Ausklang</h2>



<h2 class="wp-block-heading has-text-align-center has-white-color has-text-color">Bitte um reichliche Kuchenspenden!</h2>
</div>
</div></div>



<div id="wp-block-themeisle-blocks-advanced-columns-277a929a" class="wp-block-themeisle-blocks-advanced-columns alignfull has-3-columns has-desktop-equal-layout has-tablet-equal-layout has-mobile-collapsedRows-layout has-vertical-unset"><div class="wp-block-themeisle-blocks-advanced-columns-overlay"></div><div class="innerblocks-wrap">
<div id="wp-block-themeisle-blocks-advanced-column-82dde988" class="wp-block-themeisle-blocks-advanced-column">
<h3 class="wp-block-heading has-text-align-center">Moni Astenwald</h3>



<p class="has-text-align-center">0676/6025008</p>
</div>



<div id="wp-block-themeisle-blocks-advanced-column-1674e450" class="wp-block-themeisle-blocks-advanced-column">
<h3 class="wp-block-heading has-text-align-center">Andrea Würcher</h3>



<p class="has-text-align-center">0650/3038567</p>
</div>



<div id="wp-block-themeisle-blocks-advanced-column-b98af19d" class="wp-block-themeisle-blocks-advanced-column">
<h3 class="wp-block-heading has-text-align-center">Magdalena Zobl</h3>



<p class="has-text-align-center">0664/88787888</p>
</div>
</div></div>
