{"id":10,"date":"2022-05-21T21:58:24","date_gmt":"2022-05-21T19:58:24","guid":{"rendered":"https:\/\/viv.tirol\/familienfest\/datenschutz\/"},"modified":"2022-08-23T12:13:13","modified_gmt":"2022-08-23T10:13:13","slug":"datenschutz","status":"publish","type":"page","link":"https:\/\/viv.tirol\/familienfest\/datenschutz\/","title":{"rendered":"Datenschutz"},"content":{"rendered":"<p>In dieser Datenschutzerkl\u00e4rung kl\u00e4rt der Verein zur Organisation des Familienfest Igls-Vill, Am Bichl 27, 6080 Igls Nutzer \u00fcber die Art, den Umfang und Zwecke der Erhebung und Verwendung personenbezogener Daten zur Nutzung dieser Webseite auf. Sie gilt nur f\u00fcr die Inhalte auf dem Server des viv.tirol und umfasst nicht die auf unserer Seite verlinkten Webseiten.<\/p>\n<p>Der Schutz Ihrer pers\u00f6nlichen Daten ist uns ein besonderes Anliegen. Wir verarbeiten Ihre Daten daher ausschlie\u00dflich auf Grundlage der gesetzlichen Bestimmungen (DSGVO, TKG 2003). In diesen Datenschutzinformationen informieren wir Sie \u00fcber die wichtigsten Aspekte der Datenverarbeitung im Rahmen unserer Website.<\/p>\n<p>Beim Besuch unserer Webseite wird Ihre IP-Adresse, Beginn und Ende der Sitzung f\u00fcr die Dauer dieser Sitzung erfasst. Dies ist technisch bedingt und stellt damit ein berechtigtes Interesse iSv Art 6 Abs 1 lit f DSGVO dar. Soweit im Folgenden nichts anderes geregelt wird, werden diese Daten von uns nicht weiterverarbeitet.<\/p>\n<h2>Kontakt mit uns<\/h2>\n<p>Wenn Sie per Formular auf der Website oder per E-Mail Kontakt mit uns aufnehmen, werden Ihre angegebenen Daten zwecks Bearbeitung der Anfrage und f\u00fcr den Fall von Anschlussfragen sechs Monate bei uns gespeichert. Diese Daten geben wir nicht ohne Ihre Einwilligung weiter.<\/p>\n<h2>Cookies<\/h2>\n<p>Unsere Website verwendet derzeit keine Cookies.<\/p>\n<h2>Einbindung von Diensten und Inhalten Dritter<\/h2>\n<p>Es ist m\u00f6glich, dass auf unserem Onlineangebot Inhalte Dritter eingebunden werden. Das k\u00f6nnen zum Beispiel Videos von YouTube, Bilder, Tonmaterial oder andere Inhalte von anderen Webseiten sein. Dies setzt immer voraus, dass die Drittanbieter dieser Inhalte, die IP-Adresse der Nutzer wahrnehmen, da sie ohne die IP-Adresse die Inhalte nicht an deren Browser \u00fcbermitteln k\u00f6nnen. Die IP-Adresse ist damit f\u00fcr die Darstellung dieser Inhalte erforderlich. Wir haben keinen Einfluss darauf, falls die Dritt-Anbieter die IP-Adresse f\u00fcr statistische Zwecke oder f\u00fcr eine andere Verwendung speichern.<\/p>\n<h2>Youtube<\/h2>\n<p>Wir binden Videos der Plattform \u201cYouTube\u201d des Anbieters Google LLC, 1600 Amphitheatre Parkway, Mountain View, CA 94043, USA, ein. Datenschutzerkl\u00e4rung: <a href=\"https:\/\/www.google.com\/policies\/privacy\/\" target=\"_blank\" rel=\"nofollow noopener noreferrer\">https:\/\/www.google.com\/policies\/privacy\/<\/a>, Opt-Out: <a href=\"https:\/\/adssettings.google.com\/authenticated\" target=\"_blank\" rel=\"nofollow noopener noreferrer\">https:\/\/adssettings.google.com\/authenticated<\/a>.<\/p>\n<h2>Web-Analyse<\/h2>\n<p>Unsere Website verwendet derzeit keine Webanalyse.<\/p>\n<h2>Ihre Rechte<\/h2>\n<p>Ihnen stehen bez\u00fcglich Ihrer bei uns gespeicherten Daten grunds\u00e4tzlich die Rechte auf Auskunft, Berichtigung, L\u00f6schung, Einschr\u00e4nkung, Daten\u00fcbertragbarkeit, Widerruf und Widerspruch zu. Wenn Sie glauben, dass die Verarbeitung Ihrer Daten gegen das Datenschutzrecht verst\u00f6\u00dft oder Ihre datenschutzrechtlichen Anspr\u00fcche sonst in einer Weise verletzt worden sind, k\u00f6nnen Sie sich bei der uns [E-Mail-Adresse abgeben] oder der Datenschutzbeh\u00f6rde beschweren.<br \/>\nSie erreichen uns unter folgenden Kontaktdaten:<br \/>\nVerein zur Organisation des Familienfest Igls-Vill<br \/>\nMonika Astenwald<br \/>\nfamilienfestiglsvill@gmail.com<br \/>\n+43 676 6025008<\/p>\n","protected":false},"excerpt":{"rendered":"<p>In dieser Datenschutzerkl\u00e4rung kl\u00e4rt der , Nutzer \u00fcber die Art, den Umfang und Zwecke der Erhebung und Verwendung personenbezogener Daten zur Nutzung dieser Webseite auf. Sie gilt nur f\u00fcr die Inhalte auf dem Server des viv.tirol und umfasst nicht die auf unserer Seite verlinkten Webseiten. Der Schutz Ihrer pers\u00f6nlichen Daten ist uns ein besonderes Anliegen.&hellip;&nbsp;<a href=\"https:\/\/viv.tirol\/familienfest\/datenschutz\/\" rel=\"bookmark\">Mehr lesen &raquo;<span class=\"screen-reader-text\">Datenschutz<\/span><\/a><\/p>\n","protected":false},"author":4,"featured_media":0,"parent":0,"menu_order":0,"comment_status":"closed","ping_status":"closed","template":"","meta":{"_acf_changed":false,"neve_meta_sidebar":"","neve_meta_container":"","neve_meta_enable_content_width":"","neve_meta_content_width":0,"neve_meta_title_alignment":"","neve_meta_author_avatar":"","neve_post_elements_order":"","neve_meta_disable_header":"on","neve_meta_disable_footer":"","neve_meta_disable_title":"","neve_meta_reading_time":"","_themeisle_gutenberg_block_has_review":false,"footnotes":""},"class_list":["post-10","page","type-page","status-publish","hentry"],"acf":[],"_links":{"self":[{"href":"https:\/\/viv.tirol\/familienfest\/wp-json\/wp\/v2\/pages\/10","targetHints":{"allow":["GET"]}}],"collection":[{"href":"https:\/\/viv.tirol\/familienfest\/wp-json\/wp\/v2\/pages"}],"about":[{"href":"https:\/\/viv.tirol\/familienfest\/wp-json\/wp\/v2\/types\/page"}],"author":[{"embeddable":true,"href":"https:\/\/viv.tirol\/familienfest\/wp-json\/wp\/v2\/users\/4"}],"replies":[{"embeddable":true,"href":"https:\/\/viv.tirol\/familienfest\/wp-json\/wp\/v2\/comments?post=10"}],"version-history":[{"count":1,"href":"https:\/\/viv.tirol\/familienfest\/wp-json\/wp\/v2\/pages\/10\/revisions"}],"predecessor-version":[{"id":348,"href":"https:\/\/viv.tirol\/familienfest\/wp-json\/wp\/v2\/pages\/10\/revisions\/348"}],"wp:attachment":[{"href":"https:\/\/viv.tirol\/familienfest\/wp-json\/wp\/v2\/media?parent=10"}],"curies":[{"name":"wp","href":"https:\/\/api.w.org\/{rel}","templated":true}]}}

<p>In dieser Datenschutzerklärung klärt der Verein zur Organisation des Familienfest Igls-Vill, Am Bichl 27, 6080 Igls Nutzer über die Art, den Umfang und Zwecke der Erhebung und Verwendung personenbezogener Daten zur Nutzung dieser Webseite auf. Sie gilt nur für die Inhalte auf dem Server des viv.tirol und umfasst nicht die auf unserer Seite verlinkten Webseiten.</p>
<p>Der Schutz Ihrer persönlichen Daten ist uns ein besonderes Anliegen. Wir verarbeiten Ihre Daten daher ausschließlich auf Grundlage der gesetzlichen Bestimmungen (DSGVO, TKG 2003). In diesen Datenschutzinformationen informieren wir Sie über die wichtigsten Aspekte der Datenverarbeitung im Rahmen unserer Website.</p>
<p>Beim Besuch unserer Webseite wird Ihre IP-Adresse, Beginn und Ende der Sitzung für die Dauer dieser Sitzung erfasst. Dies ist technisch bedingt und stellt damit ein berechtigtes Interesse iSv Art 6 Abs 1 lit f DSGVO dar. Soweit im Folgenden nichts anderes geregelt wird, werden diese Daten von uns nicht weiterverarbeitet.</p>
<h2>Kontakt mit uns</h2>
<p>Wenn Sie per Formular auf der Website oder per E-Mail Kontakt mit uns aufnehmen, werden Ihre angegebenen Daten zwecks Bearbeitung der Anfrage und für den Fall von Anschlussfragen sechs Monate bei uns gespeichert. Diese Daten geben wir nicht ohne Ihre Einwilligung weiter.</p>
<h2>Cookies</h2>
<p>Unsere Website verwendet derzeit keine Cookies.</p>
<h2>Einbindung von Diensten und Inhalten Dritter</h2>
<p>Es ist möglich, dass auf unserem Onlineangebot Inhalte Dritter eingebunden werden. Das können zum Beispiel Videos von YouTube, Bilder, Tonmaterial oder andere Inhalte von anderen Webseiten sein. Dies setzt immer voraus, dass die Drittanbieter dieser Inhalte, die IP-Adresse der Nutzer wahrnehmen, da sie ohne die IP-Adresse die Inhalte nicht an deren Browser übermitteln können. Die IP-Adresse ist damit für die Darstellung dieser Inhalte erforderlich. Wir haben keinen Einfluss darauf, falls die Dritt-Anbieter die IP-Adresse für statistische Zwecke oder für eine andere Verwendung speichern.</p>
<h2>Youtube</h2>
<p>Wir binden Videos der Plattform “YouTube” des Anbieters Google LLC, 1600 Amphitheatre Parkway, Mountain View, CA 94043, USA, ein. Datenschutzerklärung: <a href="https://www.google.com/policies/privacy/" target="_blank" rel="nofollow noopener noreferrer">https://www.google.com/policies/privacy/</a>, Opt-Out: <a href="https://adssettings.google.com/authenticated" target="_blank" rel="nofollow noopener noreferrer">https://adssettings.google.com/authenticated</a>.</p>
<h2>Web-Analyse</h2>
<p>Unsere Website verwendet derzeit keine Webanalyse.</p>
<h2>Ihre Rechte</h2>
<p>Ihnen stehen bezüglich Ihrer bei uns gespeicherten Daten grundsätzlich die Rechte auf Auskunft, Berichtigung, Löschung, Einschränkung, Datenübertragbarkeit, Widerruf und Widerspruch zu. Wenn Sie glauben, dass die Verarbeitung Ihrer Daten gegen das Datenschutzrecht verstößt oder Ihre datenschutzrechtlichen Ansprüche sonst in einer Weise verletzt worden sind, können Sie sich bei der uns [E-Mail-Adresse abgeben] oder der Datenschutzbehörde beschweren.<br />
Sie erreichen uns unter folgenden Kontaktdaten:<br />
Verein zur Organisation des Familienfest Igls-Vill<br />
Monika Astenwald<br />
familienfestiglsvill@gmail.com<br />
+43 676 6025008</p>

<p>In dieser Datenschutzerklärung klärt der , Nutzer über die Art, den Umfang und Zwecke der Erhebung und Verwendung personenbezogener Daten zur Nutzung dieser Webseite auf. Sie gilt nur für die Inhalte auf dem Server des viv.tirol und umfasst nicht die auf unserer Seite verlinkten Webseiten. Der Schutz Ihrer persönlichen Daten ist uns ein besonderes Anliegen.&hellip;&nbsp;<a href="https://viv.tirol/familienfest/datenschutz/" rel="bookmark">Mehr lesen &raquo;<span class="screen-reader-text">Datenschutz</span></a></p>
